{"text_format":"2","workbook":"xlsx","n_sheets":25,"sheets":["Cover","Contents","Dates1","DataPack","Table 1","Table 2","Table 2a","Table 2b","Table 2c","Table 2d","Table 2e","Table 2f","Table 2g","Table 2h","Table 2i","Table 2j","Table 2k","Table 3","Chart 1","Chart 2","Chart 3","Chart 3a","Chart 3b","Chart 4","Chart 5"],"not_rendered":{"charts":16,"images":1,"macros":0,"external_links":3,"defined_names":21,"comments":0,"pivot_tables":0},"unopened":[],"bounds":{"document_bytes":16777216,"sheet_cells":100000,"run_cost":"one","rows_first":2000,"rows_last":500,"rows_between":2000,"halvings":0,"cell_chars":16384,"cell_head_chars":4096},"cells_cut":0,"cells_raw":0,"read":"whole","date_system":"1900"}

{"sheet":"Cover","index":0,"n_rows":33,"n_cols":3,"rows_kept":33,"cut":false,"hidden":false,"merged":[[12,2,15,2],[12,1,15,1],[5,1,5,2],[27,1,27,2]]}
[]
[]
[]
[]
[]
[null,"Official Statistics Release"]
[null,"Policy area:","Learning and skills inspections and outcomes"]
[null,"Theme:","Education, children's services and skills"]
[null,"Published on:","27 November 2012"]
[null,"Coverage:","England"]
[null,"Period covered:","1 September 2011 to 31 August 2012"]
[null,"Status:","Final"]
[null,"Issued by:","Office for Standards in Education, Children's Services and Skills (Ofsted)\n125 Kingsway\nLondon\nWC2B 6SE"]
[]
[]
[]
[null,"Responsible director:","Matthew Coffey"]
[null,"Responsible statistician:","Jo Parkman"]
[null,"Public enquiries:","enquiries@ofsted.gov.uk"]
[null,"Press enquiries:","pressenquiries@ofsted.gov.uk"]
[null,"Link to official statistics release web page:","http://www.ofsted.gov.uk/publications/20110009"]
[null,"Publication medium:","Ofsted website"]
[null,"Publication frequency:","Quarterly"]
[]
[]
[null,"© Crown copyright"]
[]
[null,"You may use and re-use this information (not including logos) free of charge in any format or medium, under the terms of the Open Government Licence. "]
[null,"To view this licence, visit:"]
[null,"http://www.nationalarchives.gov.uk/doc/open-government-licence/"]
[null,"Or write to the Information Policy Team, The National Archives, Kew, London, TW9 4DU"]
[null,"Or email:"]
[null,"psi@nationalarchives.gsi.gov.uk"]

{"sheet":"Contents","index":1,"n_rows":48,"n_cols":2,"rows_kept":48,"cut":false,"hidden":false,"merged":[[33,1,33,6],[34,1,34,7],[21,1,21,15],[21,16,21,21],[23,1,23,15],[31,16,31,21],[31,1,31,15],[5,1,5,15],[9,1,9,15],[9,16,9,21],[11,1,11,15],[7,1,7,15],[13,1,13,15],[15,1,15,15],[37,1,37,16],[15,16,15,21],[37,17,37,21],[23,16,23,20],[27,1,27,15],[27,16,27,20],[29,1,29,15],[29,16,29,21],[35,1,35,16]]}
[]
[null,"Contents"]
[]
[null,"Tables"]
[]
[null,"Table 1: Number of learning and skills providers inspected between 1 September 2011 and 31 August 2012, by provider and inspection type (final)"]
[]
[null,"Table 2: Inspection outcomes of learning and skills providers inspected between 1 September 2011 and 31 August 2012 (final)"]
[]
[null,"Table 2a: Inspection outcomes of colleges inspected between 1 September 2011 and 31 August 2012 (final)"]
[]
[null,"Table 2b: Inspection outcomes of general further education colleges/tertiary colleges inspected between 1 September 2011 and 31 August 2012 (final)"]
[]
[null,"Table 2c: Inspection outcomes of sixth form colleges inspected between 1 September 2011 and 31 August 2012 (final)"]
[]
[null,"Table 2d: Inspection outcomes of independent specialist colleges inspected between 1 September 2011 and 31 August 2012 (final)"]
[]
[null,"Table 2e: Inspection outcomes of further education in higher education institutions inspected between 1 September 2011 and 31 August 2012 (final)"]
[]
[null,"Table 2f: Inspection outcomes of Dance and darama awards schemes in colleges inspected between 1 September 2011 and 31 August 2012 (final)"]
[]
[null,"Table 2g: Inspection outcomes of independent learning providers inspected between 1 September 2011 and 31 August 2012 (final)"]
[]
[null,"Table 2h: Inspection outcomes of adult and community learning providers inspected between 1 September 2011 and 31 August 2012 (final)"]
[]
[null,"Table 2i: Inspection outcomes of Next Step providers inspected between 1 September 2011 and 31 August 2012 (final)"]
[]
[null,"Table 2j: Inspection outcomes of prison and young offender institutions inspected between 1 September 2011 and 31 August 2012 (final)"]
[]
[null,"Table 2k: Inspection outcomes of probation trusts inspected between 1 September 2011 and 31 August 2012 (final)"]
[]
[null,"Table 3: Learning and skills providers judged inadequate between 1 September 2011 and 31 August 2012 (final)"]
[]
[null,"Charts"]
[]
[null,"Chart 1: Overall effectiveness of learning and skills providers inspected between 1 September 2011 and 31 August 2012 (final)"]
[]
[null,"Chart 2: Key inspection judgements of learning and skills providers inspected between 1 September 2011 and 31 August 2012 (final)"]
[]
[null,"Chart 3: Overall effectiveness of colleges inspected between 1 September 2005 and 31 August 2012, by academic year (final)"]
[]
[null,"Chart 3a: Overall effectiveness of independent learning providers inspected between 1 September 2007 and 31 August 2012, by academic year (final)"]
[]
[null,"Chart 3b: Overall effectiveness of adult and community learning providers inspected between 1 September 2007 and 31 August 2012, by academic year (final)"]
[]
[null,"Chart 4: Overall effectiveness of learning and skills providers inspected at 31 August 2012 (final)"]
[]
[null,"Chart 5: Most recent overall effectiveness of learning and skills providers inspected at 31 August 2012 compared to the most recent overall effectiveness at 31 August 2011 (final)"]

{"sheet":"Dates1","index":2,"n_rows":294,"n_cols":3,"rows_kept":294,"cut":false,"hidden":true,"merged":[]}
[]
[]
[null,"1 September 2011 and 31 August 2012"]
[null,"January 2011"]
[null,"February 2011"]
[null,"March 2011"]
[]
[]
[null,"1 September 2009","30 September 2009"]
[null,"1 October 2009","31 October 2009"]
[null,"1 November 2009","30 November 2009"]
[null,"1 December 2009","31 December 2009"]
[null,"1 January 2010","31 January 2010"]
[null,"1 February 2010","28 February 2010"]
[null,"1 March 2010","31 March 2010"]
[null,"1 April 2010","30 April 2010"]
[null,"1 May 2010","31 May 2010"]
[null,"1 June 2010","30 June 2010"]
[null,"1 July 2010","31 July 2010"]
[null,"1 August 2010","31 August 2010"]
{"$rows_empty":19}
[null,1,{"$f":"CHAR(B40)","v":"\u0001"}]
[null,2,"\u0002"]
[null,3,"\u0003"]
[null,4,"\u0004"]
[null,5,"\u0005"]
[null,6,"\u0006"]
[null,7,"\u0007"]
[null,8,"\b"]
[null,9,"\t"]
[null,10,"\n"]
[null,11,"\u000b"]
[null,12,"\f"]
[null,13,"\r"]
[null,14,"\u000e"]
[null,15,"\u000f"]
[null,16,"\u0010"]
[null,17,"\u0011"]
[null,18,"\u0012"]
[null,19,"\u0013"]
[null,20,"\u0014"]
[null,21,"\u0015"]
[null,22,"\u0016"]
[null,23,"\u0017"]
[null,24,"\u0018"]
[null,25,"\u0019"]
[null,26,"\u001a"]
[null,27,"\u001b"]
[null,28,"\u001c"]
[null,29,"\u001d"]
[null,30,"\u001e"]
[null,31,"\u001f"]
[null,32," "]
[null,33,"!"]
[null,34,"\""]
[null,35,"#"]
[null,36,"$"]
[null,37,"%"]
[null,38,"&"]
[null,39,"'"]
[null,40,"("]
[null,41,")"]
[null,42,"*"]
[null,43,"+"]
[null,44,","]
[null,45,"-"]
[null,46,"."]
[null,47,"/"]
[null,48,"0"]
[null,49,"1"]
[null,50,"2"]
[null,51,"3"]
[null,52,"4"]
[null,53,"5"]
[null,54,"6"]
[null,55,"7"]
[null,56,"8"]
[null,57,"9"]
[null,58,":"]
[null,59,";"]
[null,60,"<"]
[null,61,"="]
[null,62,">"]
[null,63,"?"]
[null,64,"@"]
[null,65,{"$f":"CHAR(B104)","v":"A"}]
[null,66,"B"]
[null,67,"C"]
[null,68,"D"]
[null,69,"E"]
[null,70,"F"]
[null,71,"G"]
[null,72,"H"]
[null,73,"I"]
[null,74,"J"]
[null,75,"K"]
[null,76,"L"]
[null,77,"M"]
[null,78,"N"]
[null,79,"O"]
[null,80,"P"]
[null,81,"Q"]
[null,82,"R"]
[null,83,"S"]
[null,84,"T"]
[null,85,"U"]
[null,86,"V"]
[null,87,"W"]
[null,88,"X"]
[null,89,"Y"]
[null,90,"Z"]
[null,91,"["]
[null,92,"\\"]
[null,93,"]"]
[null,94,"^"]
[null,95,"_"]
[null,96,"`"]
[null,97,"a"]
[null,98,"b"]
[null,99,"c"]
[null,100,"d"]
[null,101,"e"]
[null,102,"f"]
[null,103,"g"]
[null,104,"h"]
[null,105,"i"]
[null,106,"j"]
[null,107,"k"]
[null,108,"l"]
[null,109,"m"]
[null,110,"n"]
[null,111,"o"]
[null,112,"p"]
[null,113,"q"]
[null,114,"r"]
[null,115,"s"]
[null,116,"t"]
[null,117,"u"]
[null,118,"v"]
[null,119,"w"]
[null,120,"x"]
[null,121,"y"]
[null,122,"z"]
[null,123,"{"]
[null,124,"|"]
[null,125,"}"]
[null,126,"~"]
[null,127,"\u007f"]
[null,128,"€"]
[null,129,{"$f":"CHAR(B168)","v":"\u0081"}]
[null,130,"‚"]
[null,131,"ƒ"]
[null,132,"„"]
[null,133,"…"]
[null,134,"†"]
[null,135,"‡"]
[null,136,"ˆ"]
[null,137,"‰"]
[null,138,"Š"]
[null,139,"‹"]
[null,140,"Œ"]
[null,141,"\u008d"]
[null,142,"Ž"]
[null,143,"\u008f"]
[null,144,"\u0090"]
[null,145,"‘"]
[null,146,"’"]
[null,147,"“"]
[null,148,"”"]
[null,149,"•"]
[null,150,"–"]
[null,151,"—"]
[null,152,"˜"]
[null,153,"™"]
[null,154,"š"]
[null,155,"›"]
[null,156,"œ"]
[null,157,"\u009d"]
[null,158,"ž"]
[null,159,"Ÿ"]
[null,160," "]
[null,161,"¡"]
[null,162,"¢"]
[null,163,"£"]
[null,164,"¤"]
[null,165,"¥"]
[null,166,"¦"]
[null,167,"§"]
[null,168,"¨"]
[null,169,"©"]
[null,170,"ª"]
[null,171,"«"]
[null,172,"¬"]
[null,173,"­"]
[null,174,"®"]
[null,175,"¯"]
[null,176,"°"]
[null,177,"±"]
[null,178,"²"]
[null,179,"³"]
[null,180,"´"]
[null,181,"µ"]
[null,182,"¶"]
[null,183,"·"]
[null,184,"¸"]
[null,185,"¹"]
[null,186,"º"]
[null,187,"»"]
[null,188,"¼"]
[null,189,"½"]
[null,190,"¾"]
[null,191,"¿"]
[null,192,"À"]
[null,193,{"$f":"CHAR(B232)","v":"Á"}]
[null,194,"Â"]
[null,195,"Ã"]
[null,196,"Ä"]
[null,197,"Å"]
[null,198,"Æ"]
[null,199,"Ç"]
[null,200,"È"]
[null,201,"É"]
[null,202,"Ê"]
[null,203,"Ë"]
[null,204,"Ì"]
[null,205,"Í"]
[null,206,"Î"]
[null,207,"Ï"]
[null,208,"Ð"]
[null,209,"Ñ"]
[null,210,"Ò"]
[null,211,"Ó"]
[null,212,"Ô"]
[null,213,"Õ"]
[null,214,"Ö"]
[null,215,"×"]
[null,216,"Ø"]
[null,217,"Ù"]
[null,218,"Ú"]
[null,219,"Û"]
[null,220,"Ü"]
[null,221,"Ý"]
[null,222,"Þ"]
[null,223,"ß"]
[null,224,"à"]
[null,225,"á"]
[null,226,"â"]
[null,227,"ã"]
[null,228,"ä"]
[null,229,"å"]
[null,230,"æ"]
[null,231,"ç"]
[null,232,"è"]
[null,233,"é"]
[null,234,"ê"]
[null,235,"ë"]
[null,236,"ì"]
[null,237,"í"]
[null,238,"î"]
[null,239,"ï"]
[null,240,"ð"]
[null,241,"ñ"]
[null,242,"ò"]
[null,243,"ó"]
[null,244,"ô"]
[null,245,"õ"]
[null,246,"ö"]
[null,247,"÷"]
[null,248,"ø"]
[null,249,"ù"]
[null,250,"ú"]
[null,251,"û"]
[null,252,"ü"]
[null,253,"ý"]
[null,254,"þ"]
[null,255,"ÿ"]

{"sheet":"DataPack","index":3,"n_rows":452,"n_cols":37,"rows_kept":452,"cut":false,"hidden":true,"merged":[]}
["Table1","Quarter",{"$nulls":8},"Month1",{"$nulls":8},"Month2",{"$nulls":8},"Month3"]
[null,"All L&S","All colleges","HEI","DaDa","ILP","ACL","Next Step","Prison","Probation","All L&S","All colleges","HEI","DaDa","ILP","ACL","Next Step","Prison","Probation","All L&S","All colleges","HEI","DaDa","ILP","ACL","Next Step","Prison","Probation","All L&S","All colleges","HEI","DaDa","ILP","ACL","Next Step","Prison","Probation"]
["Full inspections",300,68,7,16,122,62,2,17,6,0,0,0,0,0,0,0,0,0,0,0,0,0,0,0,0,0,0,0,0,0,0,0,0,0,0,0]
["Re-inspections",9,2,0,0,6,1,0,0,0,0,0,0,0,0,0,0,0,0,0,0,0,0,0,0,0,0,0,0,0,0,0,0,0,0,0,0]
["Focused monitoring visits",123,41,0,0,55,22,5,0,0,0,0,0,0,0,0,0,0,0,0,0,0,0,0,0,0,0,0,0,0,0,0,0,0,0,0,0]
["Re-inspection monitoring visits",35,20,0,0,11,4,0,0,0,0,0,0,0,0,0,0,0,0,0,0,0,0,0,0,0,0,0,0,0,0,0,0,0,0,0,0]
["Partial re-inspections",16,14,0,0,1,1,0,0,0,0,0,0,0,0,0,0,0,0,0,0,0,0,0,0,0,0,0,0,0,0,0,0,0,0,0,0]
["Full/short unannounced prison inspections",0,0,0,0,0,0,0,0,0,0,0,0,0,0,0,0,0,0,0,0,0,0,0,0,0,0,0,0,0,0,0,0,0,0,0,0]
[]
["Table2 All learning and skills","Quarter",{"$nulls":4},"Month1",{"$nulls":4},"Month2",{"$nulls":4},"Month3"]
[null,"Outstanding","Good","Satisfactory","Inadequate","Total","Outstanding","Good","Satisfactory","Inadequate","Total","Outstanding","Good","Satisfactory","Inadequate","Total","Outstanding","Good","Satisfactory","Inadequate","Total"]
["Overall effectiveness",16,122,94,29,261,0,0,0,0,0,0,0,0,0,0,0,0,0,0,0]
["Capacity to improve",14,120,96,26,256,0,0,0,0,0,0,0,0,0,0,0,0,0,0,0]
["A. Outcomes for learners",22,118,99,22,261,0,0,0,0,0,0,0,0,0,0,0,0,0,0,0]
["A1. How well do learners achieve and enjoy their learning",24,114,97,21,256,0,0,0,0,0,0,0,0,0,0,0,0,0,0,0]
["A1.a) How well do learners attain their learning goals",25,96,109,26,256,0,0,0,0,0,0,0,0,0,0,0,0,0,0,0]
["A1.b) How well do learners progress?",21,126,92,17,256,0,0,0,0,0,0,0,0,0,0,0,0,0,0,0]
["A2. How well do learners improve their economic and social well-being through learning and development?",32,160,55,9,256,0,0,0,0,0,0,0,0,0,0,0,0,0,0,0]
["A3. How safe do learners feel?",40,167,49,0,256,0,0,0,0,0,0,0,0,0,0,0,0,0,0,0]
["A4. Are learners able to make informed choices about their own health and well being?*",14,85,48,0,147,0,0,0,0,0,0,0,0,0,0,0,0,0,0,0]
["A5. How well do learners make a positive contribution to the community?*",25,81,32,2,140,0,0,0,0,0,0,0,0,0,0,0,0,0,0,0]
["B. Quality of provision",16,136,96,8,256,0,0,0,0,0,0,0,0,0,0,0,0,0,0,0]
["B1. How effectively do teaching, training and assessment support learning and development?",9,138,106,8,261,0,0,0,0,0,0,0,0,0,0,0,0,0,0,0]
["B2. How effectively does the provision meet the needs and interests of users?",42,139,72,3,256,0,0,0,0,0,0,0,0,0,0,0,0,0,0,0]
["B3. How well do partnerships with schools, employers, community groups and others lead to benefits for learners?",59,144,50,3,256,0,0,0,0,0,0,0,0,0,0,0,0,0,0,0]
["B4. How effective are the care, guidance and support learners receive in helping them to achieve?",26,149,73,8,256,0,0,0,0,0,0,0,0,0,0,0,0,0,0,0]
["C. Leadership and management",17,125,92,27,261,0,0,0,0,0,0,0,0,0,0,0,0,0,0,0]
["C1. How effectively do leaders and managers raise expectations and promote ambition throughout the organisation?",42,123,68,23,256,0,0,0,0,0,0,0,0,0,0,0,0,0,0,0]
["C2. How effectively do governors and supervisory bodies provide leadership, direction and challenge?*",17,70,52,14,153,0,0,0,0,0,0,0,0,0,0,0,0,0,0,0]
["C3. Safeguarding",31,143,77,5,256,0,0,0,0,0,0,0,0,0,0,0,0,0,0,0]
["C4. Equality and diversity",10,117,121,8,256,0,0,0,0,0,0,0,0,0,0,0,0,0,0,0]
["C5. How effectively does the provider engage with users to support and promote improvement?",26,125,98,7,256,0,0,0,0,0,0,0,0,0,0,0,0,0,0,0]
["C6. How effectively does self-assessment improve the quality of the provision and outcomes for learners?",11,100,109,36,256,0,0,0,0,0,0,0,0,0,0,0,0,0,0,0]
["C7. How efficiently and effectively does the provider use its available resources to secure value for money?",29,122,87,18,256,0,0,0,0,0,0,0,0,0,0,0,0,0,0,0]
[]
["Table2a all colleges","Quarter",{"$nulls":4},"Month1",{"$nulls":4},"Month2",{"$nulls":4},"Month3"]
[null,"Outstanding","Good","Satisfactory","Inadequate","Total","Outstanding","Good","Satisfactory","Inadequate","Total","Outstanding","Good","Satisfactory","Inadequate","Total","Outstanding","Good","Satisfactory","Inadequate","Total"]
["Overall effectiveness",4,23,30,13,70,0,0,0,0,0,0,0,0,0,0,0,0,0,0,0]
["Capacity to improve",4,25,28,10,67,0,0,0,0,0,0,0,0,0,0,0,0,0,0,0]
["A. Outcomes for learners",4,18,38,10,70,0,0,0,0,0,0,0,0,0,0,0,0,0,0,0]
["A1. How well do learners achieve and enjoy their learning",4,18,36,9,67,0,0,0,0,0,0,0,0,0,0,0,0,0,0,0]
["A1.a) How well do learners attain their learning goals",3,18,32,14,67,0,0,0,0,0,0,0,0,0,0,0,0,0,0,0]
["A1.b) How well do learners progress?",2,24,36,5,67,0,0,0,0,0,0,0,0,0,0,0,0,0,0,0]
["A2. How well do learners improve their economic and social well-being through learning and development?",7,32,23,5,67,0,0,0,0,0,0,0,0,0,0,0,0,0,0,0]
["A3. How safe do learners feel?",17,44,6,0,67,0,0,0,0,0,0,0,0,0,0,0,0,0,0,0]
["A4. Are learners able to make informed choices about their own health and well being?*",8,36,21,0,65,0,0,0,0,0,0,0,0,0,0,0,0,0,0,0]
["A5. How well do learners make a positive contribution to the community?*",15,34,15,1,65,0,0,0,0,0,0,0,0,0,0,0,0,0,0,0]
["B. Quality of provision",5,26,33,3,67,0,0,0,0,0,0,0,0,0,0,0,0,0,0,0]
["B1. How effectively do teaching, training and assessment support learning and development?",0,31,36,3,70,0,0,0,0,0,0,0,0,0,0,0,0,0,0,0]
["B2. How effectively does the provision meet the needs and interests of users?",8,34,25,0,67,0,0,0,0,0,0,0,0,0,0,0,0,0,0,0]
["B3. How well do partnerships with schools, employers, community groups and others lead to benefits for learners?",25,32,10,0,67,0,0,0,0,0,0,0,0,0,0,0,0,0,0,0]
["B4. How effective are the care, guidance and support learners receive in helping them to achieve?",7,32,24,4,67,0,0,0,0,0,0,0,0,0,0,0,0,0,0,0]
["C. Leadership and management",4,27,26,13,70,0,0,0,0,0,0,0,0,0,0,0,0,0,0,0]
["C1. How effectively do leaders and managers raise expectations and promote ambition throughout the organisation?",8,32,15,12,67,0,0,0,0,0,0,0,0,0,0,0,0,0,0,0]
["C2. How effectively do governors and supervisory bodies provide leadership, direction and challenge?*",7,31,20,9,67,0,0,0,0,0,0,0,0,0,0,0,0,0,0,0]
["C3. Safeguarding",15,35,14,3,67,0,0,0,0,0,0,0,0,0,0,0,0,0,0,0]
["C4. Equality and diversity",1,31,33,2,67,0,0,0,0,0,0,0,0,0,0,0,0,0,0,0]
["C5. How effectively does the provider engage with users to support and promote improvement?",12,27,28,0,67,0,0,0,0,0,0,0,0,0,0,0,0,0,0,0]
["C6. How effectively does self-assessment improve the quality of the provision and outcomes for learners?",3,20,29,15,67,0,0,0,0,0,0,0,0,0,0,0,0,0,0,0]
["C7. How efficiently and effectively does the provider use its available resources to secure value for money?",6,25,28,8,67,0,0,0,0,0,0,0,0,0,0,0,0,0,0,0]
[]
["Table2b GFEC/TC","Quarter",{"$nulls":4},"Month1",{"$nulls":4},"Month2",{"$nulls":4},"Month3"]
[null,"Outstanding","Good","Satisfactory","Inadequate","Total","Outstanding","Good","Satisfactory","Inadequate","Total","Outstanding","Good","Satisfactory","Inadequate","Total","Outstanding","Good","Satisfactory","Inadequate","Total"]
["Overall effectiveness",2,14,22,7,45,0,0,0,0,0,0,0,0,0,0,0,0,0,0,0]
["Capacity to improve",2,15,20,6,43,0,0,0,0,0,0,0,0,0,0,0,0,0,0,0]
["A. Outcomes for learners",2,9,28,6,45,0,0,0,0,0,0,0,0,0,0,0,0,0,0,0]
["A1. How well do learners achieve and enjoy their learning",2,9,26,6,43,0,0,0,0,0,0,0,0,0,0,0,0,0,0,0]
["A1.a) How well do learners attain their learning goals",1,8,25,9,43,0,0,0,0,0,0,0,0,0,0,0,0,0,0,0]
["A1.b) How well do learners progress?",1,14,26,2,43,0,0,0,0,0,0,0,0,0,0,0,0,0,0,0]
["A2. How well do learners improve their economic and social well-being through learning and development?",3,24,13,3,43,0,0,0,0,0,0,0,0,0,0,0,0,0,0,0]
["A3. How safe do learners feel?",10,29,4,0,43,0,0,0,0,0,0,0,0,0,0,0,0,0,0,0]
["A4. Are learners able to make informed choices about their own health and well being?*",3,26,12,0,41,0,0,0,0,0,0,0,0,0,0,0,0,0,0,0]
["A5. How well do learners make a positive contribution to the community?*",7,26,8,0,41,0,0,0,0,0,0,0,0,0,0,0,0,0,0,0]
["B. Quality of provision",2,17,22,2,43,0,0,0,0,0,0,0,0,0,0,0,0,0,0,0]
["B1. How effectively do teaching, training and assessment support learning and development?",0,18,25,2,45,0,0,0,0,0,0,0,0,0,0,0,0,0,0,0]
["B2. How effectively does the provision meet the needs and interests of users?",3,26,14,0,43,0,0,0,0,0,0,0,0,0,0,0,0,0,0,0]
["B3. How well do partnerships with schools, employers, community groups and others lead to benefits for learners?",18,22,3,0,43,0,0,0,0,0,0,0,0,0,0,0,0,0,0,0]
["B4. How effective are the care, guidance and support learners receive in helping them to achieve?",2,21,16,4,43,0,0,0,0,0,0,0,0,0,0,0,0,0,0,0]
["C. Leadership and management",2,18,18,7,45,0,0,0,0,0,0,0,0,0,0,0,0,0,0,0]
["C1. How effectively do leaders and managers raise expectations and promote ambition throughout the organisation?",5,22,9,7,43,0,0,0,0,0,0,0,0,0,0,0,0,0,0,0]
["C2. How effectively do governors and supervisory bodies provide leadership, direction and challenge?*",4,22,12,5,43,0,0,0,0,0,0,0,0,0,0,0,0,0,0,0]
["C3. Safeguarding",9,25,7,2,43,0,0,0,0,0,0,0,0,0,0,0,0,0,0,0]
["C4. Equality and diversity",0,22,21,0,43,0,0,0,0,0,0,0,0,0,0,0,0,0,0,0]
["C5. How effectively does the provider engage with users to support and promote improvement?",6,21,16,0,43,0,0,0,0,0,0,0,0,0,0,0,0,0,0,0]
["C6. How effectively does self-assessment improve the quality of the provision and outcomes for learners?",1,14,19,9,43,0,0,0,0,0,0,0,0,0,0,0,0,0,0,0]
["C7. How efficiently and effectively does the provider use its available resources to secure value for money?",3,17,19,4,43,0,0,0,0,0,0,0,0,0,0,0,0,0,0,0]
[]
["Table2c SFC","Quarter",{"$nulls":4},"Month1",{"$nulls":4},"Month2",{"$nulls":4},"Month3"]
[null,"Outstanding","Good","Satisfactory","Inadequate","Total","Outstanding","Good","Satisfactory","Inadequate","Total","Outstanding","Good","Satisfactory","Inadequate","Total","Outstanding","Good","Satisfactory","Inadequate","Total"]
["Overall effectiveness",0,5,4,4,13,0,0,0,0,0,0,0,0,0,0,0,0,0,0,0]
["Capacity to improve",0,6,4,2,12,0,0,0,0,0,0,0,0,0,0,0,0,0,0,0]
["A. Outcomes for learners",0,5,4,4,13,0,0,0,0,0,0,0,0,0,0,0,0,0,0,0]
["A1. How well do learners achieve and enjoy their learning",0,5,4,3,12,0,0,0,0,0,0,0,0,0,0,0,0,0,0,0]
["A1.a) How well do learners attain their learning goals",0,5,2,5,12,0,0,0,0,0,0,0,0,0,0,0,0,0,0,0]
["A1.b) How well do learners progress?",0,5,4,3,12,0,0,0,0,0,0,0,0,0,0,0,0,0,0,0]
["A2. How well do learners improve their economic and social well-being through learning and development?",2,4,4,2,12,0,0,0,0,0,0,0,0,0,0,0,0,0,0,0]
["A3. How safe do learners feel?",5,7,0,0,12,0,0,0,0,0,0,0,0,0,0,0,0,0,0,0]
["A4. Are learners able to make informed choices about their own health and well being?*",2,7,3,0,12,0,0,0,0,0,0,0,0,0,0,0,0,0,0,0]
["A5. How well do learners make a positive contribution to the community?*",3,5,3,1,12,0,0,0,0,0,0,0,0,0,0,0,0,0,0,0]
["B. Quality of provision",1,5,6,0,12,0,0,0,0,0,0,0,0,0,0,0,0,0,0,0]
["B1. How effectively do teaching, training and assessment support learning and development?",0,7,6,0,13,0,0,0,0,0,0,0,0,0,0,0,0,0,0,0]
["B2. How effectively does the provision meet the needs and interests of users?",3,5,4,0,12,0,0,0,0,0,0,0,0,0,0,0,0,0,0,0]
["B3. How well do partnerships with schools, employers, community groups and others lead to benefits for learners?",4,5,3,0,12,0,0,0,0,0,0,0,0,0,0,0,0,0,0,0]
["B4. How effective are the care, guidance and support learners receive in helping them to achieve?",2,4,6,0,12,0,0,0,0,0,0,0,0,0,0,0,0,0,0,0]
["C. Leadership and management",0,5,4,4,13,0,0,0,0,0,0,0,0,0,0,0,0,0,0,0]
["C1. How effectively do leaders and managers raise expectations and promote ambition throughout the organisation?",1,6,2,3,12,0,0,0,0,0,0,0,0,0,0,0,0,0,0,0]
["C2. How effectively do governors and supervisory bodies provide leadership, direction and challenge?*",1,5,5,1,12,0,0,0,0,0,0,0,0,0,0,0,0,0,0,0]
["C3. Safeguarding",4,4,4,0,12,0,0,0,0,0,0,0,0,0,0,0,0,0,0,0]
["C4. Equality and diversity",1,4,7,0,12,0,0,0,0,0,0,0,0,0,0,0,0,0,0,0]
["C5. How effectively does the provider engage with users to support and promote improvement?",3,3,6,0,12,0,0,0,0,0,0,0,0,0,0,0,0,0,0,0]
["C6. How effectively does self-assessment improve the quality of the provision and outcomes for learners?",0,3,6,3,12,0,0,0,0,0,0,0,0,0,0,0,0,0,0,0]
["C7. How efficiently and effectively does the provider use its available resources to secure value for money?",1,4,5,2,12,0,0,0,0,0,0,0,0,0,0,0,0,0,0,0]
[]
["Table2d ISC","Quarter",{"$nulls":4},"Month1",{"$nulls":4},"Month2",{"$nulls":4},"Month3"]
[null,"Outstanding","Good","Satisfactory","Inadequate","Total","Outstanding","Good","Satisfactory","Inadequate","Total","Outstanding","Good","Satisfactory","Inadequate","Total","Outstanding","Good","Satisfactory","Inadequate","Total"]
["Overall effectiveness",2,4,4,2,12,0,0,0,0,0,0,0,0,0,0,0,0,0,0,0]
["Capacity to improve",2,4,4,2,12,0,0,0,0,0,0,0,0,0,0,0,0,0,0,0]
["A. Outcomes for learners",2,4,6,0,12,0,0,0,0,0,0,0,0,0,0,0,0,0,0,0]
["A1. How well do learners achieve and enjoy their learning",2,4,6,0,12,0,0,0,0,0,0,0,0,0,0,0,0,0,0,0]
["A1.a) How well do learners attain their learning goals",2,5,5,0,12,0,0,0,0,0,0,0,0,0,0,0,0,0,0,0]
["A1.b) How well do learners progress?",1,5,6,0,12,0,0,0,0,0,0,0,0,0,0,0,0,0,0,0]
["A2. How well do learners improve their economic and social well-being through learning and development?",2,4,6,0,12,0,0,0,0,0,0,0,0,0,0,0,0,0,0,0]
["A3. How safe do learners feel?",2,8,2,0,12,0,0,0,0,0,0,0,0,0,0,0,0,0,0,0]
["A4. Are learners able to make informed choices about their own health and well being?*",3,3,6,0,12,0,0,0,0,0,0,0,0,0,0,0,0,0,0,0]
["A5. How well do learners make a positive contribution to the community?*",5,3,4,0,12,0,0,0,0,0,0,0,0,0,0,0,0,0,0,0]
["B. Quality of provision",2,4,5,1,12,0,0,0,0,0,0,0,0,0,0,0,0,0,0,0]
["B1. How effectively do teaching, training and assessment support learning and development?",0,6,5,1,12,0,0,0,0,0,0,0,0,0,0,0,0,0,0,0]
["B2. How effectively does the provision meet the needs and interests of users?",2,3,7,0,12,0,0,0,0,0,0,0,0,0,0,0,0,0,0,0]
["B3. How well do partnerships with schools, employers, community groups and others lead to benefits for learners?",3,5,4,0,12,0,0,0,0,0,0,0,0,0,0,0,0,0,0,0]
["B4. How effective are the care, guidance and support learners receive in helping them to achieve?",3,7,2,0,12,0,0,0,0,0,0,0,0,0,0,0,0,0,0,0]
["C. Leadership and management",2,4,4,2,12,0,0,0,0,0,0,0,0,0,0,0,0,0,0,0]
["C1. How effectively do leaders and managers raise expectations and promote ambition throughout the organisation?",2,4,4,2,12,0,0,0,0,0,0,0,0,0,0,0,0,0,0,0]
["C2. How effectively do governors and supervisory bodies provide leadership, direction and challenge?*",2,4,3,3,12,0,0,0,0,0,0,0,0,0,0,0,0,0,0,0]
["C3. Safeguarding",2,6,3,1,12,0,0,0,0,0,0,0,0,0,0,0,0,0,0,0]
["C4. Equality and diversity",0,5,5,2,12,0,0,0,0,0,0,0,0,0,0,0,0,0,0,0]
["C5. How effectively does the provider engage with users to support and promote improvement?",3,3,6,0,12,0,0,0,0,0,0,0,0,0,0,0,0,0,0,0]
["C6. How effectively does self-assessment improve the quality of the provision and outcomes for learners?",2,3,4,3,12,0,0,0,0,0,0,0,0,0,0,0,0,0,0,0]
["C7. How efficiently and effectively does the provider use its available resources to secure value for money?",2,4,4,2,12,0,0,0,0,0,0,0,0,0,0,0,0,0,0,0]
[]
["Table2e HEI","Quarter",{"$nulls":4},"Month1",{"$nulls":4},"Month2",{"$nulls":4},"Month3"]
[null,"Outstanding","Good","Satisfactory","Inadequate","Total","Outstanding","Good","Satisfactory","Inadequate","Total","Outstanding","Good","Satisfactory","Inadequate","Total","Outstanding","Good","Satisfactory","Inadequate","Total"]
["Overall effectiveness",3,3,1,0,7,0,0,0,0,0,0,0,0,0,0,0,0,0,0,0]
["Capacity to improve",2,4,1,0,7,0,0,0,0,0,0,0,0,0,0,0,0,0,0,0]
["A. Outcomes for learners",3,3,1,0,7,0,0,0,0,0,0,0,0,0,0,0,0,0,0,0]
["A1. How well do learners achieve and enjoy their learning",3,3,1,0,7,0,0,0,0,0,0,0,0,0,0,0,0,0,0,0]
["A1.a) How well do learners attain their learning goals",2,4,1,0,7,0,0,0,0,0,0,0,0,0,0,0,0,0,0,0]
["A1.b) How well do learners progress?",3,3,1,0,7,0,0,0,0,0,0,0,0,0,0,0,0,0,0,0]
["A2. How well do learners improve their economic and social well-being through learning and development?",5,2,0,0,7,0,0,0,0,0,0,0,0,0,0,0,0,0,0,0]
["A3. How safe do learners feel?",5,2,0,0,7,0,0,0,0,0,0,0,0,0,0,0,0,0,0,0]
["A4. Are learners able to make informed choices about their own health and well being?*",0,1,1,0,2,0,0,0,0,0,0,0,0,0,0,0,0,0,0,0]
["A5. How well do learners make a positive contribution to the community?*",1,1,0,0,2,0,0,0,0,0,0,0,0,0,0,0,0,0,0,0]
["B. Quality of provision",3,3,1,0,7,0,0,0,0,0,0,0,0,0,0,0,0,0,0,0]
["B1. How effectively do teaching, training and assessment support learning and development?",2,4,1,0,7,0,0,0,0,0,0,0,0,0,0,0,0,0,0,0]
["B2. How effectively does the provision meet the needs and interests of users?",4,2,1,0,7,0,0,0,0,0,0,0,0,0,0,0,0,0,0,0]
["B3. How well do partnerships with schools, employers, community groups and others lead to benefits for learners?",5,2,0,0,7,0,0,0,0,0,0,0,0,0,0,0,0,0,0,0]
["B4. How effective are the care, guidance and support learners receive in helping them to achieve?",2,4,1,0,7,0,0,0,0,0,0,0,0,0,0,0,0,0,0,0]
["C. Leadership and management",1,5,1,0,7,0,0,0,0,0,0,0,0,0,0,0,0,0,0,0]
["C1. How effectively do leaders and managers raise expectations and promote ambition throughout the organisation?",3,4,0,0,7,0,0,0,0,0,0,0,0,0,0,0,0,0,0,0]
["C2. How effectively do governors and supervisory bodies provide leadership, direction and challenge?*",1,3,2,0,6,0,0,0,0,0,0,0,0,0,0,0,0,0,0,0]
["C3. Safeguarding",1,3,3,0,7,0,0,0,0,0,0,0,0,0,0,0,0,0,0,0]
["C4. Equality and diversity",3,2,2,0,7,0,0,0,0,0,0,0,0,0,0,0,0,0,0,0]
["C5. How effectively does the provider engage with users to support and promote improvement?",3,2,2,0,7,0,0,0,0,0,0,0,0,0,0,0,0,0,0,0]
["C6. How effectively does self-assessment improve the quality of the provision and outcomes for learners?",0,5,2,0,7,0,0,0,0,0,0,0,0,0,0,0,0,0,0,0]
["C7. How efficiently and effectively does the provider use its available resources to secure value for money?",3,4,0,0,7,0,0,0,0,0,0,0,0,0,0,0,0,0,0,0]
[]
["Table2f DaDa","Quarter",{"$nulls":4},"Month1",{"$nulls":4},"Month2",{"$nulls":4},"Month3"]
[null,"Outstanding","Good","Satisfactory","Inadequate","Total","Outstanding","Good","Satisfactory","Inadequate","Total","Outstanding","Good","Satisfactory","Inadequate","Total","Outstanding","Good","Satisfactory","Inadequate","Total"]
["Overall effectiveness",5,9,2,0,16,0,0,0,0,0,0,0,0,0,0,0,0,0,0,0]
["Capacity to improve",6,8,2,0,16,0,0,0,0,0,0,0,0,0,0,0,0,0,0,0]
["A. Outcomes for learners",6,9,1,0,16,0,0,0,0,0,0,0,0,0,0,0,0,0,0,0]
["A1. How well do learners achieve and enjoy their learning",6,9,1,0,16,0,0,0,0,0,0,0,0,0,0,0,0,0,0,0]
["A1.a) How well do learners attain their learning goals",6,9,1,0,16,0,0,0,0,0,0,0,0,0,0,0,0,0,0,0]
["A1.b) How well do learners progress?",6,9,1,0,16,0,0,0,0,0,0,0,0,0,0,0,0,0,0,0]
["A2. How well do learners improve their economic and social well-being through learning and development?",6,9,1,0,16,0,0,0,0,0,0,0,0,0,0,0,0,0,0,0]
["A3. How safe do learners feel?",10,5,1,0,16,0,0,0,0,0,0,0,0,0,0,0,0,0,0,0]
["A4. Are learners able to make informed choices about their own health and well being?*",6,10,0,0,16,0,0,0,0,0,0,0,0,0,0,0,0,0,0,0]
["A5. How well do learners make a positive contribution to the community?*",2,2,0,0,4,0,0,0,0,0,0,0,0,0,0,0,0,0,0,0]
["B. Quality of provision",6,9,1,0,16,0,0,0,0,0,0,0,0,0,0,0,0,0,0,0]
["B1. How effectively do teaching, training and assessment support learning and development?",1,14,1,0,16,0,0,0,0,0,0,0,0,0,0,0,0,0,0,0]
["B2. How effectively does the provision meet the needs and interests of users?",7,8,1,0,16,0,0,0,0,0,0,0,0,0,0,0,0,0,0,0]
["B3. How well do partnerships with schools, employers, community groups and others lead to benefits for learners?",13,3,0,0,16,0,0,0,0,0,0,0,0,0,0,0,0,0,0,0]
["B4. How effective are the care, guidance and support learners receive in helping them to achieve?",12,3,1,0,16,0,0,0,0,0,0,0,0,0,0,0,0,0,0,0]
["C. Leadership and management",5,9,2,0,16,0,0,0,0,0,0,0,0,0,0,0,0,0,0,0]
["C1. How effectively do leaders and managers raise expectations and promote ambition throughout the organisation?",8,6,2,0,16,0,0,0,0,0,0,0,0,0,0,0,0,0,0,0]
["C2. How effectively do governors and supervisory bodies provide leadership, direction and challenge?*",4,4,0,0,8,0,0,0,0,0,0,0,0,0,0,0,0,0,0,0]
["C3. Safeguarding",5,10,0,1,16,0,0,0,0,0,0,0,0,0,0,0,0,0,0,0]
["C4. Equality and diversity",4,12,0,0,16,0,0,0,0,0,0,0,0,0,0,0,0,0,0,0]
["C5. How effectively does the provider engage with users to support and promote improvement?",5,10,1,0,16,0,0,0,0,0,0,0,0,0,0,0,0,0,0,0]
["C6. How effectively does self-assessment improve the quality of the provision and outcomes for learners?",1,13,2,0,16,0,0,0,0,0,0,0,0,0,0,0,0,0,0,0]
["C7. How efficiently and effectively does the provider use its available resources to secure value for money?",6,9,1,0,16,0,0,0,0,0,0,0,0,0,0,0,0,0,0,0]
[]
["Table2g ILP","Quarter",{"$nulls":4},"Month1",{"$nulls":4},"Month2",{"$nulls":4},"Month3"]
[null,"Outstanding","Good","Satisfactory","Inadequate","Total","Outstanding","Good","Satisfactory","Inadequate","Total","Outstanding","Good","Satisfactory","Inadequate","Total","Outstanding","Good","Satisfactory","Inadequate","Total"]
["Overall effectiveness",9,62,44,13,128,0,0,0,0,0,0,0,0,0,0,0,0,0,0,0]
["Capacity to improve",7,60,48,12,127,0,0,0,0,0,0,0,0,0,0,0,0,0,0,0]
["A. Outcomes for learners",15,63,41,9,128,0,0,0,0,0,0,0,0,0,0,0,0,0,0,0]
["A1. How well do learners achieve and enjoy their learning",17,60,41,9,127,0,0,0,0,0,0,0,0,0,0,0,0,0,0,0]
["A1.a) How well do learners attain their learning goals",18,52,48,9,127,0,0,0,0,0,0,0,0,0,0,0,0,0,0,0]
["A1.b) How well do learners progress?",17,61,41,8,127,0,0,0,0,0,0,0,0,0,0,0,0,0,0,0]
["A2. How well do learners improve their economic and social well-being through learning and development?",20,82,23,2,127,0,0,0,0,0,0,0,0,0,0,0,0,0,0,0]
["A3. How safe do learners feel?",17,79,31,0,127,0,0,0,0,0,0,0,0,0,0,0,0,0,0,0]
["A4. Are learners able to make informed choices about their own health and well being?*",4,24,13,0,41,0,0,0,0,0,0,0,0,0,0,0,0,0,0,0]
["A5. How well do learners make a positive contribution to the community?*",4,24,8,1,37,0,0,0,0,0,0,0,0,0,0,0,0,0,0,0]
["B. Quality of provision",9,66,48,4,127,0,0,0,0,0,0,0,0,0,0,0,0,0,0,0]
["B1. How effectively do teaching, training and assessment support learning and development?",8,64,52,4,128,0,0,0,0,0,0,0,0,0,0,0,0,0,0,0]
["B2. How effectively does the provision meet the needs and interests of users?",23,69,33,2,127,0,0,0,0,0,0,0,0,0,0,0,0,0,0,0]
["B3. How well do partnerships with schools, employers, community groups and others lead to benefits for learners?",20,72,32,3,127,0,0,0,0,0,0,0,0,0,0,0,0,0,0,0]
["B4. How effective are the care, guidance and support learners receive in helping them to achieve?",13,75,35,4,127,0,0,0,0,0,0,0,0,0,0,0,0,0,0,0]
["C. Leadership and management",9,61,47,11,128,0,0,0,0,0,0,0,0,0,0,0,0,0,0,0]
["C1. How effectively do leaders and managers raise expectations and promote ambition throughout the organisation?",23,61,35,8,127,0,0,0,0,0,0,0,0,0,0,0,0,0,0,0]
["C2. How effectively do governors and supervisory bodies provide leadership, direction and challenge?*",3,16,12,1,32,0,0,0,0,0,0,0,0,0,0,0,0,0,0,0]
["C3. Safeguarding",13,66,46,2,127,0,0,0,0,0,0,0,0,0,0,0,0,0,0,0]
["C4. Equality and diversity",2,53,67,5,127,0,0,0,0,0,0,0,0,0,0,0,0,0,0,0]
["C5. How effectively does the provider engage with users to support and promote improvement?",10,58,53,6,127,0,0,0,0,0,0,0,0,0,0,0,0,0,0,0]
["C6. How effectively does self-assessment improve the quality of the provision and outcomes for learners?",7,45,59,16,127,0,0,0,0,0,0,0,0,0,0,0,0,0,0,0]
["C7. How efficiently and effectively does the provider use its available resources to secure value for money?",17,62,41,7,127,0,0,0,0,0,0,0,0,0,0,0,0,0,0,0]
[]
["Table2h ACL","Quarter",{"$nulls":4},"Month1",{"$nulls":4},"Month2",{"$nulls":4},"Month3"]
[null,"Outstanding","Good","Satisfactory","Inadequate","Total","Outstanding","Good","Satisfactory","Inadequate","Total","Outstanding","Good","Satisfactory","Inadequate","Total","Outstanding","Good","Satisfactory","Inadequate","Total"]
["Overall effectiveness",3,37,20,3,63,0,0,0,0,0,0,0,0,0,0,0,0,0,0,0]
["Capacity to improve",3,35,20,4,62,0,0,0,0,0,0,0,0,0,0,0,0,0,0,0]
["A. Outcomes for learners",3,37,20,3,63,0,0,0,0,0,0,0,0,0,0,0,0,0,0,0]
["A1. How well do learners achieve and enjoy their learning",3,36,20,3,62,0,0,0,0,0,0,0,0,0,0,0,0,0,0,0]
["A1.a) How well do learners attain their learning goals",4,26,29,3,62,0,0,0,0,0,0,0,0,0,0,0,0,0,0,0]
["A1.b) How well do learners progress?",2,41,15,4,62,0,0,0,0,0,0,0,0,0,0,0,0,0,0,0]
["A2. How well do learners improve their economic and social well-being through learning and development?",5,46,9,2,62,0,0,0,0,0,0,0,0,0,0,0,0,0,0,0]
["A3. How safe do learners feel?",6,44,12,0,62,0,0,0,0,0,0,0,0,0,0,0,0,0,0,0]
["A4. Are learners able to make informed choices about their own health and well being?*",2,25,14,0,41,0,0,0,0,0,0,0,0,0,0,0,0,0,0,0]
["A5. How well do learners make a positive contribution to the community?*",6,23,9,0,38,0,0,0,0,0,0,0,0,0,0,0,0,0,0,0]
["B. Quality of provision",2,44,15,1,62,0,0,0,0,0,0,0,0,0,0,0,0,0,0,0]
["B1. How effectively do teaching, training and assessment support learning and development?",1,43,18,1,63,0,0,0,0,0,0,0,0,0,0,0,0,0,0,0]
["B2. How effectively does the provision meet the needs and interests of users?",11,36,14,1,62,0,0,0,0,0,0,0,0,0,0,0,0,0,0,0]
["B3. How well do partnerships with schools, employers, community groups and others lead to benefits for learners?",14,40,8,0,62,0,0,0,0,0,0,0,0,0,0,0,0,0,0,0]
["B4. How effective are the care, guidance and support learners receive in helping them to achieve?",6,42,14,0,62,0,0,0,0,0,0,0,0,0,0,0,0,0,0,0]
["C. Leadership and management",4,37,19,3,63,0,0,0,0,0,0,0,0,0,0,0,0,0,0,0]
["C1. How effectively do leaders and managers raise expectations and promote ambition throughout the organisation?",11,30,18,3,62,0,0,0,0,0,0,0,0,0,0,0,0,0,0,0]
["C2. How effectively do governors and supervisory bodies provide leadership, direction and challenge?*",7,23,20,4,54,0,0,0,0,0,0,0,0,0,0,0,0,0,0,0]
["C3. Safeguarding",3,42,17,0,62,0,0,0,0,0,0,0,0,0,0,0,0,0,0,0]
["C4. Equality and diversity",7,33,21,1,62,0,0,0,0,0,0,0,0,0,0,0,0,0,0,0]
["C5. How effectively does the provider engage with users to support and promote improvement?",4,40,17,1,62,0,0,0,0,0,0,0,0,0,0,0,0,0,0,0]
["C6. How effectively does self-assessment improve the quality of the provision and outcomes for learners?",1,35,21,5,62,0,0,0,0,0,0,0,0,0,0,0,0,0,0,0]
["C7. How efficiently and effectively does the provider use its available resources to secure value for money?",6,35,18,3,62,0,0,0,0,0,0,0,0,0,0,0,0,0,0,0]
[]
["Table2i NextStep","Quarter",{"$nulls":4},"Month1",{"$nulls":4},"Month2",{"$nulls":4},"Month3"]
[null,"Outstanding","Good","Satisfactory","Inadequate","Total","Outstanding","Good","Satisfactory","Inadequate","Total","Outstanding","Good","Satisfactory","Inadequate","Total","Outstanding","Good","Satisfactory","Inadequate","Total"]
["Overall effectiveness",0,2,0,0,2,0,0,0,0,0,0,0,0,0,0,0,0,0,0,0]
["Capacity to improve",0,2,0,0,2,0,0,0,0,0,0,0,0,0,0,0,0,0,0,0]
["A. Outcomes for learners",0,2,0,0,2,0,0,0,0,0,0,0,0,0,0,0,0,0,0,0]
["A1. How well do learners achieve and enjoy their learning",0,2,0,0,2,0,0,0,0,0,0,0,0,0,0,0,0,0,0,0]
["A1.a) How well do learners attain their learning goals",0,2,0,0,2,0,0,0,0,0,0,0,0,0,0,0,0,0,0,0]
["A1.b) How well do learners progress?",0,2,0,0,2,0,0,0,0,0,0,0,0,0,0,0,0,0,0,0]
["A2. How well do learners improve their economic and social well-being through learning and development?",0,2,0,0,2,0,0,0,0,0,0,0,0,0,0,0,0,0,0,0]
["A3. How safe do learners feel?",0,2,0,0,2,0,0,0,0,0,0,0,0,0,0,0,0,0,0,0]
["A4. Are learners able to make informed choices about their own health and well being?*",0,0,0,0,0,0,0,0,0,0,0,0,0,0,0,0,0,0,0,0]
["A5. How well do learners make a positive contribution to the community?*",0,1,0,0,1,0,0,0,0,0,0,0,0,0,0,0,0,0,0,0]
["B. Quality of provision",0,2,0,0,2,0,0,0,0,0,0,0,0,0,0,0,0,0,0,0]
["B1. How effectively do teaching, training and assessment support learning and development?",0,2,0,0,2,0,0,0,0,0,0,0,0,0,0,0,0,0,0,0]
["B2. How effectively does the provision meet the needs and interests of users?",0,2,0,0,2,0,0,0,0,0,0,0,0,0,0,0,0,0,0,0]
["B3. How well do partnerships with schools, employers, community groups and others lead to benefits for learners?",0,2,0,0,2,0,0,0,0,0,0,0,0,0,0,0,0,0,0,0]
["B4. How effective are the care, guidance and support learners receive in helping them to achieve?",0,2,0,0,2,0,0,0,0,0,0,0,0,0,0,0,0,0,0,0]
["C. Leadership and management",0,2,0,0,2,0,0,0,0,0,0,0,0,0,0,0,0,0,0,0]
["C1. How effectively do leaders and managers raise expectations and promote ambition throughout the organisation?",0,2,0,0,2,0,0,0,0,0,0,0,0,0,0,0,0,0,0,0]
["C2. How effectively do governors and supervisory bodies provide leadership, direction and challenge?*",0,0,0,0,0,0,0,0,0,0,0,0,0,0,0,0,0,0,0,0]
["C3. Safeguarding",0,2,0,0,2,0,0,0,0,0,0,0,0,0,0,0,0,0,0,0]
["C4. Equality and diversity",0,2,0,0,2,0,0,0,0,0,0,0,0,0,0,0,0,0,0,0]
["C5. How effectively does the provider engage with users to support and promote improvement?",0,2,0,0,2,0,0,0,0,0,0,0,0,0,0,0,0,0,0,0]
["C6. How effectively does self-assessment improve the quality of the provision and outcomes for learners?",0,1,1,0,2,0,0,0,0,0,0,0,0,0,0,0,0,0,0,0]
["C7. How efficiently and effectively does the provider use its available resources to secure value for money?",0,2,0,0,2,0,0,0,0,0,0,0,0,0,0,0,0,0,0,0]
[]
["Table2j Prison","Quarter",{"$nulls":4},"Month1",{"$nulls":4},"Month2",{"$nulls":4},"Month3"]
[null,"Outstanding","Good","Satisfactory","Inadequate","Total","Outstanding","Good","Satisfactory","Inadequate","Total","Outstanding","Good","Satisfactory","Inadequate","Total","Outstanding","Good","Satisfactory","Inadequate","Total"]
["Overall effectiveness",0,3,2,1,6,0,0,0,0,0,0,0,0,0,0,0,0,0,0,0]
["Capacity to improve",0,3,2,1,6,0,0,0,0,0,0,0,0,0,0,0,0,0,0,0]
["A. Outcomes for learners",1,3,2,0,6,0,0,0,0,0,0,0,0,0,0,0,0,0,0,0]
["A1. How well do learners achieve and enjoy their learning",1,3,2,0,6,0,0,0,0,0,0,0,0,0,0,0,0,0,0,0]
["A1.a) How well do learners attain their learning goals",1,3,2,0,6,0,0,0,0,0,0,0,0,0,0,0,0,0,0,0]
["A1.b) How well do learners progress?",1,3,2,0,6,0,0,0,0,0,0,0,0,0,0,0,0,0,0,0]
["A2. How well do learners improve their economic and social well-being through learning and development?",1,1,4,0,6,0,0,0,0,0,0,0,0,0,0,0,0,0,0,0]
["A3. How safe do learners feel?",0,4,2,0,6,0,0,0,0,0,0,0,0,0,0,0,0,0,0,0]
["A4. Are learners able to make informed choices about their own health and well being?*",0,1,0,0,1,0,0,0,0,0,0,0,0,0,0,0,0,0,0,0]
["A5. How well do learners make a positive contribution to the community?*",1,1,0,0,2,0,0,0,0,0,0,0,0,0,0,0,0,0,0,0]
["B. Quality of provision",0,3,3,0,6,0,0,0,0,0,0,0,0,0,0,0,0,0,0,0]
["B1. How effectively do teaching, training and assessment support learning and development?",0,2,4,0,6,0,0,0,0,0,0,0,0,0,0,0,0,0,0,0]
["B2. How effectively does the provision meet the needs and interests of users?",0,3,2,1,6,0,0,0,0,0,0,0,0,0,0,0,0,0,0,0]
["B3. How well do partnerships with schools, employers, community groups and others lead to benefits for learners?",1,2,3,0,6,0,0,0,0,0,0,0,0,0,0,0,0,0,0,0]
["B4. How effective are the care, guidance and support learners receive in helping them to achieve?",0,2,4,0,6,0,0,0,0,0,0,0,0,0,0,0,0,0,0,0]
["C. Leadership and management",0,3,2,1,6,0,0,0,0,0,0,0,0,0,0,0,0,0,0,0]
["C1. How effectively do leaders and managers raise expectations and promote ambition throughout the organisation?",0,4,1,1,6,0,0,0,0,0,0,0,0,0,0,0,0,0,0,0]
["C2. How effectively do governors and supervisory bodies provide leadership, direction and challenge?*",0,0,0,0,0,0,0,0,0,0,0,0,0,0,0,0,0,0,0,0]
["C3. Safeguarding",0,3,3,0,6,0,0,0,0,0,0,0,0,0,0,0,0,0,0,0]
["C4. Equality and diversity",0,2,4,0,6,0,0,0,0,0,0,0,0,0,0,0,0,0,0,0]
["C5. How effectively does the provider engage with users to support and promote improvement?",0,4,1,1,6,0,0,0,0,0,0,0,0,0,0,0,0,0,0,0]
["C6. How effectively does self-assessment improve the quality of the provision and outcomes for learners?",0,2,3,1,6,0,0,0,0,0,0,0,0,0,0,0,0,0,0,0]
["C7. How efficiently and effectively does the provider use its available resources to secure value for money?",0,3,2,1,6,0,0,0,0,0,0,0,0,0,0,0,0,0,0,0]
[]
["Table2k Probation","Quarter",{"$nulls":4},"Month1",{"$nulls":4},"Month2",{"$nulls":4},"Month3"]
[null,"Outstanding","Good","Satisfactory","Inadequate","Total","Outstanding","Good","Satisfactory","Inadequate","Total","Outstanding","Good","Satisfactory","Inadequate","Total","Outstanding","Good","Satisfactory","Inadequate","Total"]
["Overall effectiveness",0,2,4,0,6,0,0,0,0,0,0,0,0,0,0,0,0,0,0,0]
["Capacity to improve",0,2,4,0,6,0,0,0,0,0,0,0,0,0,0,0,0,0,0,0]
["A. Outcomes for learners",0,2,4,0,6,0,0,0,0,0,0,0,0,0,0,0,0,0,0,0]
["A1. How well do learners achieve and enjoy their learning",0,2,4,0,6,0,0,0,0,0,0,0,0,0,0,0,0,0,0,0]
["A1.a) How well do learners attain their learning goals",0,2,3,1,6,0,0,0,0,0,0,0,0,0,0,0,0,0,0,0]
["A1.b) How well do learners progress?",0,2,4,0,6,0,0,0,0,0,0,0,0,0,0,0,0,0,0,0]
["A2. How well do learners improve their economic and social well-being through learning and development?",0,4,2,0,6,0,0,0,0,0,0,0,0,0,0,0,0,0,0,0]
["A3. How safe do learners feel?",0,2,4,0,6,0,0,0,0,0,0,0,0,0,0,0,0,0,0,0]
["A4. Are learners able to make informed choices about their own health and well being?*",0,1,0,0,1,0,0,0,0,0,0,0,0,0,0,0,0,0,0,0]
["A5. How well do learners make a positive contribution to the community?*",0,3,0,0,3,0,0,0,0,0,0,0,0,0,0,0,0,0,0,0]
["B. Quality of provision",0,3,2,1,6,0,0,0,0,0,0,0,0,0,0,0,0,0,0,0]
["B1. How effectively do teaching, training and assessment support learning and development?",0,4,1,1,6,0,0,0,0,0,0,0,0,0,0,0,0,0,0,0]
["B2. How effectively does the provision meet the needs and interests of users?",0,2,3,1,6,0,0,0,0,0,0,0,0,0,0,0,0,0,0,0]
["B3. How well do partnerships with schools, employers, community groups and others lead to benefits for learners?",0,3,3,0,6,0,0,0,0,0,0,0,0,0,0,0,0,0,0,0]
["B4. How effective are the care, guidance and support learners receive in helping them to achieve?",0,4,1,1,6,0,0,0,0,0,0,0,0,0,0,0,0,0,0,0]
["C. Leadership and management",0,2,4,0,6,0,0,0,0,0,0,0,0,0,0,0,0,0,0,0]
["C1. How effectively do leaders and managers raise expectations and promote ambition throughout the organisation?",0,2,4,0,6,0,0,0,0,0,0,0,0,0,0,0,0,0,0,0]
["C2. How effectively do governors and supervisory bodies provide leadership, direction and challenge?*",0,0,0,0,0,0,0,0,0,0,0,0,0,0,0,0,0,0,0,0]
["C3. Safeguarding",0,0,6,0,6,0,0,0,0,0,0,0,0,0,0,0,0,0,0,0]
["C4. Equality and diversity",0,2,4,0,6,0,0,0,0,0,0,0,0,0,0,0,0,0,0,0]
["C5. How effectively does the provider engage with users to support and promote improvement?",0,3,3,0,6,0,0,0,0,0,0,0,0,0,0,0,0,0,0,0]
["C6. How effectively does self-assessment improve the quality of the provision and outcomes for learners?",0,0,3,3,6,0,0,0,0,0,0,0,0,0,0,0,0,0,0,0]
["C7. How efficiently and effectively does the provider use its available resources to secure value for money?",0,4,2,0,6,0,0,0,0,0,0,0,0,0,0,0,0,0,0,0]
[]
["Cross tabulation all L&S "]
[null,"Capacity to improve"]
["Overall effectiveness","Outstanding","Good","Satisfactory","Inadequate","Total"]
["Outstanding","0","0","0","0",0]
["Good","0","0","0","0",0]
["Satisfactory","0","0","0","0",0]
["Inadequate","0","0","0","0",0]
["Total",0,0,0,0,0]
[]
[null,"Outcomes for learners"]
["Overall effectiveness","Outstanding","Good","Satisfactory","Inadequate","Total"]
["Outstanding","0","0","0","0",0]
["Good","0","0","0","0",0]
["Satisfactory","0","0","0","0",0]
["Inadequate","0","0","0","0",0]
["Total",0,0,0,0,0]
[]
[null,"Quality of provision"]
["Overall effectiveness","Outstanding","Good","Satisfactory","Inadequate","Total"]
["Outstanding","0","0","0","0",0]
["Good","0","0","0","0",0]
["Satisfactory","0","0","0","0",0]
["Inadequate","0","0","0","0",0]
["Total",0,0,0,0,0]
[]
[null,"Leadership and management"]
["Overall effectiveness","Outstanding","Good","Satisfactory","Inadequate","Total"]
["Outstanding","0","0","0","0",0]
["Good","0","0","0","0",0]
["Satisfactory","0","0","0","0",0]
["Inadequate","0","0","0","0",0]
["Total",0,0,0,0,0]
[]
["Cross tabulation all colleges"]
[null,"Capacity to improve"]
["Overall effectiveness","Outstanding","Good","Satisfactory","Inadequate","Total"]
["Outstanding","0","0","0","0",0]
["Good","0","0","0","0",0]
["Satisfactory","0","0","0","0",0]
["Inadequate","0","0","0","0",0]
["Total",0,0,0,0,0]
[]
[null,"Outcomes for learners"]
["Overall effectiveness","Outstanding","Good","Satisfactory","Inadequate","Total"]
["Outstanding","0","0","0","0",0]
["Good","0","0","0","0",0]
["Satisfactory","0","0","0","0",0]
["Inadequate","0","0","0","0",0]
["Total",0,0,0,0,0]
[]
[null,"Quality of provision"]
["Overall effectiveness","Outstanding","Good","Satisfactory","Inadequate","Total"]
["Outstanding","0","0","0","0",0]
["Good","0","0","0","0",0]
["Satisfactory","0","0","0","0",0]
["Inadequate","0","0","0","0",0]
["Total",0,0,0,0,0]
[]
[null,"Leadership and management"]
["Overall effectiveness","Outstanding","Good","Satisfactory","Inadequate","Total"]
["Outstanding","0","0","0","0",0]
["Good","0","0","0","0",0]
["Satisfactory","0","0","0","0",0]
["Inadequate","0","0","0","0",0]
["Total",0,0,0,0,0]
[]
["Cross tabulation all WBLs"]
[null,"Capacity to improve"]
["Overall effectiveness","Outstanding","Good","Satisfactory","Inadequate","Total"]
["Outstanding","0","0","0","0",0]
["Good","0","0","0","0",0]
["Satisfactory","0","0","0","0",0]
["Inadequate","0","0","0","0",0]
["Total",0,0,0,0,0]
[]
[null,"Outcomes for learners"]
["Overall effectiveness","Outstanding","Good","Satisfactory","Inadequate","Total"]
["Outstanding","0","0","0","0",0]
["Good","0","0","0","0",0]
["Satisfactory","0","0","0","0",0]
["Inadequate","0","0","0","0",0]
["Total",0,0,0,0,0]
[]
[null,"Quality of provision"]
["Overall effectiveness","Outstanding","Good","Satisfactory","Inadequate","Total"]
["Outstanding","0","0","0","0",0]
["Good","0","0","0","0",0]
["Satisfactory","0","0","0","0",0]
["Inadequate","0","0","0","0",0]
["Total",0,0,0,0,0]
[]
[null,"Leadership and management"]
["Overall effectiveness","Outstanding","Good","Satisfactory","Inadequate","Total"]
["Outstanding","0","0","0","0",0]
["Good","0","0","0","0",0]
["Satisfactory","0","0","0","0",0]
["Inadequate","0","0","0","0",0]
["Total",0,0,0,0,0]
[]
["Cross tabulation all ACLs"]
[null,"Capacity to improve"]
["Overall effectiveness","Outstanding","Good","Satisfactory","Inadequate","Total"]
["Outstanding","0","0","0","0",0]
["Good","0","0","0","0",0]
["Satisfactory","0","0","0","0",0]
["Inadequate","0","0","0","0",0]
["Total",0,0,0,0,0]
[]
[null,"Outcomes for learners"]
["Overall effectiveness","Outstanding","Good","Satisfactory","Inadequate","Total"]
["Outstanding","0","0","0","0",0]
["Good","0","0","0","0",0]
["Satisfactory","0","0","0","0",0]
["Inadequate","0","0","0","0",0]
["Total",0,0,0,0,0]
[]
[null,"Quality of provision"]
["Overall effectiveness","Outstanding","Good","Satisfactory","Inadequate","Total"]
["Outstanding","0","0","0","0",0]
["Good","0","0","0","0",0]
["Satisfactory","0","0","0","0",0]
["Inadequate","0","0","0","0",0]
["Total",0,0,0,0,0]
[]
[null,"Leadership and management"]
["Overall effectiveness","Outstanding","Good","Satisfactory","Inadequate","Total"]
["Outstanding","0","0","0","0",0]
["Good","0","0","0","0",0]
["Satisfactory","0","0","0","0",0]
["Inadequate","0","0","0","0",0]
["Total",0,0,0,0,0]

{"sheet":"Table 1","index":4,"n_rows":17,"n_cols":28,"rows_kept":17,"cut":false,"hidden":false,"merged":[[11,3,11,5],[11,6,11,8],[5,9,5,11],[6,9,6,11],[7,9,7,11],[8,9,8,11],[9,9,9,11],[10,9,10,11],[11,15,11,17],[11,18,11,20],[11,12,11,14],[11,9,11,11],[7,15,7,17],[8,15,8,17],[8,18,8,20],[7,12,7,14],[8,12,8,14],[9,12,9,14],[5,6,5,8],[5,3,5,5],[7,3,7,5],[6,3,6,5],[7,6,7,8],[6,6,6,8],[5,15,5,17],[5,12,5,14],[5,18,5,20],[9,15,9,17],[10,6,10,8],[10,15,10,17],[10,18,10,20],[9,18,9,20],[6,18,6,20],[7,18,7,20],[6,15,6,17],[10,3,10,5],[9,3,9,5],[8,3,8,5],[9,6,9,8],[8,6,8,8],[6,12,6,14],[10,12,10,14],[8,24,8,26],[8,27,8,29],[10,24,10,26],[10,27,10,29],[9,24,9,26],[9,27,9,29],[12,27,12,29],[9,21,9,23],[10,21,10,23],[11,21,11,23],[11,24,11,26],[11,27,11,29],[5,21,5,23],[6,21,6,23],[7,21,7,23],[8,21,8,23],[5,24,5,26],[5,27,5,29],[6,24,6,26],[6,27,6,29],[7,24,7,26],[7,27,7,29]]}
[]
[null,"Table 1: Number of learning and skills providers inspected between 1 September 2011 and 31 August 2012, by provider and inspection type (final)"]
[]
[]
[]
[null,"Inspection activity",null,"All learning and skills",null,null,"All colleges1",null,null,"Dance and drama colleges2",null,null,"Further education in higher education institutions3",null,null,"Independent learning provider4",null,null,"Adult and community learning",null,null,"Next Step",null,null,"Prison and young offender institutions",null,null,"Probation"]
[null,"Full inspections ",null,300,null,null,68,null,null,16,null,null,7,null,null,122,null,null,62,null,null,2,null,null,17,null,null,6]
[null,"Re-inspections",null,9,null,null,2,null,null,0,null,null,0,null,null,6,null,null,1,null,null,0,null,null,0,null,null,0]
[null,"Focused monitoring visits",null,123,null,null,41,null,null,0,null,null,0,null,null,55,null,null,22,null,null,5,null,null,0,null,null,0]
[null,"Re-inspection monitoring visits",null,35,null,null,20,null,null,0,null,null,0,null,null,11,null,null,4,null,null,0,null,null,0,null,null,0]
[null,"Partial re-inspections",null,16,null,null,14,null,null,0,null,null,0,null,null,1,null,null,1,null,null,0,null,null,0,null,null,0]
[null,"Total",null,483,null,null,145,null,null,16,null,null,7,null,null,195,null,null,90,null,null,7,null,null,17,null,null,6]
[{"$nulls":27},"Source: Ofsted"]
[null,"1. Includes general further education college/tertiary college, sixth form college, specialist further education college and independent specialist college."]
[null,"2. Inspection of the Dance and Drama Awards scheme only, not providers as a whole."]
[null,"3. Inspection of further education provision only, not providers as a whole. "]
[null,"4. Includes employer provision."]

{"sheet":"Table 2","index":5,"n_rows":35,"n_cols":17,"rows_kept":35,"cut":false,"hidden":false,"merged":[[21,1,21,6],[22,1,22,6],[23,1,23,6],[24,1,24,6],[29,1,29,6],[30,12,30,16],[25,1,25,6],[26,1,26,6],[27,1,27,6],[28,1,28,6],[15,1,15,6],[16,1,16,6],[17,1,17,6],[18,1,18,6],[19,1,19,6],[20,1,20,6],[9,1,9,6],[10,1,10,6],[11,1,11,6],[12,1,12,6],[13,1,13,6],[14,1,14,6],[4,13,4,14],[4,15,4,16],[7,1,7,6],[8,1,8,6],[4,8,5,8],[4,9,4,10],[4,11,4,12]]}
[]
[null,"Table 2: Inspection outcomes of learning and skills providers inspected between 1 September 2011 and 31 August 2012 (final)¹ ² ³"]
[]
[]
[{"$nulls":8},"Total number inspected","Outstanding",null,"Good",null,"Satisfactory",null,"Inadequate"]
[{"$nulls":9},"Number","%","Number","%","Number","%","Number","%"]
[]
[null,"Overall effectiveness",{"$nulls":6},261,16,6.1302681992337158,122,46.743295019157088,94,36.015325670498086,29,11.111111111111111]
[null,"Capacity to improve",{"$nulls":6},256,14,5.46875,120,46.875,96,37.5,26,10.15625]
[null,"A. Outcomes for learners",{"$nulls":6},261,22,8.4291187739463602,118,45.21072796934866,99,37.931034482758619,22,8.4291187739463602]
[null,"     A1. How well do learners achieve and enjoy their learning?",{"$nulls":6},256,24,9.375,114,44.53125,97,37.890625,21,8.203125]
[null,"          A1.a) How well do learners attain their learning goals?",{"$nulls":6},256,25,9.765625,96,37.5,109,42.578125,26,10.15625]
[null,"          A1.b) How well do learners progress?",{"$nulls":6},256,21,8.203125,126,49.21875,92,35.9375,17,6.640625]
[null,"     A2. How well do learners improve their economic and social well-being through learning \n     and development?",{"$nulls":6},256,32,12.5,160,62.5,55,21.484375,9,3.515625]
[null,"     A3. How safe do learners feel?",{"$nulls":6},256,40,15.625,167,65.234375,49,19.140625,0,0]
[null,"     A4. Are learners able to make informed choices about their own health and well being?4",{"$nulls":6},147,14,9.5238095238095237,85,57.823129251700678,48,32.653061224489797,0,0]
[null,"     A5. How well do learners make a positive contribution to the community?4",{"$nulls":6},140,25,17.857142857142858,81,57.857142857142861,32,22.857142857142858,2,1.4285714285714286]
[null,"B. Quality of provision",{"$nulls":6},256,16,6.25,136,53.125,96,37.5,8,3.125]
[null,"     B1. How effectively do teaching, training and assessment support learning and \n     development?",{"$nulls":6},261,9,3.4482758620689653,138,52.873563218390807,106,40.61302681992337,8,3.0651340996168579]
[null,"     B2. How effectively does the provision meet the needs and interests of users?",{"$nulls":6},256,42,16.40625,139,54.296875,72,28.125,3,1.171875]
[null,"     B3. How well do partnerships with schools, employers, community groups and others \n     lead to benefits for learners?",{"$nulls":6},256,59,23.046875,144,56.25,50,19.53125,3,1.171875]
[null,"     B4. How effective are the care, guidance and support learners receive in helping them \n     to achieve?",{"$nulls":6},256,26,10.15625,149,58.203125,73,28.515625,8,3.125]
[null,"C. Leadership and management",{"$nulls":6},261,17,6.5134099616858236,125,47.892720306513411,92,35.249042145593869,27,10.344827586206897]
[null,"     C1. How effectively do leaders and managers raise expectations and promote ambition \n     throughout the organisation?",{"$nulls":6},256,42,16.40625,123,48.046875,68,26.5625,23,8.984375]
[null,"     C2. How effectively do governors and supervisory bodies provide leadership, direction \n     and challenge?4",{"$nulls":6},153,17,11.111111111111111,70,45.751633986928105,52,33.986928104575163,14,9.1503267973856204]
[null,"    C3. How effectively does the provider promote the safeguarding of learners?",{"$nulls":6},256,31,12.109375,143,55.859375,77,30.078125,5,1.953125]
[null,"C4. How effectively does the provider actively promote equality and diversity,\ntackle discrimination and narrow the achievement gap?",{"$nulls":6},256,10,3.90625,117,45.703125,121,47.265625,8,3.125]
[null,"     C5. How effectively does the provider engage with users to support and promote \n     improvement?",{"$nulls":6},256,26,10.15625,125,48.828125,98,38.28125,7,2.734375]
[null,"     C6. How effectively does self-assessment improve the quality of the provision and \n     outcomes for learners?",{"$nulls":6},256,11,4.296875,100,39.0625,109,42.578125,36,14.0625]
[null,"     C7. How efficiently and effectively does the provider use its available resources to \n     secure value for money?",{"$nulls":6},256,29,11.328125,122,47.65625,87,33.984375,18,7.03125]
[{"$nulls":12},"Source: Ofsted"]
[null,"1. Does not include inspections of the Dance and Drama Awards scheme, further education in higher education institute inspections, prison inspections, probation trust inspections or Next Step inspections."]
[null,"2. Data include five pilot inspections which grade overall effectiveness, outcomes for learners, teaching and learning and leadership and management. "]
[null,"2. Percentages are rounded and may not add to 100. Where the number of inspections is small, percentages should be treated with caution."]
[null,"4. Where applicable to the type of provision."]

{"sheet":"Table 2a","index":6,"n_rows":35,"n_cols":17,"rows_kept":35,"cut":false,"hidden":false,"merged":[[20,1,20,6],[21,1,21,6],[22,1,22,6],[23,1,23,6],[28,1,28,6],[29,1,29,6],[24,1,24,6],[25,1,25,6],[26,1,26,6],[27,1,27,6],[12,1,12,6],[13,1,13,6],[14,1,14,6],[4,13,4,14],[4,15,4,16],[4,9,4,10],[4,11,4,12],[7,1,7,6],[4,8,5,8],[30,12,30,16],[15,1,15,6],[8,1,8,6],[9,1,9,6],[10,1,10,6],[11,1,11,6],[16,1,16,6],[17,1,17,6],[18,1,18,6],[19,1,19,6]]}
[]
[null,"Table 2a: Inspection outcomes of colleges inspected between 1 September 2011 and 31 August 2012 (final)¹ ² ³"]
[]
[]
[{"$nulls":8},"Total number inspected","Outstanding",null,"Good",null,"Satisfactory",null,"Inadequate"]
[{"$nulls":8},"Number","Number","%","Number","%","Number","%","Number","%"]
[]
[null,"Overall effectiveness",{"$nulls":6},70,4,5.7142857142857144,23,32.857142857142854,30,42.857142857142854,13,18.571428571428573]
[null,"Capacity to improve",{"$nulls":6},67,4,5.9701492537313428,25,37.313432835820898,28,41.791044776119399,10,14.925373134328357]
[null,"A. Outcomes for learners",{"$nulls":6},70,4,5.7142857142857144,18,25.714285714285712,38,54.285714285714285,10,14.285714285714285]
[null,"     A1. How well do learners achieve and enjoy their learning?",{"$nulls":6},67,4,5.9701492537313428,18,26.865671641791046,36,53.731343283582092,9,13.432835820895523]
[null,"          A1.a) How well do learners attain their learning goals?",{"$nulls":6},67,3,4.4776119402985071,18,26.865671641791046,32,47.761194029850742,14,20.8955223880597]
[null,"          A1.b) How well do learners progress?",{"$nulls":6},67,2,2.9850746268656714,24,35.820895522388057,36,53.731343283582092,5,7.4626865671641784]
[null,"     A2. How well do learners improve their economic and social well-being through learning \n     and development?",{"$nulls":6},67,7,10.44776119402985,32,47.761194029850742,23,34.328358208955223,5,7.4626865671641784]
[null,"     A3. How safe do learners feel?",{"$nulls":6},67,17,25.373134328358208,44,65.671641791044777,6,8.9552238805970141,0,0]
[null,"     A4. Are learners able to make informed choices about their own health and well being?4",{"$nulls":6},65,8,12.307692307692308,36,55.384615384615387,21,32.307692307692307,0,0]
[null,"     A5. How well do learners make a positive contribution to the community?4",{"$nulls":6},65,15,23.076923076923077,34,52.307692307692314,15,23.076923076923077,1,1.5384615384615385]
[null,"B. Quality of provision",{"$nulls":6},67,5,7.4626865671641784,26,38.805970149253731,33,49.253731343283583,3,4.4776119402985071]
[null,"     B1. How effectively do teaching, training and assessment support learning and \n     development?",{"$nulls":6},70,0,0,31,44.285714285714285,36,51.428571428571423,3,4.2857142857142856]
[null,"     B2. How effectively does the provision meet the needs and interests of users?",{"$nulls":6},67,8,11.940298507462686,34,50.746268656716417,25,37.313432835820898,0,0]
[null,"     B3. How well do partnerships with schools, employers, community groups and others \n     lead to benefits for learners?",{"$nulls":6},67,25,37.313432835820898,32,47.761194029850742,10,14.925373134328357,0,0]
[null,"     B4. How effective are the care, guidance and support learners receive in helping them \n     to achieve?",{"$nulls":6},67,7,10.44776119402985,32,47.761194029850742,24,35.820895522388057,4,5.9701492537313428]
[null,"C. Leadership and management",{"$nulls":6},70,4,5.7142857142857144,27,38.571428571428577,26,37.142857142857146,13,18.571428571428573]
[null,"     C1. How effectively do leaders and managers raise expectations and promote ambition \n     throughout the organisation?",{"$nulls":6},67,8,11.940298507462686,32,47.761194029850742,15,22.388059701492537,12,17.910447761194028]
[null,"     C2. How effectively do governors and supervisory bodies provide leadership, direction \n     and challenge?4",{"$nulls":6},67,7,10.44776119402985,31,46.268656716417908,20,29.850746268656714,9,13.432835820895523]
[null,"    C3. How effectively does the provider promote the safeguarding of learners?",{"$nulls":6},67,15,22.388059701492537,35,52.238805970149251,14,20.8955223880597,3,4.4776119402985071]
[null,"C4. How effectively does the provider actively promote equality and diversity,\ntackle discrimination and narrow the achievement gap?",{"$nulls":6},67,1,1.4925373134328357,31,46.268656716417908,33,49.253731343283583,2,2.9850746268656714]
[null,"     C5. How effectively does the provider engage with users to support and promote \n     improvement?",{"$nulls":6},67,12,17.910447761194028,27,40.298507462686565,28,41.791044776119399,0,0]
[null,"     C6. How effectively does self-assessment improve the quality of the provision and \n     outcomes for learners?",{"$nulls":6},67,3,4.4776119402985071,20,29.850746268656714,29,43.283582089552233,15,22.388059701492537]
[null,"     C7. How efficiently and effectively does the provider use its available resources to \n     secure value for money?",{"$nulls":6},67,6,8.9552238805970141,25,37.313432835820898,28,41.791044776119399,8,11.940298507462686]
[{"$nulls":12},"Source: Ofsted "]
[null,"1. Includes general further education college/tertiary college, sixth form college and independent specialist college."]
[null,"2. Data include three pilot inspections which grade overall effectiveness, outcomes for learners, teaching and learning and leadership and management. "]
[null,"3. Percentages are rounded and may not add to 100. Where the number of inspections is small, percentages should be treated with caution."]
[null,"4. Where applicable to the type of provision."]

{"sheet":"Table 2b","index":7,"n_rows":35,"n_cols":17,"rows_kept":35,"cut":false,"hidden":false,"merged":[[30,12,30,16],[4,9,4,10],[4,11,4,12],[4,13,4,14],[4,15,4,16],[27,1,27,6],[26,1,26,6],[23,1,23,6],[25,1,25,6],[24,1,24,6],[4,8,5,8],[29,1,29,6],[28,1,28,6],[15,1,15,6],[20,1,20,6],[19,1,19,6],[18,1,18,6],[17,1,17,6],[22,1,22,6],[21,1,21,6],[8,1,8,6],[9,1,9,6],[10,1,10,6],[7,1,7,6],[16,1,16,6],[11,1,11,6],[12,1,12,6],[13,1,13,6],[14,1,14,6]]}
[]
[null,"Table 2b: Inspection outcomes of general further education colleges/tertiary colleges inspected between 1 September 2011 and 31 August 2012 (final)¹ ² ³"]
[]
[]
[{"$nulls":8},"Total number inspected","Outstanding",null,"Good",null,"Satisfactory",null,"Inadequate"]
[{"$nulls":8},"Number","Number","%","Number","%","Number","%","Number","%"]
[]
[null,"Overall effectiveness",{"$nulls":6},45,2,4.4444444444444446,14,31.111111111111111,22,48.888888888888886,7,15.555555555555555]
[null,"Capacity to improve",{"$nulls":6},43,2,4.6511627906976747,15,34.883720930232556,20,46.511627906976742,6,13.953488372093023]
[null,"A. Outcomes for learners",{"$nulls":6},45,2,4.4444444444444446,9,20,28,62.222222222222221,6,13.333333333333334]
[null,"     A1. How well do learners achieve and enjoy their learning?",{"$nulls":6},43,2,4.6511627906976747,9,20.930232558139537,26,60.465116279069761,6,13.953488372093023]
[null,"          A1.a) How well do learners attain their learning goals?",{"$nulls":6},43,1,2.3255813953488373,8,18.604651162790699,25,58.139534883720934,9,20.930232558139537]
[null,"          A1.b) How well do learners progress?",{"$nulls":6},43,1,2.3255813953488373,14,32.558139534883722,26,60.465116279069761,2,4.6511627906976747]
[null,"     A2. How well do learners improve their economic and social well-being through learning \n     and development?",{"$nulls":6},43,3,6.9767441860465116,24,55.813953488372093,13,30.232558139534881,3,6.9767441860465116]
[null,"     A3. How safe do learners feel?",{"$nulls":6},43,10,23.255813953488371,29,67.441860465116278,4,9.3023255813953494,0,0]
[null,"     A4. Are learners able to make informed choices about their own health and well being?4",{"$nulls":6},41,3,7.3170731707317067,26,63.414634146341463,12,29.268292682926827,0,0]
[null,"     A5. How well do learners make a positive contribution to the community?4",{"$nulls":6},41,7,17.073170731707318,26,63.414634146341463,8,19.512195121951219,0,0]
[null,"B. Quality of provision",{"$nulls":6},43,2,4.6511627906976747,17,39.534883720930232,22,51.162790697674424,2,4.6511627906976747]
[null,"     B1. How effectively do teaching, training and assessment support learning and \n     development?",{"$nulls":6},45,0,0,18,40,25,55.555555555555557,2,4.4444444444444446]
[null,"     B2. How effectively does the provision meet the needs and interests of users?",{"$nulls":6},43,3,6.9767441860465116,26,60.465116279069761,14,32.558139534883722,0,0]
[null,"     B3. How well do partnerships with schools, employers, community groups and others \n     lead to benefits for learners?",{"$nulls":6},43,18,41.860465116279073,22,51.162790697674424,3,6.9767441860465116,0,0]
[null,"     B4. How effective are the care, guidance and support learners receive in helping them \n     to achieve?",{"$nulls":6},43,2,4.6511627906976747,21,48.837209302325576,16,37.209302325581397,4,9.3023255813953494]
[null,"C. Leadership and management",{"$nulls":6},45,2,4.4444444444444446,18,40,18,40,7,15.555555555555555]
[null,"     C1. How effectively do leaders and managers raise expectations and promote ambition \n     throughout the organisation?",{"$nulls":6},43,5,11.627906976744185,22,51.162790697674424,9,20.930232558139537,7,16.279069767441861]
[null,"     C2. How effectively do governors and supervisory bodies provide leadership, direction \n     and challenge?4",{"$nulls":6},43,4,9.3023255813953494,22,51.162790697674424,12,27.906976744186046,5,11.627906976744185]
[null,"    C3. How effectively does the provider promote the safeguarding of learners?",{"$nulls":6},43,9,20.930232558139537,25,58.139534883720934,7,16.279069767441861,2,4.6511627906976747]
[null,"C4. How effectively does the provider actively promote equality and diversity,\ntackle discrimination and narrow the achievement gap?",{"$nulls":6},43,0,0,22,51.162790697674424,21,48.837209302325576,0,0]
[null,"     C5. How effectively does the provider engage with users to support and promote \n     improvement?",{"$nulls":6},43,6,13.953488372093023,21,48.837209302325576,16,37.209302325581397,0,0]
[null,"     C6. How effectively does self-assessment improve the quality of the provision and \n     outcomes for learners?",{"$nulls":6},43,1,2.3255813953488373,14,32.558139534883722,19,44.186046511627907,9,20.930232558139537]
[null,"     C7. How efficiently and effectively does the provider use its available resources to \n     secure value for money?",{"$nulls":6},43,3,6.9767441860465116,17,39.534883720930232,19,44.186046511627907,4,9.3023255813953494]
[{"$nulls":12},"Source: Ofsted "]
[null,"1. Includes specialist further education college."]
[null,"2. Data include two pilot inspections which grade overall effectiveness, outcomes for learners, teaching and learning and leadership and management."]
[null,"3. Percentages are rounded and may not add to 100. Where the number of inspections is small, percentages should be treated with caution."]
[null,"4. Where applicable to the type of provision."]

{"sheet":"Table 2c","index":8,"n_rows":34,"n_cols":17,"rows_kept":34,"cut":false,"hidden":false,"merged":[[16,1,16,6],[4,8,5,8],[11,1,11,6],[12,1,12,6],[13,1,13,6],[8,1,8,6],[9,1,9,6],[10,1,10,6],[7,1,7,6],[26,1,26,6],[14,1,14,6],[15,1,15,6],[23,1,23,6],[22,1,22,6],[21,1,21,6],[20,1,20,6],[19,1,19,6],[18,1,18,6],[17,1,17,6],[30,12,30,16],[4,9,4,10],[4,11,4,12],[4,13,4,14],[4,15,4,16],[25,1,25,6],[24,1,24,6],[29,1,29,6],[28,1,28,6],[27,1,27,6]]}
[]
[null,"Table 2c: Inspection outcomes of sixth form colleges inspected between 1 September 2011 and 31 August 2012 (final)¹ ²"]
[]
[]
[{"$nulls":8},"Total number inspected","Outstanding",null,"Good",null,"Satisfactory",null,"Inadequate"]
[{"$nulls":8},"Number","Number","%","Number","%","Number","%","Number","%"]
[]
[null,"Overall effectiveness",{"$nulls":6},13,0,0,5,38.461538461538467,4,30.76923076923077,4,30.76923076923077]
[null,"Capacity to improve",{"$nulls":6},12,0,0,6,50,4,33.333333333333329,2,16.666666666666664]
[null,"A. Outcomes for learners",{"$nulls":6},13,0,0,5,38.461538461538467,4,30.76923076923077,4,30.76923076923077]
[null,"     A1. How well do learners achieve and enjoy their learning?",{"$nulls":6},12,0,0,5,41.666666666666671,4,33.333333333333329,3,25]
[null,"          A1.a) How well do learners attain their learning goals?",{"$nulls":6},12,0,0,5,41.666666666666671,2,16.666666666666664,5,41.666666666666671]
[null,"          A1.b) How well do learners progress?",{"$nulls":6},12,0,0,5,41.666666666666671,4,33.333333333333329,3,25]
[null,"     A2. How well do learners improve their economic and social well-being through learning \n     and development?",{"$nulls":6},12,2,16.666666666666664,4,33.333333333333329,4,33.333333333333329,2,16.666666666666664]
[null,"     A3. How safe do learners feel?",{"$nulls":6},12,5,41.666666666666671,7,58.333333333333336,0,0,0,0]
[null,"     A4. Are learners able to make informed choices about their own health and well being?3",{"$nulls":6},12,2,16.666666666666664,7,58.333333333333336,3,25,0,0]
[null,"     A5. How well do learners make a positive contribution to the community?3",{"$nulls":6},12,3,25,5,41.666666666666671,3,25,1,8.3333333333333321]
[null,"B. Quality of provision",{"$nulls":6},12,1,8.3333333333333321,5,41.666666666666671,6,50,0,0]
[null,"     B1. How effectively do teaching, training and assessment support learning and \n     development?",{"$nulls":6},13,0,0,7,53.846153846153847,6,46.153846153846153,0,0]
[null,"     B2. How effectively does the provision meet the needs and interests of users?",{"$nulls":6},12,3,25,5,41.666666666666671,4,33.333333333333329,0,0]
[null,"     B3. How well do partnerships with schools, employers, community groups and others \n     lead to benefits for learners?",{"$nulls":6},12,4,33.333333333333329,5,41.666666666666671,3,25,0,0]
[null,"     B4. How effective are the care, guidance and support learners receive in helping them \n     to achieve?",{"$nulls":6},12,2,16.666666666666664,4,33.333333333333329,6,50,0,0]
[null,"C. Leadership and management",{"$nulls":6},13,0,0,5,38.461538461538467,4,30.76923076923077,4,30.76923076923077]
[null,"     C1. How effectively do leaders and managers raise expectations and promote ambition \n     throughout the organisation?",{"$nulls":6},12,1,8.3333333333333321,6,50,2,16.666666666666664,3,25]
[null,"     C2. How effectively do governors and supervisory bodies provide leadership, direction \n     and challenge?3",{"$nulls":6},12,1,8.3333333333333321,5,41.666666666666671,5,41.666666666666671,1,8.3333333333333321]
[null,"    C3. How effectively does the provider promote the safeguarding of learners?",{"$nulls":6},12,4,33.333333333333329,4,33.333333333333329,4,33.333333333333329,0,0]
[null,"C4. How effectively does the provider actively promote equality and diversity,\ntackle discrimination and narrow the achievement gap?",{"$nulls":6},12,1,8.3333333333333321,4,33.333333333333329,7,58.333333333333336,0,0]
[null,"     C5. How effectively does the provider engage with users to support and promote \n     improvement?",{"$nulls":6},12,3,25,3,25,6,50,0,0]
[null,"     C6. How effectively does self-assessment improve the quality of the provision and \n     outcomes for learners?",{"$nulls":6},12,0,0,3,25,6,50,3,25]
[null,"     C7. How efficiently and effectively does the provider use its available resources to \n     secure value for money?",{"$nulls":6},12,1,8.3333333333333321,4,33.333333333333329,5,41.666666666666671,2,16.666666666666664]
[{"$nulls":12},"Source: Ofsted "]
[null,"1. Data include one pilot inspection which grades overall effectiveness, outcomes for learners, teaching and learning and leadership and management."]
[null,"2. Percentages are rounded and may not add to 100. Where the number of inspections is very small, percentages are not shown."]
[null,"3. Where applicable to the type of provision."]

{"sheet":"Table 2d","index":9,"n_rows":33,"n_cols":17,"rows_kept":33,"cut":false,"hidden":false,"merged":[[26,1,26,6],[22,1,22,6],[25,1,25,6],[24,1,24,6],[29,1,29,6],[28,1,28,6],[30,12,30,16],[4,9,4,10],[4,11,4,12],[4,13,4,14],[4,15,4,16],[27,1,27,6],[20,1,20,6],[19,1,19,6],[18,1,18,6],[17,1,17,6],[21,1,21,6],[23,1,23,6],[16,1,16,6],[11,1,11,6],[12,1,12,6],[13,1,13,6],[14,1,14,6],[15,1,15,6],[4,8,5,8],[4,2,4,6],[8,1,8,6],[9,1,9,6],[10,1,10,6],[7,1,7,6]]}
[]
[null,{"$f":"\"Table 2d: Inspection outcomes of independent specialist colleges inspected \" & IF('Table 2d'!C5=Dates1!$B$3, \"between \" & Dates1!$B$3, IF('Table 2d'!C5 = Dates1!B4, \"in \" & Dates1!B4, IF('Table 2d'!C5=Dates1!B5, \"in \" & Dates1!B5, IF('Table 2d'!C5=Dates1!B6, \"in \" & Dates1!B6, IF('Table 2d'!C5=Dates1!B7, \"in \" & Dates1!B7)))))  & \" (final)\"&CHAR(185)","v":"Table 2d: Inspection outcomes of independent specialist colleges inspected between 1 September 2011 and 31 August 2012 (final)¹"}]
[]
[]
[null,"Select period:","1 September 2011 and 31 August 2012",{"$nulls":5},"Total number inspected","Outstanding",null,"Good",null,"Satisfactory",null,"Inadequate"]
[{"$nulls":8},"Number","Number","%","Number","%","Number","%","Number","%"]
[]
[null,"Overall effectiveness",{"$nulls":6},{"$f":"J8+L8+N8+P8","v":12},{"$f":"IF($C$5=Dates1!$B$3, DataPack!$B116, IF($C$5=Dates1!$B$4, DataPack!$G116, IF($C$5=Dates1!$B$5, DataPack!$L116, IF($C$5=Dates1!$B$6, DataPack!$Q116))))","v":2},{"$f":"IF(ISERROR(100*(J8/$I8)),\"0\",(100*(J8/$I8)))","v":16.666666666666664},{"$f":"IF($C$5=Dates1!$B$3, DataPack!$C116, IF($C$5=Dates1!$B$4, DataPack!$H116, IF($C$5=Dates1!$B$5, DataPack!$M116, IF($C$5=Dates1!$B$6, DataPack!$R116))))","v":4},{"$f":"IF(ISERROR(100*(L8/$I8)),\"0\",(100*(L8/$I8)))","v":33.333333333333329},{"$f":"IF($C$5=Dates1!$B$3, DataPack!$D116, IF($C$5=Dates1!$B$4, DataPack!$I116, IF($C$5=Dates1!$B$5, DataPack!$N116, IF($C$5=Dates1!$B$6, DataPack!$S116))))","v":4},{"$f":"IF(ISERROR(100*(N8/$I8)),\"0\",(100*(N8/$I8)))","v":33.333333333333329},{"$f":"IF($C$5=Dates1!$B$3, DataPack!$E116, IF($C$5=Dates1!$B$4, DataPack!$J116, IF($C$5=Dates1!$B$5, DataPack!$O116, IF($C$5=Dates1!$B$6, DataPack!$T116))))","v":2},{"$f":"IF(ISERROR(100*(P8/$I8)),\"0\",(100*(P8/$I8)))","v":16.666666666666664}]
[null,"Capacity to improve",{"$nulls":6},12,{"$f":"IF($C$5=Dates1!$B$3, DataPack!$B117, IF($C$5=Dates1!$B$4, DataPack!$G117, IF($C$5=Dates1!$B$5, DataPack!$L117, IF($C$5=Dates1!$B$6, DataPack!$Q117))))","v":2},16.666666666666664,{"$f":"IF($C$5=Dates1!$B$3, DataPack!$C117, IF($C$5=Dates1!$B$4, DataPack!$H117, IF($C$5=Dates1!$B$5, DataPack!$M117, IF($C$5=Dates1!$B$6, DataPack!$R117))))","v":4},33.333333333333329,{"$f":"IF($C$5=Dates1!$B$3, DataPack!$D117, IF($C$5=Dates1!$B$4, DataPack!$I117, IF($C$5=Dates1!$B$5, DataPack!$N117, IF($C$5=Dates1!$B$6, DataPack!$S117))))","v":4},33.333333333333329,{"$f":"IF($C$5=Dates1!$B$3, DataPack!$E117, IF($C$5=Dates1!$B$4, DataPack!$J117, IF($C$5=Dates1!$B$5, DataPack!$O117, IF($C$5=Dates1!$B$6, DataPack!$T117))))","v":2},16.666666666666664]
[null,"A. Outcomes for learners",{"$nulls":6},12,{"$f":"IF($C$5=Dates1!$B$3, DataPack!$B118, IF($C$5=Dates1!$B$4, DataPack!$G118, IF($C$5=Dates1!$B$5, DataPack!$L118, IF($C$5=Dates1!$B$6, DataPack!$Q118))))","v":2},16.666666666666664,{"$f":"IF($C$5=Dates1!$B$3, DataPack!$C118, IF($C$5=Dates1!$B$4, DataPack!$H118, IF($C$5=Dates1!$B$5, DataPack!$M118, IF($C$5=Dates1!$B$6, DataPack!$R118))))","v":4},33.333333333333329,{"$f":"IF($C$5=Dates1!$B$3, DataPack!$D118, IF($C$5=Dates1!$B$4, DataPack!$I118, IF($C$5=Dates1!$B$5, DataPack!$N118, IF($C$5=Dates1!$B$6, DataPack!$S118))))","v":6},50,{"$f":"IF($C$5=Dates1!$B$3, DataPack!$E118, IF($C$5=Dates1!$B$4, DataPack!$J118, IF($C$5=Dates1!$B$5, DataPack!$O118, IF($C$5=Dates1!$B$6, DataPack!$T118))))","v":0},0]
[null,"     A1. How well do learners achieve and enjoy their learning?",{"$nulls":6},12,{"$f":"IF($C$5=Dates1!$B$3, DataPack!$B119, IF($C$5=Dates1!$B$4, DataPack!$G119, IF($C$5=Dates1!$B$5, DataPack!$L119, IF($C$5=Dates1!$B$6, DataPack!$Q119))))","v":2},16.666666666666664,{"$f":"IF($C$5=Dates1!$B$3, DataPack!$C119, IF($C$5=Dates1!$B$4, DataPack!$H119, IF($C$5=Dates1!$B$5, DataPack!$M119, IF($C$5=Dates1!$B$6, DataPack!$R119))))","v":4},33.333333333333329,{"$f":"IF($C$5=Dates1!$B$3, DataPack!$D119, IF($C$5=Dates1!$B$4, DataPack!$I119, IF($C$5=Dates1!$B$5, DataPack!$N119, IF($C$5=Dates1!$B$6, DataPack!$S119))))","v":6},50,{"$f":"IF($C$5=Dates1!$B$3, DataPack!$E119, IF($C$5=Dates1!$B$4, DataPack!$J119, IF($C$5=Dates1!$B$5, DataPack!$O119, IF($C$5=Dates1!$B$6, DataPack!$T119))))","v":0},0]
[null,"          A1.a) How well do learners attain their learning goals?",{"$nulls":6},12,{"$f":"IF($C$5=Dates1!$B$3, DataPack!$B120, IF($C$5=Dates1!$B$4, DataPack!$G120, IF($C$5=Dates1!$B$5, DataPack!$L120, IF($C$5=Dates1!$B$6, DataPack!$Q120))))","v":2},16.666666666666664,{"$f":"IF($C$5=Dates1!$B$3, DataPack!$C120, IF($C$5=Dates1!$B$4, DataPack!$H120, IF($C$5=Dates1!$B$5, DataPack!$M120, IF($C$5=Dates1!$B$6, DataPack!$R120))))","v":5},41.666666666666671,{"$f":"IF($C$5=Dates1!$B$3, DataPack!$D120, IF($C$5=Dates1!$B$4, DataPack!$I120, IF($C$5=Dates1!$B$5, DataPack!$N120, IF($C$5=Dates1!$B$6, DataPack!$S120))))","v":5},41.666666666666671,{"$f":"IF($C$5=Dates1!$B$3, DataPack!$E120, IF($C$5=Dates1!$B$4, DataPack!$J120, IF($C$5=Dates1!$B$5, DataPack!$O120, IF($C$5=Dates1!$B$6, DataPack!$T120))))","v":0},0]
[null,"          A1.b) How well do learners progress?",{"$nulls":6},12,{"$f":"IF($C$5=Dates1!$B$3, DataPack!$B121, IF($C$5=Dates1!$B$4, DataPack!$G121, IF($C$5=Dates1!$B$5, DataPack!$L121, IF($C$5=Dates1!$B$6, DataPack!$Q121))))","v":1},8.3333333333333321,{"$f":"IF($C$5=Dates1!$B$3, DataPack!$C121, IF($C$5=Dates1!$B$4, DataPack!$H121, IF($C$5=Dates1!$B$5, DataPack!$M121, IF($C$5=Dates1!$B$6, DataPack!$R121))))","v":5},41.666666666666671,{"$f":"IF($C$5=Dates1!$B$3, DataPack!$D121, IF($C$5=Dates1!$B$4, DataPack!$I121, IF($C$5=Dates1!$B$5, DataPack!$N121, IF($C$5=Dates1!$B$6, DataPack!$S121))))","v":6},50,{"$f":"IF($C$5=Dates1!$B$3, DataPack!$E121, IF($C$5=Dates1!$B$4, DataPack!$J121, IF($C$5=Dates1!$B$5, DataPack!$O121, IF($C$5=Dates1!$B$6, DataPack!$T121))))","v":0},0]
[null,"     A2. How well do learners improve their economic and social well-being through learning \n     and development?",{"$nulls":6},12,{"$f":"IF($C$5=Dates1!$B$3, DataPack!$B122, IF($C$5=Dates1!$B$4, DataPack!$G122, IF($C$5=Dates1!$B$5, DataPack!$L122, IF($C$5=Dates1!$B$6, DataPack!$Q122))))","v":2},16.666666666666664,{"$f":"IF($C$5=Dates1!$B$3, DataPack!$C122, IF($C$5=Dates1!$B$4, DataPack!$H122, IF($C$5=Dates1!$B$5, DataPack!$M122, IF($C$5=Dates1!$B$6, DataPack!$R122))))","v":4},33.333333333333329,{"$f":"IF($C$5=Dates1!$B$3, DataPack!$D122, IF($C$5=Dates1!$B$4, DataPack!$I122, IF($C$5=Dates1!$B$5, DataPack!$N122, IF($C$5=Dates1!$B$6, DataPack!$S122))))","v":6},50,{"$f":"IF($C$5=Dates1!$B$3, DataPack!$E122, IF($C$5=Dates1!$B$4, DataPack!$J122, IF($C$5=Dates1!$B$5, DataPack!$O122, IF($C$5=Dates1!$B$6, DataPack!$T122))))","v":0},0]
[null,"     A3. How safe do learners feel?",{"$nulls":6},12,{"$f":"IF($C$5=Dates1!$B$3, DataPack!$B123, IF($C$5=Dates1!$B$4, DataPack!$G123, IF($C$5=Dates1!$B$5, DataPack!$L123, IF($C$5=Dates1!$B$6, DataPack!$Q123))))","v":2},16.666666666666664,{"$f":"IF($C$5=Dates1!$B$3, DataPack!$C123, IF($C$5=Dates1!$B$4, DataPack!$H123, IF($C$5=Dates1!$B$5, DataPack!$M123, IF($C$5=Dates1!$B$6, DataPack!$R123))))","v":8},66.666666666666657,{"$f":"IF($C$5=Dates1!$B$3, DataPack!$D123, IF($C$5=Dates1!$B$4, DataPack!$I123, IF($C$5=Dates1!$B$5, DataPack!$N123, IF($C$5=Dates1!$B$6, DataPack!$S123))))","v":2},16.666666666666664,{"$f":"IF($C$5=Dates1!$B$3, DataPack!$E123, IF($C$5=Dates1!$B$4, DataPack!$J123, IF($C$5=Dates1!$B$5, DataPack!$O123, IF($C$5=Dates1!$B$6, DataPack!$T123))))","v":0},0]
[null,"     A4. Are learners able to make informed choices about their own health and well being?2",{"$nulls":6},12,{"$f":"IF($C$5=Dates1!$B$3, DataPack!$B124, IF($C$5=Dates1!$B$4, DataPack!$G124, IF($C$5=Dates1!$B$5, DataPack!$L124, IF($C$5=Dates1!$B$6, DataPack!$Q124))))","v":3},25,{"$f":"IF($C$5=Dates1!$B$3, DataPack!$C124, IF($C$5=Dates1!$B$4, DataPack!$H124, IF($C$5=Dates1!$B$5, DataPack!$M124, IF($C$5=Dates1!$B$6, DataPack!$R124))))","v":3},25,{"$f":"IF($C$5=Dates1!$B$3, DataPack!$D124, IF($C$5=Dates1!$B$4, DataPack!$I124, IF($C$5=Dates1!$B$5, DataPack!$N124, IF($C$5=Dates1!$B$6, DataPack!$S124))))","v":6},50,{"$f":"IF($C$5=Dates1!$B$3, DataPack!$E124, IF($C$5=Dates1!$B$4, DataPack!$J124, IF($C$5=Dates1!$B$5, DataPack!$O124, IF($C$5=Dates1!$B$6, DataPack!$T124))))","v":0},0]
[null,"     A5. How well do learners make a positive contribution to the community?2",{"$nulls":6},12,{"$f":"IF($C$5=Dates1!$B$3, DataPack!$B125, IF($C$5=Dates1!$B$4, DataPack!$G125, IF($C$5=Dates1!$B$5, DataPack!$L125, IF($C$5=Dates1!$B$6, DataPack!$Q125))))","v":5},41.666666666666671,{"$f":"IF($C$5=Dates1!$B$3, DataPack!$C125, IF($C$5=Dates1!$B$4, DataPack!$H125, IF($C$5=Dates1!$B$5, DataPack!$M125, IF($C$5=Dates1!$B$6, DataPack!$R125))))","v":3},25,{"$f":"IF($C$5=Dates1!$B$3, DataPack!$D125, IF($C$5=Dates1!$B$4, DataPack!$I125, IF($C$5=Dates1!$B$5, DataPack!$N125, IF($C$5=Dates1!$B$6, DataPack!$S125))))","v":4},33.333333333333329,{"$f":"IF($C$5=Dates1!$B$3, DataPack!$E125, IF($C$5=Dates1!$B$4, DataPack!$J125, IF($C$5=Dates1!$B$5, DataPack!$O125, IF($C$5=Dates1!$B$6, DataPack!$T125))))","v":0},0]
[null,"B. Quality of provision",{"$nulls":6},12,{"$f":"IF($C$5=Dates1!$B$3, DataPack!$B126, IF($C$5=Dates1!$B$4, DataPack!$G126, IF($C$5=Dates1!$B$5, DataPack!$L126, IF($C$5=Dates1!$B$6, DataPack!$Q126))))","v":2},16.666666666666664,{"$f":"IF($C$5=Dates1!$B$3, DataPack!$C126, IF($C$5=Dates1!$B$4, DataPack!$H126, IF($C$5=Dates1!$B$5, DataPack!$M126, IF($C$5=Dates1!$B$6, DataPack!$R126))))","v":4},33.333333333333329,{"$f":"IF($C$5=Dates1!$B$3, DataPack!$D126, IF($C$5=Dates1!$B$4, DataPack!$I126, IF($C$5=Dates1!$B$5, DataPack!$N126, IF($C$5=Dates1!$B$6, DataPack!$S126))))","v":5},41.666666666666671,{"$f":"IF($C$5=Dates1!$B$3, DataPack!$E126, IF($C$5=Dates1!$B$4, DataPack!$J126, IF($C$5=Dates1!$B$5, DataPack!$O126, IF($C$5=Dates1!$B$6, DataPack!$T126))))","v":1},8.3333333333333321]
[null,"     B1. How effectively do teaching, training and assessment support learning and \n     development?",{"$nulls":6},12,{"$f":"IF($C$5=Dates1!$B$3, DataPack!$B127, IF($C$5=Dates1!$B$4, DataPack!$G127, IF($C$5=Dates1!$B$5, DataPack!$L127, IF($C$5=Dates1!$B$6, DataPack!$Q127))))","v":0},0,{"$f":"IF($C$5=Dates1!$B$3, DataPack!$C127, IF($C$5=Dates1!$B$4, DataPack!$H127, IF($C$5=Dates1!$B$5, DataPack!$M127, IF($C$5=Dates1!$B$6, DataPack!$R127))))","v":6},50,{"$f":"IF($C$5=Dates1!$B$3, DataPack!$D127, IF($C$5=Dates1!$B$4, DataPack!$I127, IF($C$5=Dates1!$B$5, DataPack!$N127, IF($C$5=Dates1!$B$6, DataPack!$S127))))","v":5},41.666666666666671,{"$f":"IF($C$5=Dates1!$B$3, DataPack!$E127, IF($C$5=Dates1!$B$4, DataPack!$J127, IF($C$5=Dates1!$B$5, DataPack!$O127, IF($C$5=Dates1!$B$6, DataPack!$T127))))","v":1},8.3333333333333321]
[null,"     B2. How effectively does the provision meet the needs and interests of users?",{"$nulls":6},12,{"$f":"IF($C$5=Dates1!$B$3, DataPack!$B128, IF($C$5=Dates1!$B$4, DataPack!$G128, IF($C$5=Dates1!$B$5, DataPack!$L128, IF($C$5=Dates1!$B$6, DataPack!$Q128))))","v":2},16.666666666666664,{"$f":"IF($C$5=Dates1!$B$3, DataPack!$C128, IF($C$5=Dates1!$B$4, DataPack!$H128, IF($C$5=Dates1!$B$5, DataPack!$M128, IF($C$5=Dates1!$B$6, DataPack!$R128))))","v":3},25,{"$f":"IF($C$5=Dates1!$B$3, DataPack!$D128, IF($C$5=Dates1!$B$4, DataPack!$I128, IF($C$5=Dates1!$B$5, DataPack!$N128, IF($C$5=Dates1!$B$6, DataPack!$S128))))","v":7},58.333333333333336,{"$f":"IF($C$5=Dates1!$B$3, DataPack!$E128, IF($C$5=Dates1!$B$4, DataPack!$J128, IF($C$5=Dates1!$B$5, DataPack!$O128, IF($C$5=Dates1!$B$6, DataPack!$T128))))","v":0},0]
[null,"     B3. How well do partnerships with schools, employers, community groups and others \n     lead to benefits for learners?",{"$nulls":6},12,{"$f":"IF($C$5=Dates1!$B$3, DataPack!$B129, IF($C$5=Dates1!$B$4, DataPack!$G129, IF($C$5=Dates1!$B$5, DataPack!$L129, IF($C$5=Dates1!$B$6, DataPack!$Q129))))","v":3},25,{"$f":"IF($C$5=Dates1!$B$3, DataPack!$C129, IF($C$5=Dates1!$B$4, DataPack!$H129, IF($C$5=Dates1!$B$5, DataPack!$M129, IF($C$5=Dates1!$B$6, DataPack!$R129))))","v":5},41.666666666666671,{"$f":"IF($C$5=Dates1!$B$3, DataPack!$D129, IF($C$5=Dates1!$B$4, DataPack!$I129, IF($C$5=Dates1!$B$5, DataPack!$N129, IF($C$5=Dates1!$B$6, DataPack!$S129))))","v":4},33.333333333333329,{"$f":"IF($C$5=Dates1!$B$3, DataPack!$E129, IF($C$5=Dates1!$B$4, DataPack!$J129, IF($C$5=Dates1!$B$5, DataPack!$O129, IF($C$5=Dates1!$B$6, DataPack!$T129))))","v":0},0]
[null,"     B4. How effective are the care, guidance and support learners receive in helping them \n     to achieve?",{"$nulls":6},12,{"$f":"IF($C$5=Dates1!$B$3, DataPack!$B130, IF($C$5=Dates1!$B$4, DataPack!$G130, IF($C$5=Dates1!$B$5, DataPack!$L130, IF($C$5=Dates1!$B$6, DataPack!$Q130))))","v":3},25,{"$f":"IF($C$5=Dates1!$B$3, DataPack!$C130, IF($C$5=Dates1!$B$4, DataPack!$H130, IF($C$5=Dates1!$B$5, DataPack!$M130, IF($C$5=Dates1!$B$6, DataPack!$R130))))","v":7},58.333333333333336,{"$f":"IF($C$5=Dates1!$B$3, DataPack!$D130, IF($C$5=Dates1!$B$4, DataPack!$I130, IF($C$5=Dates1!$B$5, DataPack!$N130, IF($C$5=Dates1!$B$6, DataPack!$S130))))","v":2},16.666666666666664,{"$f":"IF($C$5=Dates1!$B$3, DataPack!$E130, IF($C$5=Dates1!$B$4, DataPack!$J130, IF($C$5=Dates1!$B$5, DataPack!$O130, IF($C$5=Dates1!$B$6, DataPack!$T130))))","v":0},0]
[null,"C. Leadership and management",{"$nulls":6},12,{"$f":"IF($C$5=Dates1!$B$3, DataPack!$B131, IF($C$5=Dates1!$B$4, DataPack!$G131, IF($C$5=Dates1!$B$5, DataPack!$L131, IF($C$5=Dates1!$B$6, DataPack!$Q131))))","v":2},16.666666666666664,{"$f":"IF($C$5=Dates1!$B$3, DataPack!$C131, IF($C$5=Dates1!$B$4, DataPack!$H131, IF($C$5=Dates1!$B$5, DataPack!$M131, IF($C$5=Dates1!$B$6, DataPack!$R131))))","v":4},33.333333333333329,{"$f":"IF($C$5=Dates1!$B$3, DataPack!$D131, IF($C$5=Dates1!$B$4, DataPack!$I131, IF($C$5=Dates1!$B$5, DataPack!$N131, IF($C$5=Dates1!$B$6, DataPack!$S131))))","v":4},33.333333333333329,{"$f":"IF($C$5=Dates1!$B$3, DataPack!$E131, IF($C$5=Dates1!$B$4, DataPack!$J131, IF($C$5=Dates1!$B$5, DataPack!$O131, IF($C$5=Dates1!$B$6, DataPack!$T131))))","v":2},16.666666666666664]
[null,"     C1. How effectively do leaders and managers raise expectations and promote ambition \n     throughout the organisation?",{"$nulls":6},12,{"$f":"IF($C$5=Dates1!$B$3, DataPack!$B132, IF($C$5=Dates1!$B$4, DataPack!$G132, IF($C$5=Dates1!$B$5, DataPack!$L132, IF($C$5=Dates1!$B$6, DataPack!$Q132))))","v":2},16.666666666666664,{"$f":"IF($C$5=Dates1!$B$3, DataPack!$C132, IF($C$5=Dates1!$B$4, DataPack!$H132, IF($C$5=Dates1!$B$5, DataPack!$M132, IF($C$5=Dates1!$B$6, DataPack!$R132))))","v":4},33.333333333333329,{"$f":"IF($C$5=Dates1!$B$3, DataPack!$D132, IF($C$5=Dates1!$B$4, DataPack!$I132, IF($C$5=Dates1!$B$5, DataPack!$N132, IF($C$5=Dates1!$B$6, DataPack!$S132))))","v":4},33.333333333333329,{"$f":"IF($C$5=Dates1!$B$3, DataPack!$E132, IF($C$5=Dates1!$B$4, DataPack!$J132, IF($C$5=Dates1!$B$5, DataPack!$O132, IF($C$5=Dates1!$B$6, DataPack!$T132))))","v":2},16.666666666666664]
[null,"     C2. How effectively do governors and supervisory bodies provide leadership, direction \n     and challenge?2",{"$nulls":6},12,{"$f":"IF($C$5=Dates1!$B$3, DataPack!$B133, IF($C$5=Dates1!$B$4, DataPack!$G133, IF($C$5=Dates1!$B$5, DataPack!$L133, IF($C$5=Dates1!$B$6, DataPack!$Q133))))","v":2},16.666666666666664,{"$f":"IF($C$5=Dates1!$B$3, DataPack!$C133, IF($C$5=Dates1!$B$4, DataPack!$H133, IF($C$5=Dates1!$B$5, DataPack!$M133, IF($C$5=Dates1!$B$6, DataPack!$R133))))","v":4},33.333333333333329,{"$f":"IF($C$5=Dates1!$B$3, DataPack!$D133, IF($C$5=Dates1!$B$4, DataPack!$I133, IF($C$5=Dates1!$B$5, DataPack!$N133, IF($C$5=Dates1!$B$6, DataPack!$S133))))","v":3},25,{"$f":"IF($C$5=Dates1!$B$3, DataPack!$E133, IF($C$5=Dates1!$B$4, DataPack!$J133, IF($C$5=Dates1!$B$5, DataPack!$O133, IF($C$5=Dates1!$B$6, DataPack!$T133))))","v":3},25]
[null,"    C3. How effectively does the provider promote the safeguarding of learners?",{"$nulls":6},12,{"$f":"IF($C$5=Dates1!$B$3, DataPack!$B134, IF($C$5=Dates1!$B$4, DataPack!$G134, IF($C$5=Dates1!$B$5, DataPack!$L134, IF($C$5=Dates1!$B$6, DataPack!$Q134))))","v":2},16.666666666666664,{"$f":"IF($C$5=Dates1!$B$3, DataPack!$C134, IF($C$5=Dates1!$B$4, DataPack!$H134, IF($C$5=Dates1!$B$5, DataPack!$M134, IF($C$5=Dates1!$B$6, DataPack!$R134))))","v":6},50,{"$f":"IF($C$5=Dates1!$B$3, DataPack!$D134, IF($C$5=Dates1!$B$4, DataPack!$I134, IF($C$5=Dates1!$B$5, DataPack!$N134, IF($C$5=Dates1!$B$6, DataPack!$S134))))","v":3},25,{"$f":"IF($C$5=Dates1!$B$3, DataPack!$E134, IF($C$5=Dates1!$B$4, DataPack!$J134, IF($C$5=Dates1!$B$5, DataPack!$O134, IF($C$5=Dates1!$B$6, DataPack!$T134))))","v":1},8.3333333333333321]
[null,"C4. How effectively does the provider actively promote equality and diversity,\ntackle discrimination and narrow the achievement gap?",{"$nulls":6},12,{"$f":"IF($C$5=Dates1!$B$3, DataPack!$B135, IF($C$5=Dates1!$B$4, DataPack!$G135, IF($C$5=Dates1!$B$5, DataPack!$L135, IF($C$5=Dates1!$B$6, DataPack!$Q135))))","v":0},0,{"$f":"IF($C$5=Dates1!$B$3, DataPack!$C135, IF($C$5=Dates1!$B$4, DataPack!$H135, IF($C$5=Dates1!$B$5, DataPack!$M135, IF($C$5=Dates1!$B$6, DataPack!$R135))))","v":5},41.666666666666671,{"$f":"IF($C$5=Dates1!$B$3, DataPack!$D135, IF($C$5=Dates1!$B$4, DataPack!$I135, IF($C$5=Dates1!$B$5, DataPack!$N135, IF($C$5=Dates1!$B$6, DataPack!$S135))))","v":5},41.666666666666671,{"$f":"IF($C$5=Dates1!$B$3, DataPack!$E135, IF($C$5=Dates1!$B$4, DataPack!$J135, IF($C$5=Dates1!$B$5, DataPack!$O135, IF($C$5=Dates1!$B$6, DataPack!$T135))))","v":2},16.666666666666664]
[null,"     C5. How effectively does the provider engage with users to support and promote \n     improvement?",{"$nulls":6},12,{"$f":"IF($C$5=Dates1!$B$3, DataPack!$B136, IF($C$5=Dates1!$B$4, DataPack!$G136, IF($C$5=Dates1!$B$5, DataPack!$L136, IF($C$5=Dates1!$B$6, DataPack!$Q136))))","v":3},25,{"$f":"IF($C$5=Dates1!$B$3, DataPack!$C136, IF($C$5=Dates1!$B$4, DataPack!$H136, IF($C$5=Dates1!$B$5, DataPack!$M136, IF($C$5=Dates1!$B$6, DataPack!$R136))))","v":3},25,{"$f":"IF($C$5=Dates1!$B$3, DataPack!$D136, IF($C$5=Dates1!$B$4, DataPack!$I136, IF($C$5=Dates1!$B$5, DataPack!$N136, IF($C$5=Dates1!$B$6, DataPack!$S136))))","v":6},50,{"$f":"IF($C$5=Dates1!$B$3, DataPack!$E136, IF($C$5=Dates1!$B$4, DataPack!$J136, IF($C$5=Dates1!$B$5, DataPack!$O136, IF($C$5=Dates1!$B$6, DataPack!$T136))))","v":0},0]
[null,"     C6. How effectively does self-assessment improve the quality of the provision and \n     outcomes for learners?",{"$nulls":6},12,{"$f":"IF($C$5=Dates1!$B$3, DataPack!$B137, IF($C$5=Dates1!$B$4, DataPack!$G137, IF($C$5=Dates1!$B$5, DataPack!$L137, IF($C$5=Dates1!$B$6, DataPack!$Q137))))","v":2},16.666666666666664,{"$f":"IF($C$5=Dates1!$B$3, DataPack!$C137, IF($C$5=Dates1!$B$4, DataPack!$H137, IF($C$5=Dates1!$B$5, DataPack!$M137, IF($C$5=Dates1!$B$6, DataPack!$R137))))","v":3},25,{"$f":"IF($C$5=Dates1!$B$3, DataPack!$D137, IF($C$5=Dates1!$B$4, DataPack!$I137, IF($C$5=Dates1!$B$5, DataPack!$N137, IF($C$5=Dates1!$B$6, DataPack!$S137))))","v":4},33.333333333333329,{"$f":"IF($C$5=Dates1!$B$3, DataPack!$E137, IF($C$5=Dates1!$B$4, DataPack!$J137, IF($C$5=Dates1!$B$5, DataPack!$O137, IF($C$5=Dates1!$B$6, DataPack!$T137))))","v":3},25]
[null,"     C7. How efficiently and effectively does the provider use its available resources to \n     secure value for money?",{"$nulls":6},12,{"$f":"IF($C$5=Dates1!$B$3, DataPack!$B138, IF($C$5=Dates1!$B$4, DataPack!$G138, IF($C$5=Dates1!$B$5, DataPack!$L138, IF($C$5=Dates1!$B$6, DataPack!$Q138))))","v":2},16.666666666666664,{"$f":"IF($C$5=Dates1!$B$3, DataPack!$C138, IF($C$5=Dates1!$B$4, DataPack!$H138, IF($C$5=Dates1!$B$5, DataPack!$M138, IF($C$5=Dates1!$B$6, DataPack!$R138))))","v":4},33.333333333333329,{"$f":"IF($C$5=Dates1!$B$3, DataPack!$D138, IF($C$5=Dates1!$B$4, DataPack!$I138, IF($C$5=Dates1!$B$5, DataPack!$N138, IF($C$5=Dates1!$B$6, DataPack!$S138))))","v":4},33.333333333333329,{"$f":"IF($C$5=Dates1!$B$3, DataPack!$E138, IF($C$5=Dates1!$B$4, DataPack!$J138, IF($C$5=Dates1!$B$5, DataPack!$O138, IF($C$5=Dates1!$B$6, DataPack!$T138))))","v":2},16.666666666666664]
[{"$nulls":12},"Source: Ofsted"]
[null,"1. Percentages are rounded and may not add to exactly 100. Where the number of inspections is small, percentages should be treated with caution. "]
[null,"2. Where applicable to the type of provision."]

{"sheet":"Table 2e","index":10,"n_rows":33,"n_cols":17,"rows_kept":33,"cut":false,"hidden":false,"merged":[[26,1,26,6],[27,1,27,6],[28,1,28,6],[29,1,29,6],[30,12,30,16],[20,1,20,6],[21,1,21,6],[22,1,22,6],[23,1,23,6],[24,1,24,6],[25,1,25,6],[14,1,14,6],[15,1,15,6],[16,1,16,6],[17,1,17,6],[18,1,18,6],[19,1,19,6],[8,1,8,6],[9,1,9,6],[10,1,10,6],[11,1,11,6],[12,1,12,6],[13,1,13,6],[4,8,5,8],[4,9,4,10],[4,11,4,12],[4,13,4,14],[4,15,4,16],[7,1,7,6]]}
[]
[null,"Table 2e: Inspection outcomes of higher education institutes inspected between 1 September 2011 and 31 August 2012 (final)¹"]
[null,"Inspection judgements relate to the further education provision only not providers as a whole"]
[]
[{"$nulls":8},"Total number inspected","Outstanding",null,"Good",null,"Satisfactory",null,"Inadequate"]
[{"$nulls":8},"Number","Number","%","Number","%","Number","%","Number","%"]
[]
[null,"Overall effectiveness",{"$nulls":6},7,3,42.857142857142854,3,42.857142857142854,1,14.285714285714285,0,0]
[null,"Capacity to improve",{"$nulls":6},7,2,28.571428571428569,4,57.142857142857139,1,14.285714285714285,0,0]
[null,"A. Outcomes for learners",{"$nulls":6},7,3,42.857142857142854,3,42.857142857142854,1,14.285714285714285,0,0]
[null,"     A1. How well do learners achieve and enjoy their learning?",{"$nulls":6},7,3,42.857142857142854,3,42.857142857142854,1,14.285714285714285,0,0]
[null,"          A1.a) How well do learners attain their learning goals?",{"$nulls":6},7,2,28.571428571428569,4,57.142857142857139,1,14.285714285714285,0,0]
[null,"          A1.b) How well do learners progress?",{"$nulls":6},7,3,42.857142857142854,3,42.857142857142854,1,14.285714285714285,0,0]
[null,"     A2. How well do learners improve their economic and social well-being through learning \n     and development?",{"$nulls":6},7,5,71.428571428571431,2,28.571428571428569,0,0,0,0]
[null,"     A3. How safe do learners feel?",{"$nulls":6},7,5,71.428571428571431,2,28.571428571428569,0,0,0,0]
[null,"     A4. Are learners able to make informed choices about their own health and well being?2",{"$nulls":6},2,0,0,1,50,1,50,0,0]
[null,"     A5. How well do learners make a positive contribution to the community?2",{"$nulls":6},2,1,50,1,50,0,0,0,0]
[null,"B. Quality of provision",{"$nulls":6},7,3,42.857142857142854,3,42.857142857142854,1,14.285714285714285,0,0]
[null,"     B1. How effectively do teaching, training and assessment support learning and \n     development?",{"$nulls":6},7,2,28.571428571428569,4,57.142857142857139,1,14.285714285714285,0,0]
[null,"     B2. How effectively does the provision meet the needs and interests of users?",{"$nulls":6},7,4,57.142857142857139,2,28.571428571428569,1,14.285714285714285,0,0]
[null,"     B3. How well do partnerships with schools, employers, community groups and others \n     lead to benefits for learners?",{"$nulls":6},7,5,71.428571428571431,2,28.571428571428569,0,0,0,0]
[null,"     B4. How effective are the care, guidance and support learners receive in helping them \n     to achieve?",{"$nulls":6},7,2,28.571428571428569,4,57.142857142857139,1,14.285714285714285,0,0]
[null,"C. Leadership and management",{"$nulls":6},7,1,14.285714285714285,5,71.428571428571431,1,14.285714285714285,0,0]
[null,"     C1. How effectively do leaders and managers raise expectations and promote ambition \n     throughout the organisation?",{"$nulls":6},7,3,42.857142857142854,4,57.142857142857139,0,0,0,0]
[null,"     C2. How effectively do governors and supervisory bodies provide leadership, direction \n     and challenge?2",{"$nulls":6},6,1,16.666666666666664,3,50,2,33.333333333333329,0,0]
[null,"    C3. How effectively does the provider promote the safeguarding of learners?",{"$nulls":6},7,1,14.285714285714285,3,42.857142857142854,3,42.857142857142854,0,0]
[null,"C4. How effectively does the provider actively promote equality and diversity,\ntackle discrimination and narrow the achievement gap?",{"$nulls":6},7,3,42.857142857142854,2,28.571428571428569,2,28.571428571428569,0,0]
[null,"     C5. How effectively does the provider engage with users to support and promote \n     improvement?",{"$nulls":6},7,3,42.857142857142854,2,28.571428571428569,2,28.571428571428569,0,0]
[null,"     C6. How effectively does self-assessment improve the quality of the provision and \n     outcomes for learners?",{"$nulls":6},7,0,0,5,71.428571428571431,2,28.571428571428569,0,0]
[null,"     C7. How efficiently and effectively does the provider use its available resources to \n     secure value for money?",{"$nulls":6},7,3,42.857142857142854,4,57.142857142857139,0,0,0,0]
[{"$nulls":12},"Source: Ofsted "]
[null,"1. Percentages are rounded and may not add to 100. Where the number of inspections is small, percentages should be treated with caution. "]
[null,"2. Where applicable to the type of provision."]

{"sheet":"Table 2f","index":11,"n_rows":33,"n_cols":17,"rows_kept":33,"cut":false,"hidden":false,"merged":[[26,1,26,6],[27,1,27,6],[28,1,28,6],[29,1,29,6],[30,12,30,16],[20,1,20,6],[21,1,21,6],[22,1,22,6],[23,1,23,6],[24,1,24,6],[25,1,25,6],[14,1,14,6],[15,1,15,6],[16,1,16,6],[17,1,17,6],[18,1,18,6],[19,1,19,6],[8,1,8,6],[9,1,9,6],[10,1,10,6],[11,1,11,6],[12,1,12,6],[13,1,13,6],[4,8,5,8],[4,9,4,10],[4,11,4,12],[4,13,4,14],[4,15,4,16],[7,1,7,6]]}
[]
[null,"Table 2f: Inspection outcomes of dance and drama colleges inspected between 1 September 2011 and 31 August 2012 (final)¹"]
[null,"Inspection judgements relate to the provision of the Dance and Drama Awards scheme only and not providers as a whole"]
[]
[{"$nulls":8},"Total number inspected","Outstanding",null,"Good",null,"Satisfactory",null,"Inadequate"]
[{"$nulls":8},"Number","Number","%","Number","%","Number","%","Number","%"]
[]
[null,"Overall effectiveness",{"$nulls":6},16,5,31.25,9,56.25,2,12.5,0,0]
[null,"Capacity to improve",{"$nulls":6},16,6,37.5,8,50,2,12.5,0,0]
[null,"A. Outcomes for learners",{"$nulls":6},16,6,37.5,9,56.25,1,6.25,0,0]
[null,"     A1. How well do learners achieve and enjoy their learning?",{"$nulls":6},16,6,37.5,9,56.25,1,6.25,0,0]
[null,"          A1.a) How well do learners attain their learning goals?",{"$nulls":6},16,6,37.5,9,56.25,1,6.25,0,0]
[null,"          A1.b) How well do learners progress?",{"$nulls":6},16,6,37.5,9,56.25,1,6.25,0,0]
[null,"     A2. How well do learners improve their economic and social well-being through learning \n     and development?",{"$nulls":6},16,6,37.5,9,56.25,1,6.25,0,0]
[null,"     A3. How safe do learners feel?",{"$nulls":6},16,10,62.5,5,31.25,1,6.25,0,0]
[null,"     A4. Are learners able to make informed choices about their own health and well being?2",{"$nulls":6},16,6,37.5,10,62.5,0,0,0,0]
[null,"     A5. How well do learners make a positive contribution to the community?2",{"$nulls":6},4,2,50,2,50,0,0,0,0]
[null,"B. Quality of provision",{"$nulls":6},16,6,37.5,9,56.25,1,6.25,0,0]
[null,"     B1. How effectively do teaching, training and assessment support learning and \n     development?",{"$nulls":6},16,1,6.25,14,87.5,1,6.25,0,0]
[null,"     B2. How effectively does the provision meet the needs and interests of users?",{"$nulls":6},16,7,43.75,8,50,1,6.25,0,0]
[null,"     B3. How well do partnerships with schools, employers, community groups and others \n     lead to benefits for learners?",{"$nulls":6},16,13,81.25,3,18.75,0,0,0,0]
[null,"     B4. How effective are the care, guidance and support learners receive in helping them \n     to achieve?",{"$nulls":6},16,12,75,3,18.75,1,6.25,0,0]
[null,"C. Leadership and management",{"$nulls":6},16,5,31.25,9,56.25,2,12.5,0,0]
[null,"     C1. How effectively do leaders and managers raise expectations and promote ambition \n     throughout the organisation?",{"$nulls":6},16,8,50,6,37.5,2,12.5,0,0]
[null,"     C2. How effectively do governors and supervisory bodies provide leadership, direction \n     and challenge?2",{"$nulls":6},8,4,50,4,50,0,0,0,0]
[null,"    C3. How effectively does the provider promote the safeguarding of learners?",{"$nulls":6},16,5,31.25,10,62.5,0,0,1,6.25]
[null,"C4. How effectively does the provider actively promote equality and diversity,\ntackle discrimination and narrow the achievement gap?",{"$nulls":6},16,4,25,12,75,0,0,0,0]
[null,"     C5. How effectively does the provider engage with users to support and promote \n     improvement?",{"$nulls":6},16,5,31.25,10,62.5,1,6.25,0,0]
[null,"     C6. How effectively does self-assessment improve the quality of the provision and \n     outcomes for learners?",{"$nulls":6},16,1,6.25,13,81.25,2,12.5,0,0]
[null,"     C7. How efficiently and effectively does the provider use its available resources to \n     secure value for money?",{"$nulls":6},16,6,37.5,9,56.25,1,6.25,0,0]
[{"$nulls":12},"Source: Ofsted "]
[null,"1. Percentages are rounded and may not add to 100. Where the number of inspections is small, percentages should be treated with caution. "]
[null,"2. Where applicable to the type of provision."]

{"sheet":"Table 2g","index":12,"n_rows":35,"n_cols":17,"rows_kept":35,"cut":false,"hidden":false,"merged":[[26,1,26,6],[22,1,22,6],[25,1,25,6],[24,1,24,6],[29,1,29,6],[28,1,28,6],[30,12,30,16],[4,9,4,10],[4,11,4,12],[4,13,4,14],[4,15,4,16],[27,1,27,6],[20,1,20,6],[19,1,19,6],[18,1,18,6],[17,1,17,6],[23,1,23,6],[16,1,16,6],[11,1,11,6],[12,1,12,6],[13,1,13,6],[14,1,14,6],[15,1,15,6],[4,8,5,8],[8,1,8,6],[9,1,9,6],[10,1,10,6],[7,1,7,6],[21,1,21,6]]}
[]
[null,"Table 2g: Inspection outcomes of independent learning providers inspected between 1 September 2011 and 31 August 2012 (final)¹ ² ³"]
[]
[]
[{"$nulls":8},"Total number inspected","Outstanding",null,"Good",null,"Satisfactory",null,"Inadequate"]
[{"$nulls":8},"Number","Number","%","Number","%","Number","%","Number","%"]
[]
[null,"Overall effectiveness",{"$nulls":6},128,9,7.03125,62,48.4375,44,34.375,13,10.15625]
[null,"Capacity to improve",{"$nulls":6},127,7,5.5118110236220472,60,47.244094488188978,48,37.795275590551178,12,9.4488188976377945]
[null,"A. Outcomes for learners",{"$nulls":6},128,15,11.71875,63,49.21875,41,32.03125,9,7.03125]
[null,"     A1. How well do learners achieve and enjoy their learning?",{"$nulls":6},127,17,13.385826771653544,60,47.244094488188978,41,32.283464566929133,9,7.0866141732283463]
[null,"          A1.a) How well do learners attain their learning goals?",{"$nulls":6},127,18,14.173228346456693,52,40.944881889763778,48,37.795275590551178,9,7.0866141732283463]
[null,"          A1.b) How well do learners progress?",{"$nulls":6},127,17,13.385826771653544,61,48.031496062992126,41,32.283464566929133,8,6.2992125984251963]
[null,"     A2. How well do learners improve their economic and social well-being through learning \n     and development?",{"$nulls":6},127,20,15.748031496062993,82,64.566929133858267,23,18.110236220472441,2,1.5748031496062991]
[null,"     A3. How safe do learners feel?",{"$nulls":6},127,17,13.385826771653544,79,62.204724409448822,31,24.409448818897637,0,0]
[null,"     A4. Are learners able to make informed choices about their own health and well being?4",{"$nulls":6},41,4,9.7560975609756095,24,58.536585365853654,13,31.707317073170731,0,0]
[null,"     A5. How well do learners make a positive contribution to the community?4",{"$nulls":6},37,4,10.810810810810811,24,64.86486486486487,8,21.621621621621621,1,2.7027027027027026]
[null,"B. Quality of provision",{"$nulls":6},127,9,7.0866141732283463,66,51.968503937007867,48,37.795275590551178,4,3.1496062992125982]
[null,"     B1. How effectively do teaching, training and assessment support learning and \n     development?",{"$nulls":6},128,8,6.25,64,50,52,40.625,4,3.125]
[null,"     B2. How effectively does the provision meet the needs and interests of users?",{"$nulls":6},127,23,18.110236220472441,69,54.330708661417326,33,25.984251968503933,2,1.5748031496062991]
[null,"     B3. How well do partnerships with schools, employers, community groups and others \n     lead to benefits for learners?",{"$nulls":6},127,20,15.748031496062993,72,56.69291338582677,32,25.196850393700785,3,2.3622047244094486]
[null,"     B4. How effective are the care, guidance and support learners receive in helping them \n     to achieve?",{"$nulls":6},127,13,10.236220472440944,75,59.055118110236215,35,27.559055118110237,4,3.1496062992125982]
[null,"C. Leadership and management",{"$nulls":6},128,9,7.03125,61,47.65625,47,36.71875,11,8.59375]
[null,"     C1. How effectively do leaders and managers raise expectations and promote ambition \n     throughout the organisation?",{"$nulls":6},127,23,18.110236220472441,61,48.031496062992126,35,27.559055118110237,8,6.2992125984251963]
[null,"     C2. How effectively do governors and supervisory bodies provide leadership, direction \n     and challenge?4",{"$nulls":6},32,3,9.375,16,50,12,37.5,1,3.125]
[null,"    C3. How effectively does the provider promote the safeguarding of learners?",{"$nulls":6},127,13,10.236220472440944,66,51.968503937007867,46,36.220472440944881,2,1.5748031496062991]
[null,"C4. How effectively does the provider actively promote equality and diversity,\ntackle discrimination and narrow the achievement gap?",{"$nulls":6},127,2,1.5748031496062991,53,41.732283464566926,67,52.755905511811022,5,3.9370078740157481]
[null,"     C5. How effectively does the provider engage with users to support and promote \n     improvement?",{"$nulls":6},127,10,7.8740157480314963,58,45.669291338582681,53,41.732283464566926,6,4.7244094488188972]
[null,"     C6. How effectively does self-assessment improve the quality of the provision and \n     outcomes for learners?",{"$nulls":6},127,7,5.5118110236220472,45,35.433070866141733,59,46.45669291338583,16,12.598425196850393]
[null,"     C7. How efficiently and effectively does the provider use its available resources to \n     secure value for money?",{"$nulls":6},127,17,13.385826771653544,62,48.818897637795274,41,32.283464566929133,7,5.5118110236220472]
[{"$nulls":12},"Source: Ofsted"]
[null,"1. Data include one pilot inspection which grades overall effectiveness, outcomes for learners, teaching and learning and leadership and management."]
[null,"2. Percentages are rounded and may not add to 100. Where the number of inspections is small, percentages should be treated with caution."]
[null,"3. Includes employer providers"]
[null,"4. Where applicable to the type of provision."]

{"sheet":"Table 2h","index":13,"n_rows":34,"n_cols":17,"rows_kept":34,"cut":false,"hidden":false,"merged":[[11,1,11,6],[12,1,12,6],[13,1,13,6],[8,1,8,6],[9,1,9,6],[10,1,10,6],[7,1,7,6],[14,1,14,6],[15,1,15,6],[23,1,23,6],[22,1,22,6],[21,1,21,6],[20,1,20,6],[19,1,19,6],[18,1,18,6],[17,1,17,6],[16,1,16,6],[25,1,25,6],[24,1,24,6],[29,1,29,6],[28,1,28,6],[27,1,27,6],[26,1,26,6],[4,8,5,8],[30,12,30,16],[4,9,4,10],[4,11,4,12],[4,13,4,14],[4,15,4,16]]}
[]
[null,"Table 2h: Inspection outcomes of adult and community learning providers inspected between 1 September 2011 and 31 August 2012 (final)¹ ²"]
[]
[]
[{"$nulls":8},"Total number inspected","Outstanding",null,"Good",null,"Satisfactory",null,"Inadequate"]
[{"$nulls":8},"Number","Number","%","Number","%","Number","%","Number","%"]
[]
[null,"Overall effectiveness",{"$nulls":6},63,3,4.7619047619047619,37,58.730158730158735,20,31.746031746031743,3,4.7619047619047619]
[null,"Capacity to improve",{"$nulls":6},62,3,4.838709677419355,35,56.451612903225815,20,32.258064516129032,4,6.4516129032258061]
[null,"A. Outcomes for learners",{"$nulls":6},63,3,4.7619047619047619,37,58.730158730158735,20,31.746031746031743,3,4.7619047619047619]
[null,"     A1. How well do learners achieve and enjoy their learning?",{"$nulls":6},62,3,4.838709677419355,36,58.064516129032263,20,32.258064516129032,3,4.838709677419355]
[null,"          A1.a) How well do learners attain their learning goals?",{"$nulls":6},62,4,6.4516129032258061,26,41.935483870967744,29,46.774193548387096,3,4.838709677419355]
[null,"          A1.b) How well do learners progress?",{"$nulls":6},62,2,3.225806451612903,41,66.129032258064512,15,24.193548387096776,4,6.4516129032258061]
[null,"     A2. How well do learners improve their economic and social well-being through learning \n     and development?",{"$nulls":6},62,5,8.064516129032258,46,74.193548387096769,9,14.516129032258066,2,3.225806451612903]
[null,"     A3. How safe do learners feel?",{"$nulls":6},62,6,9.67741935483871,44,70.967741935483872,12,19.35483870967742,0,0]
[null,"     A4. Are learners able to make informed choices about their own health and well being?3",{"$nulls":6},41,2,4.8780487804878048,25,60.975609756097562,14,34.146341463414636,0,0]
[null,"     A5. How well do learners make a positive contribution to the community?3",{"$nulls":6},38,6,15.789473684210526,23,60.526315789473685,9,23.684210526315788,0,0]
[null,"B. Quality of provision",{"$nulls":6},62,2,3.225806451612903,44,70.967741935483872,15,24.193548387096776,1,1.6129032258064515]
[null,"     B1. How effectively do teaching, training and assessment support learning and \n     development?",{"$nulls":6},63,1,1.5873015873015872,43,68.253968253968253,18,28.571428571428569,1,1.5873015873015872]
[null,"     B2. How effectively does the provision meet the needs and interests of users?",{"$nulls":6},62,11,17.741935483870968,36,58.064516129032263,14,22.58064516129032,1,1.6129032258064515]
[null,"     B3. How well do partnerships with schools, employers, community groups and others \n     lead to benefits for learners?",{"$nulls":6},62,14,22.58064516129032,40,64.516129032258064,8,12.903225806451612,0,0]
[null,"     B4. How effective are the care, guidance and support learners receive in helping them \n     to achieve?",{"$nulls":6},62,6,9.67741935483871,42,67.741935483870961,14,22.58064516129032,0,0]
[null,"C. Leadership and management",{"$nulls":6},63,4,6.3492063492063489,37,58.730158730158735,19,30.158730158730158,3,4.7619047619047619]
[null,"     C1. How effectively do leaders and managers raise expectations and promote ambition \n     throughout the organisation?",{"$nulls":6},62,11,17.741935483870968,30,48.387096774193552,18,29.032258064516132,3,4.838709677419355]
[null,"     C2. How effectively do governors and supervisory bodies provide leadership, direction \n     and challenge?3",{"$nulls":6},54,7,12.962962962962962,23,42.592592592592595,20,37.037037037037038,4,7.4074074074074066]
[null,"    C3. How effectively does the provider promote the safeguarding of learners?",{"$nulls":6},62,3,4.838709677419355,42,67.741935483870961,17,27.419354838709676,0,0]
[null,"C4. How effectively does the provider actively promote equality and diversity,\ntackle discrimination and narrow the achievement gap?",{"$nulls":6},62,7,11.29032258064516,33,53.225806451612897,21,33.87096774193548,1,1.6129032258064515]
[null,"     C5. How effectively does the provider engage with users to support and promote \n     improvement?",{"$nulls":6},62,4,6.4516129032258061,40,64.516129032258064,17,27.419354838709676,1,1.6129032258064515]
[null,"     C6. How effectively does self-assessment improve the quality of the provision and \n     outcomes for learners?",{"$nulls":6},62,1,1.6129032258064515,35,56.451612903225815,21,33.87096774193548,5,8.064516129032258]
[null,"     C7. How efficiently and effectively does the provider use its available resources to \n     secure value for money?",{"$nulls":6},62,6,9.67741935483871,35,56.451612903225815,18,29.032258064516132,3,4.838709677419355]
[{"$nulls":12},"Source: Ofsted "]
[null,"1. Data include one pilot inspection which grades overall effectiveness, outcomes for learners, teaching and learning and leadership and management."]
[null,"2. Percentages are rounded and may not add to 100. Where the number of inspections is small, percentages should be treated with caution."]
[null,"3. Where applicable to the type of provision."]

{"sheet":"Table 2i","index":14,"n_rows":33,"n_cols":17,"rows_kept":33,"cut":false,"hidden":false,"merged":[[26,1,26,6],[27,1,27,6],[28,1,28,6],[29,1,29,6],[30,12,30,16],[20,1,20,6],[21,1,21,6],[22,1,22,6],[23,1,23,6],[24,1,24,6],[25,1,25,6],[14,1,14,6],[15,1,15,6],[16,1,16,6],[17,1,17,6],[18,1,18,6],[19,1,19,6],[8,1,8,6],[9,1,9,6],[10,1,10,6],[11,1,11,6],[12,1,12,6],[13,1,13,6],[4,8,5,8],[4,9,4,10],[4,11,4,12],[4,13,4,14],[4,15,4,16],[7,1,7,6]]}
[]
[null,"Table 2i: Inspection outcomes of Next Step providers inspected between 1 September 2011 and 31 August 2012 (final)¹"]
[]
[]
[{"$nulls":8},"Total number inspected","Outstanding",null,"Good",null,"Satisfactory",null,"Inadequate"]
[{"$nulls":8},"Number","Number","%","Number","%","Number","%","Number","%"]
[]
[null,"Overall effectiveness",{"$nulls":6},2,0,0,2,100,0,0,0,0]
[null,"Capacity to improve",{"$nulls":6},2,0,0,2,100,0,0,0,0]
[null,"A. Outcomes for learners",{"$nulls":6},2,0,0,2,100,0,0,0,0]
[null,"     A1. How well do learners achieve and enjoy their learning?",{"$nulls":6},2,0,0,2,100,0,0,0,0]
[null,"          A1.a) How well do learners attain their learning goals?",{"$nulls":6},2,0,0,2,100,0,0,0,0]
[null,"          A1.b) How well do learners progress?",{"$nulls":6},2,0,0,2,100,0,0,0,0]
[null,"     A2. How well do learners improve their economic and social well-being through learning \n     and development?",{"$nulls":6},2,0,0,2,100,0,0,0,0]
[null,"     A3. How safe do learners feel?",{"$nulls":6},2,0,0,2,100,0,0,0,0]
[null,"     A4. Are learners able to make informed choices about their own health and well being?2",{"$nulls":6},0,0,"0",0,"0",0,"0",0,"0"]
[null,"     A5. How well do learners make a positive contribution to the community?2",{"$nulls":6},1,0,0,1,100,0,0,0,0]
[null,"B. Quality of provision",{"$nulls":6},2,0,0,2,100,0,0,0,0]
[null,"     B1. How effectively do teaching, training and assessment support learning and \n     development?",{"$nulls":6},2,0,0,2,100,0,0,0,0]
[null,"     B2. How effectively does the provision meet the needs and interests of users?",{"$nulls":6},2,0,0,2,100,0,0,0,0]
[null,"     B3. How well do partnerships with schools, employers, community groups and others \n     lead to benefits for learners?",{"$nulls":6},2,0,0,2,100,0,0,0,0]
[null,"     B4. How effective are the care, guidance and support learners receive in helping them \n     to achieve?",{"$nulls":6},2,0,0,2,100,0,0,0,0]
[null,"C. Leadership and management",{"$nulls":6},2,0,0,2,100,0,0,0,0]
[null,"     C1. How effectively do leaders and managers raise expectations and promote ambition \n     throughout the organisation?",{"$nulls":6},2,0,0,2,100,0,0,0,0]
[null,"     C2. How effectively do governors and supervisory bodies provide leadership, direction \n     and challenge?2",{"$nulls":6},0,0,"0",0,"0",0,"0",0,"0"]
[null,"    C3. How effectively does the provider promote the safeguarding of learners?",{"$nulls":6},2,0,0,2,100,0,0,0,0]
[null,"C4. How effectively does the provider actively promote equality and diversity,\ntackle discrimination and narrow the achievement gap?",{"$nulls":6},2,0,0,2,100,0,0,0,0]
[null,"     C5. How effectively does the provider engage with users to support and promote \n     improvement?",{"$nulls":6},2,0,0,2,100,0,0,0,0]
[null,"     C6. How effectively does self-assessment improve the quality of the provision and \n     outcomes for learners?",{"$nulls":6},2,0,0,1,50,1,50,0,0]
[null,"     C7. How efficiently and effectively does the provider use its available resources to \n     secure value for money?",{"$nulls":6},2,0,0,2,100,0,0,0,0]
[{"$nulls":12},"Source: Ofsted "]
[null,"1. Percentages are rounded and may not add to 100. Where the number of inspections is small, percentages should be treated with caution. "]
[null,"2. Where applicable to the type of provision."]

{"sheet":"Table 2j","index":15,"n_rows":33,"n_cols":17,"rows_kept":33,"cut":false,"hidden":false,"merged":[[11,1,11,6],[12,1,12,6],[13,1,13,6],[8,1,8,6],[9,1,9,6],[10,1,10,6],[7,1,7,6],[14,1,14,6],[15,1,15,6],[23,1,23,6],[22,1,22,6],[21,1,21,6],[20,1,20,6],[19,1,19,6],[18,1,18,6],[17,1,17,6],[16,1,16,6],[25,1,25,6],[24,1,24,6],[29,1,29,6],[28,1,28,6],[27,1,27,6],[26,1,26,6],[4,8,5,8],[30,12,30,16],[4,9,4,10],[4,11,4,12],[4,13,4,14],[4,15,4,16]]}
[]
[null,"Table 2j: Inspection outcomes of prison and young offender institutions inspected between 1 September 2011 and 31 August 2012 (final)¹"]
[]
[]
[{"$nulls":8},"Total number inspected","Outstanding",null,"Good",null,"Satisfactory",null,"Inadequate"]
[{"$nulls":8},"Number","Number","%","Number","%","Number","%","Number","%"]
[]
[null,"Overall effectiveness",{"$nulls":6},6,0,0,3,50,2,33.333333333333329,1,16.666666666666664]
[null,"Capacity to improve",{"$nulls":6},6,0,0,3,50,2,33.333333333333329,1,16.666666666666664]
[null,"A. Outcomes for learners",{"$nulls":6},6,1,16.666666666666664,3,50,2,33.333333333333329,0,0]
[null,"     A1. How well do learners achieve and enjoy their learning?",{"$nulls":6},6,1,16.666666666666664,3,50,2,33.333333333333329,0,0]
[null,"          A1.a) How well do learners attain their learning goals?",{"$nulls":6},6,1,16.666666666666664,3,50,2,33.333333333333329,0,0]
[null,"          A1.b) How well do learners progress?",{"$nulls":6},6,1,16.666666666666664,3,50,2,33.333333333333329,0,0]
[null,"     A2. How well do learners improve their economic and social well-being through learning \n     and development?",{"$nulls":6},6,1,16.666666666666664,1,16.666666666666664,4,66.666666666666657,0,0]
[null,"     A3. How safe do learners feel?",{"$nulls":6},6,0,0,4,66.666666666666657,2,33.333333333333329,0,0]
[null,"     A4. Are learners able to make informed choices about their own health and well being?2",{"$nulls":6},1,0,0,1,100,0,0,0,0]
[null,"     A5. How well do learners make a positive contribution to the community?2",{"$nulls":6},2,1,50,1,50,0,0,0,0]
[null,"B. Quality of provision",{"$nulls":6},6,0,0,3,50,3,50,0,0]
[null,"     B1. How effectively do teaching, training and assessment support learning and \n     development?",{"$nulls":6},6,0,0,2,33.333333333333329,4,66.666666666666657,0,0]
[null,"     B2. How effectively does the provision meet the needs and interests of users?",{"$nulls":6},6,0,0,3,50,2,33.333333333333329,1,16.666666666666664]
[null,"     B3. How well do partnerships with schools, employers, community groups and others \n     lead to benefits for learners?",{"$nulls":6},6,1,16.666666666666664,2,33.333333333333329,3,50,0,0]
[null,"     B4. How effective are the care, guidance and support learners receive in helping them \n     to achieve?",{"$nulls":6},6,0,0,2,33.333333333333329,4,66.666666666666657,0,0]
[null,"C. Leadership and management",{"$nulls":6},6,0,0,3,50,2,33.333333333333329,1,16.666666666666664]
[null,"     C1. How effectively do leaders and managers raise expectations and promote ambition \n     throughout the organisation?",{"$nulls":6},6,0,0,4,66.666666666666657,1,16.666666666666664,1,16.666666666666664]
[null,"     C2. How effectively do governors and supervisory bodies provide leadership, direction \n     and challenge?2",{"$nulls":6},0,0,"0",0,"0",0,"0",0,"0"]
[null,"    C3. How effectively does the provider promote the safeguarding of learners?",{"$nulls":6},6,0,0,3,50,3,50,0,0]
[null,"C4. How effectively does the provider actively promote equality and diversity,\ntackle discrimination and narrow the achievement gap?",{"$nulls":6},6,0,0,2,33.333333333333329,4,66.666666666666657,0,0]
[null,"     C5. How effectively does the provider engage with users to support and promote \n     improvement?",{"$nulls":6},6,0,0,4,66.666666666666657,1,16.666666666666664,1,16.666666666666664]
[null,"     C6. How effectively does self-assessment improve the quality of the provision and \n     outcomes for learners?",{"$nulls":6},6,0,0,2,33.333333333333329,3,50,1,16.666666666666664]
[null,"     C7. How efficiently and effectively does the provider use its available resources to \n     secure value for money?",{"$nulls":6},6,0,0,3,50,2,33.333333333333329,1,16.666666666666664]
[{"$nulls":12},"Source: Ofsted"]
[null,"1. Percentages are rounded and may not add to 100.  Where the number of inspections is small, percentages should be treated with caution. "]
[null,"2. Where applicable to the type of provision. "]

{"sheet":"Table 2k","index":16,"n_rows":33,"n_cols":17,"rows_kept":33,"cut":false,"hidden":false,"merged":[[22,1,22,6],[23,1,23,6],[24,1,24,6],[25,1,25,6],[30,12,30,16],[26,1,26,6],[27,1,27,6],[28,1,28,6],[29,1,29,6],[16,1,16,6],[17,1,17,6],[18,1,18,6],[19,1,19,6],[20,1,20,6],[21,1,21,6],[10,1,10,6],[11,1,11,6],[12,1,12,6],[13,1,13,6],[14,1,14,6],[15,1,15,6],[4,15,4,16],[7,1,7,6],[8,1,8,6],[9,1,9,6],[4,9,4,10],[4,11,4,12],[4,13,4,14],[4,8,5,8]]}
[]
[null,"Table 2k: Inspection outcomes of probation trusts inspected between 1 September 2011 and 31 August 2012 (final)¹"]
[]
[]
[{"$nulls":8},"Total number inspected","Outstanding",null,"Good",null,"Satisfactory",null,"Inadequate"]
[{"$nulls":8},"Number","Number","%","Number","%","Number","%","Number","%"]
[]
[null,"Overall effectiveness",{"$nulls":6},6,0,0,2,33.333333333333329,4,66.666666666666657,0,0]
[null,"Capacity to improve",{"$nulls":6},6,0,0,2,33.333333333333329,4,66.666666666666657,0,0]
[null,"A. Outcomes for learners",{"$nulls":6},6,0,0,2,33.333333333333329,4,66.666666666666657,0,0]
[null,"     A1. How well do learners achieve and enjoy their learning?",{"$nulls":6},6,0,0,2,33.333333333333329,4,66.666666666666657,0,0]
[null,"          A1.a) How well do learners attain their learning goals?",{"$nulls":6},6,0,0,2,33.333333333333329,3,50,1,16.666666666666664]
[null,"          A1.b) How well do learners progress?",{"$nulls":6},6,0,0,2,33.333333333333329,4,66.666666666666657,0,0]
[null,"     A2. How well do learners improve their economic and social well-being through learning \n     and development?",{"$nulls":6},6,0,0,4,66.666666666666657,2,33.333333333333329,0,0]
[null,"     A3. How safe do learners feel?",{"$nulls":6},6,0,0,2,33.333333333333329,4,66.666666666666657,0,0]
[null,"     A4. Are learners able to make informed choices about their own health and well being?2",{"$nulls":6},1,0,0,1,100,0,0,0,0]
[null,"     A5. How well do learners make a positive contribution to the community?2",{"$nulls":6},3,0,0,3,100,0,0,0,0]
[null,"B. Quality of provision",{"$nulls":6},6,0,0,3,50,2,33.333333333333329,1,16.666666666666664]
[null,"     B1. How effectively do teaching, training and assessment support learning and \n     development?",{"$nulls":6},6,0,0,4,66.666666666666657,1,16.666666666666664,1,16.666666666666664]
[null,"     B2. How effectively does the provision meet the needs and interests of users?",{"$nulls":6},6,0,0,2,33.333333333333329,3,50,1,16.666666666666664]
[null,"     B3. How well do partnerships with schools, employers, community groups and others \n     lead to benefits for learners?",{"$nulls":6},6,0,0,3,50,3,50,0,0]
[null,"     B4. How effective are the care, guidance and support learners receive in helping them \n     to achieve?",{"$nulls":6},6,0,0,4,66.666666666666657,1,16.666666666666664,1,16.666666666666664]
[null,"C. Leadership and management",{"$nulls":6},6,0,0,2,33.333333333333329,4,66.666666666666657,0,0]
[null,"     C1. How effectively do leaders and managers raise expectations and promote ambition \n     throughout the organisation?",{"$nulls":6},6,0,0,2,33.333333333333329,4,66.666666666666657,0,0]
[null,"     C2. How effectively do governors and supervisory bodies provide leadership, direction \n     and challenge?2",{"$nulls":6},0,0,"0",0,"0",0,"0",0,"0"]
[null,"    C3. How effectively does the provider promote the safeguarding of learners?",{"$nulls":6},6,0,0,0,0,6,100,0,0]
[null,"C4. How effectively does the provider actively promote equality and diversity,\ntackle discrimination and narrow the achievement gap?",{"$nulls":6},6,0,0,2,33.333333333333329,4,66.666666666666657,0,0]
[null,"     C5. How effectively does the provider engage with users to support and promote \n     improvement?",{"$nulls":6},6,0,0,3,50,3,50,0,0]
[null,"     C6. How effectively does self-assessment improve the quality of the provision and \n     outcomes for learners?",{"$nulls":6},6,0,0,0,0,3,50,3,50]
[null,"     C7. How efficiently and effectively does the provider use its available resources to \n     secure value for money?",{"$nulls":6},6,0,0,4,66.666666666666657,2,33.333333333333329,0,0]
[{"$nulls":12},"Source: Ofsted "]
[null,"1. Percentages are rounded and may not add to 100. Where the number of inspections is small, percentages should be treated with caution. "]
[null,"2. Where applicable to the type of provision. "]

{"sheet":"Table 3","index":17,"n_rows":38,"n_cols":7,"rows_kept":38,"cut":false,"hidden":false,"merged":[[47,2,47,4],[48,2,48,4],[5,1,6,1],[5,5,6,5],[39,2,39,4],[40,2,40,4],[5,2,6,4],[37,2,37,4],[37,5,37,6],[5,6,6,6],[41,2,41,4],[42,2,42,4],[43,2,43,4],[44,2,44,4],[45,2,45,4],[46,2,46,4],[49,2,49,4],[50,2,50,4],[63,2,63,4],[62,2,62,4],[51,2,51,4],[52,2,52,4],[64,2,64,4],[53,2,53,4],[54,2,54,4],[55,2,55,4],[56,2,56,4],[57,2,57,4],[58,2,58,4],[59,2,59,4],[60,2,60,4],[61,2,61,4],[75,2,75,4],[76,2,76,4],[65,2,65,4],[66,2,66,4],[67,2,67,4],[68,2,68,4],[69,2,69,4],[70,2,70,4],[71,2,71,4],[72,2,72,4],[73,2,73,4],[74,2,74,4],[87,2,87,4],[88,2,88,4],[77,2,77,4],[78,2,78,4],[79,2,79,4],[80,2,80,4],[81,2,81,4],[82,2,82,4],[95,2,95,4],[96,2,96,4],[83,2,83,4],[84,2,84,4],[85,2,85,4],[86,2,86,4],[89,2,89,4],[90,2,90,4],[91,2,91,4],[92,2,92,4],[93,2,93,4],[94,2,94,4],[111,2,111,4],[112,2,112,4],[101,2,101,4],[102,2,102,4],[103,2,103,4],[104,2,104,4],[105,2,105,4],[106,2,106,4],[107,2,107,4],[108,2,108,4],[109,2,109,4],[110,2,110,4],[97,2,97,4],[98,2,98,4],[99,2,99,4],[100,2,100,4],[123,2,123,4],[124,2,124,4],[113,2,113,4],[114,2,114,4],[115,2,115,4],[116,2,116,4],[117,2,117,4],[118,2,118,4],[119,2,119,4],[120,2,120,4],[121,2,121,4],[122,2,122,4],[135,2,135,4],[136,2,136,4],[125,2,125,4],[126,2,126,4],[127,2,127,4],[128,2,128,4],[129,2,129,4],[130,2,130,4],[143,2,143,4],[144,2,144,4],[131,2,131,4],[132,2,132,4],[133,2,133,4],[134,2,134,4],[137,2,137,4],[138,2,138,4],[139,2,139,4],[140,2,140,4],[141,2,141,4],[142,2,142,4],[159,2,159,4],[160,2,160,4],[149,2,149,4],[150,2,150,4],[151,2,151,4],[152,2,152,4],[153,2,153,4],[154,2,154,4],[155,2,155,4],[156,2,156,4],[157,2,157,4],[158,2,158,4],[145,2,145,4],[146,2,146,4],[147,2,147,4],[148,2,148,4],[171,2,171,4],[172,2,172,4],[161,2,161,4],[162,2,162,4],[163,2,163,4],[164,2,164,4],[165,2,165,4],[166,2,166,4],[167,2,167,4],[168,2,168,4],[169,2,169,4],[170,2,170,4],[183,2,183,4],[184,2,184,4],[173,2,173,4],[174,2,174,4],[175,2,175,4],[176,2,176,4],[177,2,177,4],[178,2,178,4],[191,2,191,4],[192,2,192,4],[179,2,179,4],[180,2,180,4],[181,2,181,4],[182,2,182,4],[185,2,185,4],[186,2,186,4],[187,2,187,4],[188,2,188,4],[189,2,189,4],[190,2,190,4],[207,2,207,4],[208,2,208,4],[197,2,197,4],[198,2,198,4],[199,2,199,4],[200,2,200,4],[201,2,201,4],[202,2,202,4],[203,2,203,4],[204,2,204,4],[205,2,205,4],[206,2,206,4],[193,2,193,4],[194,2,194,4],[195,2,195,4],[196,2,196,4],[219,2,219,4],[220,2,220,4],[209,2,209,4],[210,2,210,4],[211,2,211,4],[212,2,212,4],[213,2,213,4],[214,2,214,4],[215,2,215,4],[216,2,216,4],[217,2,217,4],[218,2,218,4],[231,2,231,4],[232,2,232,4],[221,2,221,4],[222,2,222,4],[223,2,223,4],[224,2,224,4],[225,2,225,4],[226,2,226,4],[239,2,239,4],[240,2,240,4],[227,2,227,4],[228,2,228,4],[229,2,229,4],[230,2,230,4],[233,2,233,4],[234,2,234,4],[235,2,235,4],[236,2,236,4],[237,2,237,4],[238,2,238,4],[255,2,255,4],[256,2,256,4],[245,2,245,4],[246,2,246,4],[247,2,247,4],[248,2,248,4],[249,2,249,4],[250,2,250,4],[251,2,251,4],[252,2,252,4],[253,2,253,4],[254,2,254,4],[241,2,241,4],[242,2,242,4],[243,2,243,4],[244,2,244,4],[267,2,267,4],[268,2,268,4],[257,2,257,4],[258,2,258,4],[259,2,259,4],[260,2,260,4],[261,2,261,4],[262,2,262,4],[263,2,263,4],[264,2,264,4],[265,2,265,4],[266,2,266,4],[279,2,279,4],[280,2,280,4],[269,2,269,4],[270,2,270,4],[271,2,271,4],[272,2,272,4],[273,2,273,4],[274,2,274,4],[287,2,287,4],[288,2,288,4],[275,2,275,4],[276,2,276,4],[277,2,277,4],[278,2,278,4],[281,2,281,4],[282,2,282,4],[283,2,283,4],[284,2,284,4],[285,2,285,4],[286,2,286,4],[303,2,303,4],[304,2,304,4],[293,2,293,4],[294,2,294,4],[295,2,295,4],[296,2,296,4],[297,2,297,4],[298,2,298,4],[299,2,299,4],[300,2,300,4],[301,2,301,4],[302,2,302,4],[289,2,289,4],[290,2,290,4],[291,2,291,4],[292,2,292,4],[315,2,315,4],[316,2,316,4],[305,2,305,4],[306,2,306,4],[307,2,307,4],[308,2,308,4],[309,2,309,4],[310,2,310,4],[311,2,311,4],[312,2,312,4],[313,2,313,4],[314,2,314,4],[327,2,327,4],[328,2,328,4],[317,2,317,4],[318,2,318,4],[319,2,319,4],[320,2,320,4],[321,2,321,4],[322,2,322,4],[335,2,335,4],[336,2,336,4],[323,2,323,4],[324,2,324,4],[325,2,325,4],[326,2,326,4],[329,2,329,4],[330,2,330,4],[331,2,331,4],[332,2,332,4],[333,2,333,4],[334,2,334,4],[351,2,351,4],[352,2,352,4],[341,2,341,4],[342,2,342,4],[343,2,343,4],[344,2,344,4],[345,2,345,4],[346,2,346,4],[347,2,347,4],[348,2,348,4],[349,2,349,4],[350,2,350,4],[337,2,337,4],[338,2,338,4],[339,2,339,4],[340,2,340,4],[363,2,363,4],[364,2,364,4],[353,2,353,4],[354,2,354,4],[355,2,355,4],[356,2,356,4],[357,2,357,4],[358,2,358,4],[359,2,359,4],[360,2,360,4],[361,2,361,4],[362,2,362,4],[375,2,375,4],[376,2,376,4],[365,2,365,4],[366,2,366,4],[367,2,367,4],[368,2,368,4],[369,2,369,4],[370,2,370,4],[383,2,383,4],[384,2,384,4],[371,2,371,4],[372,2,372,4],[373,2,373,4],[374,2,374,4],[377,2,377,4],[378,2,378,4],[379,2,379,4],[380,2,380,4],[381,2,381,4],[382,2,382,4],[399,2,399,4],[400,2,400,4],[389,2,389,4],[390,2,390,4],[391,2,391,4],[392,2,392,4],[393,2,393,4],[394,2,394,4],[395,2,395,4],[396,2,396,4],[397,2,397,4],[398,2,398,4],[385,2,385,4],[386,2,386,4],[387,2,387,4],[388,2,388,4],[411,2,411,4],[412,2,412,4],[401,2,401,4],[402,2,402,4],[403,2,403,4],[404,2,404,4],[405,2,405,4],[406,2,406,4],[407,2,407,4],[408,2,408,4],[409,2,409,4],[410,2,410,4],[423,2,423,4],[424,2,424,4],[413,2,413,4],[414,2,414,4],[415,2,415,4],[416,2,416,4],[417,2,417,4],[418,2,418,4],[431,2,431,4],[432,2,432,4],[419,2,419,4],[420,2,420,4],[421,2,421,4],[422,2,422,4],[425,2,425,4],[426,2,426,4],[427,2,427,4],[428,2,428,4],[429,2,429,4],[430,2,430,4],[447,2,447,4],[448,2,448,4],[437,2,437,4],[438,2,438,4],[439,2,439,4],[440,2,440,4],[441,2,441,4],[442,2,442,4],[443,2,443,4],[444,2,444,4],[445,2,445,4],[446,2,446,4],[433,2,433,4],[434,2,434,4],[435,2,435,4],[436,2,436,4],[459,2,459,4],[460,2,460,4],[449,2,449,4],[450,2,450,4],[451,2,451,4],[452,2,452,4],[453,2,453,4],[454,2,454,4],[455,2,455,4],[456,2,456,4],[457,2,457,4],[458,2,458,4],[471,2,471,4],[472,2,472,4],[461,2,461,4],[462,2,462,4],[463,2,463,4],[464,2,464,4],[465,2,465,4],[466,2,466,4],[479,2,479,4],[480,2,480,4],[467,2,467,4],[468,2,468,4],[469,2,469,4],[470,2,470,4],[473,2,473,4],[474,2,474,4],[475,2,475,4],[476,2,476,4],[477,2,477,4],[478,2,478,4],[495,2,495,4],[496,2,496,4],[485,2,485,4],[486,2,486,4],[487,2,487,4],[488,2,488,4],[489,2,489,4],[490,2,490,4],[491,2,491,4],[492,2,492,4],[493,2,493,4],[494,2,494,4],[481,2,481,4],[482,2,482,4],[483,2,483,4],[484,2,484,4],[507,2,507,4],[508,2,508,4],[497,2,497,4],[498,2,498,4],[499,2,499,4],[500,2,500,4],[501,2,501,4],[502,2,502,4],[503,2,503,4],[504,2,504,4],[505,2,505,4],[506,2,506,4],[519,2,519,4],[520,2,520,4],[509,2,509,4],[510,2,510,4],[511,2,511,4],[512,2,512,4],[513,2,513,4],[514,2,514,4],[527,2,527,4],[528,2,528,4],[515,2,515,4],[516,2,516,4],[517,2,517,4],[518,2,518,4],[521,2,521,4],[522,2,522,4],[523,2,523,4],[524,2,524,4],[525,2,525,4],[526,2,526,4],[543,2,543,4],[544,2,544,4],[533,2,533,4],[534,2,534,4],[535,2,535,4],[536,2,536,4],[537,2,537,4],[538,2,538,4],[539,2,539,4],[540,2,540,4],[541,2,541,4],[542,2,542,4],[529,2,529,4],[530,2,530,4],[531,2,531,4],[532,2,532,4],[570,2,570,4],[571,2,571,4],[545,2,545,4],[546,2,546,4],[547,2,547,4],[548,2,548,4],[549,2,549,4],[550,2,550,4],[551,2,551,4],[552,2,552,4],[553,2,553,4],[554,2,554,4],[561,2,561,4],[562,2,562,4],[555,2,555,4],[556,2,556,4],[557,2,557,4],[558,2,558,4],[559,2,559,4],[560,2,560,4],[574,2,574,4],[563,2,563,4],[564,2,564,4],[565,2,565,4],[566,2,566,4],[567,2,567,4],[568,2,568,4],[569,2,569,4],[572,2,572,4],[573,2,573,4]]}
[]
[null,"Table 3: Learning and skills providers judged inadequate between 1 September 2011 and 31 August 2012 (final)"]
[]
[]
[]
[null,"URN","Provider name",null,null,"Type of provider","Date of inspection"]
[]
[null,52120,null,"Hampstead Garden Suburb Institute",null,"Adult and community learning provider","2011-09-30"]
[null,58587,null,"Capital Engineering Group Holdings Ltd",null,"Independent learning provider","2011-10-07"]
[null,54472,null,"Southbank Training Limited",null,"Independent learning provider","2011-10-21"]
[null,58966,null,"Travis Perkins Plc",null,"Independent learning provider - employer","2011-11-04"]
[null,58927,null,"ISS UK Limited",null,"Independent learning provider - employer","2011-11-25"]
[null,58198,null,"Polestar UK Print Limited",null,"Independent learning provider - employer","2011-12-16"]
[null,52266,null,"HMP Dartmoor",null,"Prisons","2011-12-16"]
[null,50720,null,"Birmingham Rathbone Society",null,"Adult and community learning provider","2012-01-20"]
[null,54434,null,"Smart Training and Recruitment Limited",null,"Independent learning provider","2012-02-03"]
[null,54055,null,"RW Rechere and Associates Ltd",null,"Independent learning provider","2012-02-10"]
[null,55459,null,"Barford Education and Training (North East) Limited",null,"Independent learning provider","2012-03-16"]
[null,58992,null,"Dunelm Group Plc",null,"Independent learning provider - employer","2012-05-11"]
[null,52040,null,"Greenspring Training",null,"Adult and community learning provider","2012-05-18"]
[null,59019,null,"Rexel UK Limited",null,"Independent learning provider - employer","2012-06-29"]
[null,58193,null,"Parenta Training Limited",null,"Independent learning provider","2012-07-26"]
[null,58716,null,"Cornerstone (Leicester) Limited",null,"Independent learning provider","2012-08-09"]
[null,58991,null,"LOTA Training",null,"Independent learning provider","2012-08-24"]
[null,130699,null,"Totton College",null,"Sixth form college","2011-09-30"]
[null,130433,null,"Coulsdon Sixth Form College",null,"Sixth form college","2011-10-21"]
[null,132980,null,"Treloar College",null,"Independent specialist college","2011-11-10"]
[null,130665,null,"Sussex Coast College Hastings",null,"General further education/tertiary college","2011-11-25"]
[null,130588,null,"John Leggott Sixth Form College",null,"Sixth form college","2011-11-25"]
[null,130417,null,"Southwark College",null,"General further education/tertiary college","2011-12-09"]
[null,130486,null,"Knowsley Community College",null,"General further education/tertiary college","2012-02-10"]
[null,130621,null,"Macclesfield College",null,"General further education/tertiary college","2012-02-24"]
[null,130413,null,"Lambeth College",null,"General further education/tertiary college","2012-02-24"]
[null,130484,null,"City of Wolverhampton College",null,"General further education/tertiary college","2012-02-24"]
[null,130586,null,"Franklin College",null,"Sixth form college","2012-02-24"]
[null,50539,null,"Aspin House",null,"Independent specialist college","2012-03-22"]
[null,130813,null,"Stafford College",null,"General further education/tertiary college","2012-04-20"]
[{"$nulls":5},"Source: Ofsted"]

{"sheet":"Chart 1","index":18,"n_rows":46,"n_cols":14,"rows_kept":46,"cut":false,"hidden":false,"merged":[[3,2,3,4],[6,11,6,15],[6,1,7,1],[6,2,7,2],[6,3,6,6],[43,1,43,9]]}
[]
[null,{"$f":"\"Chart 1: Overall effectiveness of learning and skills providers inspected \" & IF('Chart 1'!$C$4=Dates1!$B$3, \"between \" & Dates1!$B$3, IF('Chart 1'!$C$4 = Dates1!B3, \"in \"&Dates1!B3, IF('Chart 1'!$C$4=Dates1!B4,\"in \"& Dates1!B4, IF('Chart 1'!$C$4=Dates1!B5,\"in \"& Dates1!B5, IF('Chart 1'!$C$4=Dates1!B6, \"in \" & Dates1!B6, IF('Chart 1'!$C$4=Dates1!B7, \"in \" & Dates1!B7)))))) & \" (final)\"&CHAR(185)&\" \"&CHAR(178)","v":"Chart 1: Overall effectiveness of learning and skills providers inspected between 1 September 2011 and 31 August 2012 (final)¹ ²"}]
[]
[null,"Select period:","1 September 2011 and 31 August 2012"]
[]
[null,"Number of providers"]
[null,null,"Total number inspected","Overall effectiveness"]
[null,null,null,"Outstanding","Good","Satisfactory","Inadequate",null,null,null,"Outstanding","Good","Satisfactory","Inadequate"]
[null,{"$f":"\"All colleges (\" & C9 & \")\"& CHAR(179)","v":"All colleges (70)³"},{"$f":"SUM(D9:G9)","v":70},{"$f":"IF($C$4=Dates1!$B$3, DataPack!$B38, IF($C$4=Dates1!$B$4, DataPack!$G38, IF($C$4=Dates1!$B$5, DataPack!$L38, IF($C$4=Dates1!$B$6, DataPack!$Q38))))","v":4},{"$f":"IF($C$4=Dates1!$B$3, DataPack!$C38, IF($C$4=Dates1!$B$4, DataPack!$H38, IF($C$4=Dates1!$B$5, DataPack!$M38, IF($C$4=Dates1!$B$6, DataPack!$R38))))","v":23},{"$f":"IF($C$4=Dates1!$B$3, DataPack!$D38, IF($C$4=Dates1!$B$4, DataPack!$I38, IF($C$4=Dates1!$B$5, DataPack!$N38, IF($C$4=Dates1!$B$6, DataPack!$S38))))","v":30},{"$f":"IF($C$4=Dates1!$B$3, DataPack!$E38, IF($C$4=Dates1!$B$4, DataPack!$J38, IF($C$4=Dates1!$B$5, DataPack!$O38, IF($C$4=Dates1!$B$6, DataPack!$T38))))","v":13},null,null,"All colleges (70)³",{"$f":"D9/C9*100","v":5.7142857142857144},{"$f":"E9/$C9*100","v":32.857142857142854},{"$f":"F9/$C9*100","v":42.857142857142854},{"$f":"G9/$C9*100","v":18.571428571428573}]
[null,{"$f":"\"GFEC/TC (\" & C10 & \")\"","v":"GFEC/TC (45)"},{"$f":"SUM(D10:G10)","v":45},{"$f":"IF($C$4=Dates1!$B$3, DataPack!$B64, IF($C$4=Dates1!$B$4, DataPack!$G64, IF($C$4=Dates1!$B$5, DataPack!$L64, IF($C$4=Dates1!$B$6, DataPack!$Q64))))","v":2},{"$f":"IF($C$4=Dates1!$B$3, DataPack!$C64, IF($C$4=Dates1!$B$4, DataPack!$H64, IF($C$4=Dates1!$B$5, DataPack!$M64, IF($C$4=Dates1!$B$6, DataPack!$R64))))","v":14},{"$f":"IF($C$4=Dates1!$B$3, DataPack!$D64, IF($C$4=Dates1!$B$4, DataPack!$I64, IF($C$4=Dates1!$B$5, DataPack!$N64, IF($C$4=Dates1!$B$6, DataPack!$S64))))","v":22},{"$f":"IF($C$4=Dates1!$B$3, DataPack!$E64, IF($C$4=Dates1!$B$4, DataPack!$J64, IF($C$4=Dates1!$B$5, DataPack!$O64, IF($C$4=Dates1!$B$6, DataPack!$T64))))","v":7},null,null,"GFEC/TC (45)",{"$f":"D10/C10*100","v":4.4444444444444446},{"$f":"E10/C10*100","v":31.111111111111111},{"$f":"F10/$C10*100","v":48.888888888888886},{"$f":"G10/$C10*100","v":15.555555555555555}]
[null,{"$f":"\"SFC (\" & C11 & \")\"","v":"SFC (13)"},13,{"$f":"IF($C$4=Dates1!$B$3, DataPack!$B90, IF($C$4=Dates1!$B$4, DataPack!$G90, IF($C$4=Dates1!$B$5, DataPack!$L90, IF($C$4=Dates1!$B$6, DataPack!$Q90))))","v":0},{"$f":"IF($C$4=Dates1!$B$3, DataPack!$C90, IF($C$4=Dates1!$B$4, DataPack!$H90, IF($C$4=Dates1!$B$5, DataPack!$M90, IF($C$4=Dates1!$B$6, DataPack!$R90))))","v":5},{"$f":"IF($C$4=Dates1!$B$3, DataPack!$D90, IF($C$4=Dates1!$B$4, DataPack!$I90, IF($C$4=Dates1!$B$5, DataPack!$N90, IF($C$4=Dates1!$B$6, DataPack!$S90))))","v":4},{"$f":"IF($C$4=Dates1!$B$3, DataPack!$E90, IF($C$4=Dates1!$B$4, DataPack!$J90, IF($C$4=Dates1!$B$5, DataPack!$O90, IF($C$4=Dates1!$B$6, DataPack!$T90))))","v":4},null,null,"SFC (13)",0,38.461538461538467,30.76923076923077,30.76923076923077]
[null,{"$f":"\"ISC (\" & C12 & \")\"","v":"ISC (12)"},12,{"$f":"IF($C$4=Dates1!$B$3, DataPack!$B116, IF($C$4=Dates1!$B$4, DataPack!$G116, IF($C$4=Dates1!$B$5, DataPack!$L116, IF($C$4=Dates1!$B$6, DataPack!$Q116))))","v":2},{"$f":"IF($C$4=Dates1!$B$3, DataPack!$C116, IF($C$4=Dates1!$B$4, DataPack!$H116, IF($C$4=Dates1!$B$5, DataPack!$M116, IF($C$4=Dates1!$B$6, DataPack!$R116))))","v":4},{"$f":"IF($C$4=Dates1!$B$3, DataPack!$D116, IF($C$4=Dates1!$B$4, DataPack!$I116, IF($C$4=Dates1!$B$5, DataPack!$N116, IF($C$4=Dates1!$B$6, DataPack!$S116))))","v":4},{"$f":"IF($C$4=Dates1!$B$3, DataPack!$E116, IF($C$4=Dates1!$B$4, DataPack!$J116, IF($C$4=Dates1!$B$5, DataPack!$O116, IF($C$4=Dates1!$B$6, DataPack!$T116))))","v":2},null,null,"ISC (12)",16.666666666666664,33.333333333333329,33.333333333333329,16.666666666666664]
[null,{"$f":"\"HEI (\" & C13 & \")\"","v":"HEI (7)"},{"$f":"SUM(D13:G13)","v":7},{"$f":"DataPack!B142","v":3},{"$f":"DataPack!C142","v":3},{"$f":"DataPack!D142","v":1},{"$f":"DataPack!E142","v":0},null,null,"HEI (7)",42.857142857142854,42.857142857142854,14.285714285714285,0]
[null,{"$f":"\"Dada (\" & C14 & \")\"","v":"Dada (16)"},{"$f":"SUM(D14:G14)","v":16},{"$f":"DataPack!B168","v":5},{"$f":"DataPack!C168","v":9},{"$f":"DataPack!D168","v":2},{"$f":"DataPack!E168","v":0},null,null,"Dada (16)",31.25,56.25,12.5,0]
[null,{"$f":"\"ILP (\" & C15 & \")\"","v":"ILP (128)"},128,{"$f":"IF($C$4=Dates1!$B$3, DataPack!$B194, IF($C$4=Dates1!$B$4, DataPack!$G194, IF($C$4=Dates1!$B$5, DataPack!$L194, IF($C$4=Dates1!$B$6, DataPack!$Q194))))","v":9},{"$f":"IF($C$4=Dates1!$B$3, DataPack!$C194, IF($C$4=Dates1!$B$4, DataPack!$H194, IF($C$4=Dates1!$B$5, DataPack!$M194, IF($C$4=Dates1!$B$6, DataPack!$R194))))","v":62},{"$f":"IF($C$4=Dates1!$B$3, DataPack!$D194, IF($C$4=Dates1!$B$4, DataPack!$I194, IF($C$4=Dates1!$B$5, DataPack!$N194, IF($C$4=Dates1!$B$6, DataPack!$S194))))","v":44},{"$f":"IF($C$4=Dates1!$B$3, DataPack!$E194, IF($C$4=Dates1!$B$4, DataPack!$J194, IF($C$4=Dates1!$B$5, DataPack!$O194, IF($C$4=Dates1!$B$6, DataPack!$T194))))","v":13},null,null,"ILP (128)",7.03125,48.4375,34.375,10.15625]
[null,{"$f":"\"ACL (\" & C16 & \")\"","v":"ACL (63)"},63,{"$f":"IF($C$4=Dates1!$B$3, DataPack!$B220, IF($C$4=Dates1!$B$4, DataPack!$G220, IF($C$4=Dates1!$B$5, DataPack!$L220, IF($C$4=Dates1!$B$6, DataPack!$Q220))))","v":3},{"$f":"IF($C$4=Dates1!$B$3, DataPack!$C220, IF($C$4=Dates1!$B$4, DataPack!$H220, IF($C$4=Dates1!$B$5, DataPack!$M220, IF($C$4=Dates1!$B$6, DataPack!$R220))))","v":37},{"$f":"IF($C$4=Dates1!$B$3, DataPack!$D220, IF($C$4=Dates1!$B$4, DataPack!$I220, IF($C$4=Dates1!$B$5, DataPack!$N220, IF($C$4=Dates1!$B$6, DataPack!$S220))))","v":20},{"$f":"IF($C$4=Dates1!$B$3, DataPack!$E220, IF($C$4=Dates1!$B$4, DataPack!$J220, IF($C$4=Dates1!$B$5, DataPack!$O220, IF($C$4=Dates1!$B$6, DataPack!$T220))))","v":3},null,null,"ACL (63)",4.7619047619047619,58.730158730158735,31.746031746031743,4.7619047619047619]
[null,{"$f":"\"Next Step (\" & C17 & \")\"","v":"Next Step (2)"},2,{"$f":"IF($C$4=Dates1!$B$3, DataPack!$B246, IF($C$4=Dates1!$B$4, DataPack!$G246, IF($C$4=Dates1!$B$5, DataPack!$L246, IF($C$4=Dates1!$B$6, DataPack!$Q246))))","v":0},{"$f":"IF($C$4=Dates1!$B$3, DataPack!$C246, IF($C$4=Dates1!$B$4, DataPack!$H246, IF($C$4=Dates1!$B$5, DataPack!$M246, IF($C$4=Dates1!$B$6, DataPack!$R246))))","v":2},{"$f":"IF($C$4=Dates1!$B$3, DataPack!$D246, IF($C$4=Dates1!$B$4, DataPack!$I246, IF($C$4=Dates1!$B$5, DataPack!$N246, IF($C$4=Dates1!$B$6, DataPack!$S246))))","v":0},{"$f":"IF($C$4=Dates1!$B$3, DataPack!$E246, IF($C$4=Dates1!$B$4, DataPack!$J246, IF($C$4=Dates1!$B$5, DataPack!$O246, IF($C$4=Dates1!$B$6, DataPack!$T246))))","v":0},null,null,"Next Step (2)",0,100,0,0]
[null,{"$f":"\"Prison/YOI (\" & C18 & \")\"&\"⁴\"","v":"Prison/YOI (6)⁴"},6,{"$f":"IF($C$4=Dates1!$B$3, DataPack!$B272, IF($C$4=Dates1!$B$4, DataPack!$G272, IF($C$4=Dates1!$B$5, DataPack!$L272, IF($C$4=Dates1!$B$6, DataPack!$Q272))))","v":0},{"$f":"IF($C$4=Dates1!$B$3, DataPack!$C272, IF($C$4=Dates1!$B$4, DataPack!$H272, IF($C$4=Dates1!$B$5, DataPack!$M272, IF($C$4=Dates1!$B$6, DataPack!$R272))))","v":3},{"$f":"IF($C$4=Dates1!$B$3, DataPack!$D272, IF($C$4=Dates1!$B$4, DataPack!$I272, IF($C$4=Dates1!$B$5, DataPack!$N272, IF($C$4=Dates1!$B$6, DataPack!$S272))))","v":2},{"$f":"IF($C$4=Dates1!$B$3, DataPack!$E272, IF($C$4=Dates1!$B$4, DataPack!$J272, IF($C$4=Dates1!$B$5, DataPack!$O272, IF($C$4=Dates1!$B$6, DataPack!$T272))))","v":1},null,null,"Prison/YOI (6)⁴",0,50,33.333333333333329,16.666666666666664]
[null,{"$f":"\"Probation (\" & C19 & \")\"","v":"Probation (6)"},6,{"$f":"IF($C$4=Dates1!$B$3, DataPack!$B298, IF($C$4=Dates1!$B$4, DataPack!$G298, IF($C$4=Dates1!$B$5, DataPack!$L298, IF($C$4=Dates1!$B$6, DataPack!$Q298))))","v":0},{"$f":"IF($C$4=Dates1!$B$3, DataPack!$C298, IF($C$4=Dates1!$B$4, DataPack!$H298, IF($C$4=Dates1!$B$5, DataPack!$M298, IF($C$4=Dates1!$B$6, DataPack!$R298))))","v":2},{"$f":"IF($C$4=Dates1!$B$3, DataPack!$D298, IF($C$4=Dates1!$B$4, DataPack!$I298, IF($C$4=Dates1!$B$5, DataPack!$N298, IF($C$4=Dates1!$B$6, DataPack!$S298))))","v":4},{"$f":"IF($C$4=Dates1!$B$3, DataPack!$E298, IF($C$4=Dates1!$B$4, DataPack!$J298, IF($C$4=Dates1!$B$5, DataPack!$O298, IF($C$4=Dates1!$B$6, DataPack!$T298))))","v":0},null,null,"Probation (6)",0,33.333333333333329,66.666666666666657,0]
[{"$nulls":6},"Source: Ofsted "]
{"$rows_empty":22}
[null,"1. Percentages are rounded and may not add to exactly 100. Percentages should be viewed with caution where the number of providers is small."]
[null,"2. GFEC/TC: general further education college/tertiary college (includes specialist further education colleges); SFC: sixth form college; ISC: independent specialist college; HEI: Further education in higher education institutions; Dada: Dance and Drama Awards Scheme; ILP: independent learning provider (includes employer providers); ACL: adult and community learning provider; YOI: young offender institution."]
[null,"3. Includes general further education college/tertiary college, sixth form college, specialist further education college and independent specialist college."]
[null,"4. Prison inspections between 1 September 2011 and 31 December 2011 only. From January 2012 Ofsted no longer awards an overall effectiveness judgement for prisons. "]

{"sheet":"Chart 2","index":19,"n_rows":38,"n_cols":15,"rows_kept":38,"cut":false,"hidden":false,"merged":[[6,11,6,15],[3,2,3,4],[14,5,14,6],[6,1,7,1],[6,2,7,2],[6,3,6,6]]}
[]
[null,{"$f":"\"Chart 2: Key inspection judgements of learning and skills providers inspected \" & IF('Chart 2'!$C$4=Dates1!$B$3, \"between \" & Dates1!$B$3, IF('Chart 2'!$C$4 = Dates1!$B$4, \"in \"&Dates1!$B$4, IF('Chart 2'!$C$4=Dates1!$B$5,\"in \"& Dates1!$B$5, IF('Chart 2'!$C$4=Dates1!$B$6,\"in \"& Dates1!$B$6, IF('Chart 2'!$C$4=Dates1!$B$7, \"in \" &Dates1!$B$7))))) & \" (final)\"&CHAR(185)&\" \"&CHAR(178)&\" \"&CHAR(179)","v":"Chart 2: Key inspection judgements of learning and skills providers inspected between 1 September 2011 and 31 August 2012 (final)¹ ² ³"}]
[]
[null,"Select period:","1 September 2011 and 31 August 2012"]
[]
[]
[null,null,"Total number inspected","All learning and skills"]
[null,null,null,"Outstanding","Good","Satisfactory","Inadequate",{"$nulls":4},"Outstanding","Good","Satisfactory","Inadequate"]
[null,{"$f":"\"Overall effectiveness (\" &C9 &\")\"","v":"Overall effectiveness (261)"},{"$f":"SUM(D9:G9)","v":261},{"$f":"IF($C$4=Dates1!$B$3, DataPack!$B12, IF($C$4=Dates1!$B$4, DataPack!$G12, IF($C$4=Dates1!$B$5, DataPack!$L12, IF($C$4=Dates1!$B$6, DataPack!$Q12))))","v":16},{"$f":"IF($C$4=Dates1!$B$3, DataPack!$C12, IF($C$4=Dates1!$B$4, DataPack!$H12, IF($C$4=Dates1!$B$5, DataPack!$M12, IF($C$4=Dates1!$B$6, DataPack!$R12))))","v":122},{"$f":"IF($C$4=Dates1!$B$3, DataPack!$D12, IF($C$4=Dates1!$B$4, DataPack!$I12, IF($C$4=Dates1!$B$5, DataPack!$N12, IF($C$4=Dates1!$B$6, DataPack!$S12))))","v":94},{"$f":"IF($C$4=Dates1!$B$3, DataPack!$E12, IF($C$4=Dates1!$B$4, DataPack!$J12, IF($C$4=Dates1!$B$5, DataPack!$O12, IF($C$4=Dates1!$B$6, DataPack!$T12))))","v":29},null,null,null,"Overall effectiveness (261)",{"$f":"D9/$C9*100","v":6.1302681992337158},{"$f":"E9/$C9*100","v":46.743295019157088},36.015325670498086,11.111111111111111]
[null,{"$f":"\"Capacity to improve (\" &C10 &\")\"","v":"Capacity to improve (256)"},256,{"$f":"IF($C$4=Dates1!$B$3, DataPack!$B13, IF($C$4=Dates1!$B$4, DataPack!$G13, IF($C$4=Dates1!$B$5, DataPack!$L13, IF($C$4=Dates1!$B$6, DataPack!$Q13))))","v":14},{"$f":"IF($C$4=Dates1!$B$3, DataPack!$C13, IF($C$4=Dates1!$B$4, DataPack!$H13, IF($C$4=Dates1!$B$5, DataPack!$M13, IF($C$4=Dates1!$B$6, DataPack!$R13))))","v":120},{"$f":"IF($C$4=Dates1!$B$3, DataPack!$D13, IF($C$4=Dates1!$B$4, DataPack!$I13, IF($C$4=Dates1!$B$5, DataPack!$N13, IF($C$4=Dates1!$B$6, DataPack!$S13))))","v":96},{"$f":"IF($C$4=Dates1!$B$3, DataPack!$E13, IF($C$4=Dates1!$B$4, DataPack!$J13, IF($C$4=Dates1!$B$5, DataPack!$O13, IF($C$4=Dates1!$B$6, DataPack!$T13))))","v":26},null,null,null,"Capacity to improve (256)",5.46875,46.875,37.5,10.15625]
[null,{"$f":"\"Outcomes for learners (\" &C11 &\")\"","v":"Outcomes for learners (261)"},261,{"$f":"IF($C$4=Dates1!$B$3, DataPack!$B14, IF($C$4=Dates1!$B$4, DataPack!$G14, IF($C$4=Dates1!$B$5, DataPack!$L14, IF($C$4=Dates1!$B$6, DataPack!$Q14))))","v":22},{"$f":"IF($C$4=Dates1!$B$3, DataPack!$C14, IF($C$4=Dates1!$B$4, DataPack!$H14, IF($C$4=Dates1!$B$5, DataPack!$M14, IF($C$4=Dates1!$B$6, DataPack!$R14))))","v":118},{"$f":"IF($C$4=Dates1!$B$3, DataPack!$D14, IF($C$4=Dates1!$B$4, DataPack!$I14, IF($C$4=Dates1!$B$5, DataPack!$N14, IF($C$4=Dates1!$B$6, DataPack!$S14))))","v":99},{"$f":"IF($C$4=Dates1!$B$3, DataPack!$E14, IF($C$4=Dates1!$B$4, DataPack!$J14, IF($C$4=Dates1!$B$5, DataPack!$O14, IF($C$4=Dates1!$B$6, DataPack!$T14))))","v":22},null,null,null,"Outcomes for learners (261)",8.4291187739463602,45.21072796934866,37.931034482758619,8.4291187739463602]
[null,{"$f":"\"Quality of provision (\" &C12 &\")\"","v":"Quality of provision (256)"},256,{"$f":"IF($C$4=Dates1!$B$3, DataPack!$B22, IF($C$4=Dates1!$B$4, DataPack!$G22, IF($C$4=Dates1!$B$5, DataPack!$L22, IF($C$4=Dates1!$B$6, DataPack!$Q22))))","v":16},{"$f":"IF($C$4=Dates1!$B$3, DataPack!$C22, IF($C$4=Dates1!$B$4, DataPack!$H22, IF($C$4=Dates1!$B$5, DataPack!$M22, IF($C$4=Dates1!$B$6, DataPack!$R22))))","v":136},{"$f":"IF($C$4=Dates1!$B$3, DataPack!$D22, IF($C$4=Dates1!$B$4, DataPack!$I22, IF($C$4=Dates1!$B$5, DataPack!$N22, IF($C$4=Dates1!$B$6, DataPack!$S22))))","v":96},{"$f":"IF($C$4=Dates1!$B$3, DataPack!$E22, IF($C$4=Dates1!$B$4, DataPack!$J22, IF($C$4=Dates1!$B$5, DataPack!$O22, IF($C$4=Dates1!$B$6, DataPack!$T22))))","v":8},null,null,null,"Quality of provision (256)",6.25,53.125,37.5,3.125]
[null,{"$f":"\"B1. How effectively do teaching, training and assessment support learning and development? (\" &C13 &\")\"","v":"B1. How effectively do teaching, training and assessment support learning and development? (261)"},261,{"$f":"IF($C$4=Dates1!$B$3, DataPack!$B23, IF($C$4=Dates1!$B$4, DataPack!$G23, IF($C$4=Dates1!$B$5, DataPack!$L23, IF($C$4=Dates1!$B$6, DataPack!$Q23))))","v":9},{"$f":"IF($C$4=Dates1!$B$3, DataPack!$C23, IF($C$4=Dates1!$B$4, DataPack!$H23, IF($C$4=Dates1!$B$5, DataPack!$M23, IF($C$4=Dates1!$B$6, DataPack!$R23))))","v":138},{"$f":"IF($C$4=Dates1!$B$3, DataPack!$D23, IF($C$4=Dates1!$B$4, DataPack!$I23, IF($C$4=Dates1!$B$5, DataPack!$N23, IF($C$4=Dates1!$B$6, DataPack!$S23))))","v":106},{"$f":"IF($C$4=Dates1!$B$3, DataPack!$E23, IF($C$4=Dates1!$B$4, DataPack!$J23, IF($C$4=Dates1!$B$5, DataPack!$O23, IF($C$4=Dates1!$B$6, DataPack!$T23))))","v":8},null,null,null,"B1. How effectively do teaching, training and assessment support learning and development? (261)",3.4482758620689653,52.873563218390807,40.61302681992337,3.0651340996168579]
[null,{"$f":"\"Leadership and management (\" &C14 &\")\"","v":"Leadership and management (261)"},261,{"$f":"IF($C$4=Dates1!$B$3, DataPack!$B27, IF($C$4=Dates1!$B$4, DataPack!$G26, IF($C$4=Dates1!$B$5, DataPack!$L26, IF($C$4=Dates1!$B$6, DataPack!$Q26))))","v":17},{"$f":"IF($C$4=Dates1!$B$3, DataPack!$C27, IF($C$4=Dates1!$B$4, DataPack!$H26, IF($C$4=Dates1!$B$5, DataPack!$M26, IF($C$4=Dates1!$B$6, DataPack!$R26))))","v":125},{"$f":"IF($C$4=Dates1!$B$3, DataPack!$D27, IF($C$4=Dates1!$B$4, DataPack!$I26, IF($C$4=Dates1!$B$5, DataPack!$N26, IF($C$4=Dates1!$B$6, DataPack!$S26))))","v":92},{"$f":"IF($C$4=Dates1!$B$3, DataPack!$E27, IF($C$4=Dates1!$B$4, DataPack!$J26, IF($C$4=Dates1!$B$5, DataPack!$O26, IF($C$4=Dates1!$B$6, DataPack!$T26))))","v":27},null,null,null,"Leadership and management (261)",6.5134099616858236,47.892720306513411,35.249042145593869,10.344827586206897]
[{"$nulls":5},"Source: Ofsted"]
{"$rows_empty":20}
[null,"1. Percentages are rounded and may not add to exactly 100. Percentages should be viewed with caution where the number of providers is small."]
[null,"2. Data include five pilot inspections which grade overall effectiveness, outcomes for learners, teaching and learning and leadership and management. "]
[null,"3. Does not include inspections of the Dance and Drama Awards scheme, further education in higher education institute inspections, prison inspections, probation trust inspections or Next Step inspections."]

{"sheet":"Chart 3","index":20,"n_rows":38,"n_cols":16,"rows_kept":38,"cut":false,"hidden":false,"merged":[[4,2,5,2],[4,3,4,6]]}
[]
[null,"Chart 3: Overall effectiveness of colleges inspected between 1 September 2005 and 31 August 2012, by academic year (final) 1 2"]
[]
[]
[null,null,"Total number inspected","Overall effectiveness"]
[null,null,null,"Outstanding","Good","Satisfactory","Inadequate",{"$nulls":5},"Outstanding","Good","Satisfactory","Inadequate"]
[null,"1 Sep 2011 - 31 Aug 2012 (70)",{"$f":"SUM(D7:G7)","v":70},4,23,30,13,{"$nulls":4},"1 Sep 2011 - 31 Aug 2012 (70)",{"$f":"D7/$C7*100","v":5.7142857142857144},{"$f":"E7/$C7*100","v":32.857142857142854},42.857142857142854,18.571428571428573]
[null,{"$f":"\"1 Sep 2010 - 31 Aug 2011 (\"&C8&\")\"& CHAR(179)","v":"1 Sep 2010 - 31 Aug 2011 (83)³"},83,5,33,41,4,{"$nulls":4},"1 Sep 2010 - 31 Aug 2011 (83)³",{"$f":"D8/$C8*100","v":6.024096385542169},39.75903614457831,49.397590361445779,4.8192771084337354]
[null,{"$f":"\"1 Sep 2009 - 31 Aug 2010  (\"&C9&\")\"","v":"1 Sep 2009 - 31 Aug 2010  (92)"},{"$f":"SUM(D9:G9)","v":92},9,43,35,5,{"$nulls":4},"1 Sep 2009 - 31 Aug 2010  (92)",9.7826086956521738,46.739130434782609,38.04347826086957,5.4347826086956523]
[null,{"$f":"\"1 Sep 2008 - 31 Aug 2009  (\"&C10&\")\"","v":"1 Sep 2008 - 31 Aug 2009  (94)"},{"$f":"SUM(D10:G10)","v":94},18,40,32,4,{"$nulls":4},"1 Sep 2008 - 31 Aug 2009  (94)",19.148936170212767,42.553191489361701,34.042553191489361,4.2553191489361701]
[null,{"$f":"\"1 Sep 2007 - 31 Aug 2008 (\"&C11&\")\"","v":"1 Sep 2007 - 31 Aug 2008 (133)"},{"$f":"SUM(D11:G11)","v":133},37,54,32,10,{"$nulls":4},"1 Sep 2007 - 31 Aug 2008 (133)",27.819548872180448,40.601503759398497,24.060150375939848,7.518796992481203]
[null,{"$f":"\"1 Sep 2006 - 31 Aug 2007 (\"&C12&\")\"","v":"1 Sep 2006 - 31 Aug 2007 (120)"},{"$f":"SUM(D12:G12)","v":120},20,49,42,9,{"$nulls":4},"1 Sep 2006 - 31 Aug 2007 (120)",16.666666666666664,40.833333333333336,35,7.5]
[null,{"$f":"\"1 Sep 2005 - 31 Aug 2006 (\"&C13&\")\"","v":"1 Sep 2005 - 31 Aug 2006 (100)"},{"$f":"SUM(D13:G13)","v":100},11,44,37,8,{"$nulls":4},"1 Sep 2005 - 31 Aug 2006 (100)",11,44,37,8]
[{"$nulls":6},"Source: Ofsted "]
{"$rows_empty":21}
[null,"1.  Percentages are rounded and may not add to exactly 100. Percentages should be viewed with caution where the number of providers is small."]
[null,"2. Includes general further education/tertiary college (including specialist further education), sixth form college and independent specialist college."]
[null,"3. Data vary slightly to that reported in previous years due to Ofsted's change in provider types. "]

{"sheet":"Chart 3a","index":21,"n_rows":37,"n_cols":17,"rows_kept":37,"cut":false,"hidden":false,"merged":[[4,2,5,2],[4,3,4,6]]}
[]
[null,"Chart 3a: Overall effectiveness of independent learning providers inspected between 1 September 2007 and 31 August 2012, by academic year (final) 1 2 3"]
[]
[]
[null,null,"Total number inspected","Overall effectiveness"]
[null,"Number of providers",null,"Outstanding","Good","Satisfactory","Inadequate",{"$nulls":6},"Outstanding","Good","Satisfactory","Inadequate"]
[null,{"$f":"\"1 Sep 2011 - 31 Aug 2012 (\"&C7&\")\"","v":"1 Sep 2011 - 31 Aug 2012 (128)"},{"$f":"SUM(D7:G7)","v":128},9,62,44,13,{"$nulls":5},"1 Sep 2011 - 31 Aug 2012 (128)",{"$f":"D7/$C7*100","v":7.03125},{"$f":"E7/$C7*100","v":48.4375},34.375,10.15625]
[null,{"$f":"\"1 Sep 2010 - 31 Aug 2011 (\"&C8&\")\"& CHAR(179)","v":"1 Sep 2010 - 31 Aug 2011 (155)³"},155,18,73,56,8,{"$nulls":5},"1 Sep 2010 - 31 Aug 2011 (155)³",{"$f":"D8/$C8*100","v":11.612903225806452},47.096774193548384,36.129032258064512,5.161290322580645]
[null,{"$f":"\"1 Sep 2009 - 31 Aug 2010 (\"&C9&\")\"& CHAR(179)","v":"1 Sep 2009 - 31 Aug 2010 (183)³"},183,11,75,82,15,{"$nulls":5},"1 Sep 2009 - 31 Aug 2010 (183)³",{"$f":"D9/$C9*100","v":6.0109289617486334},40.983606557377051,44.808743169398909,8.1967213114754092]
[null,{"$f":"\"1 Sep 2008 - 31 Aug 2009 (\"&C10&\")\"","v":"1 Sep 2008 - 31 Aug 2009 (242)"},{"$f":"SUM(D10:G10)","v":242},12,87,124,19,{"$nulls":5},"1 Sep 2008 - 31 Aug 2009 (242)",{"$f":"D10/$C10*100","v":4.9586776859504136},35.950413223140501,51.239669421487598,7.8512396694214877]
[null,{"$f":"\"1 Sep 2007 - 31 Aug 2008 (\"&C11&\")\"","v":"1 Sep 2007 - 31 Aug 2008 (221)"},{"$f":"SUM(D11:G11)","v":221},13,119,75,14,{"$nulls":5},"1 Sep 2007 - 31 Aug 2008 (221)",{"$f":"D11/$C11*100","v":5.8823529411764701},53.846153846153847,33.936651583710407,6.3348416289592757]
[{"$nulls":6},"Source: Ofsted "]
{"$rows_empty":22}
[null,"1. Percentages are rounded and may not add to exactly 100. Percentages should be viewed with caution where the number of providers is small."]
[null,"2. Includes employer providers"]
[null,"3. Data vary slightly to that reported in previous years due to Ofsted's change in provider types. "]

{"sheet":"Chart 3b","index":22,"n_rows":35,"n_cols":15,"rows_kept":35,"cut":false,"hidden":false,"merged":[[4,2,5,2],[4,3,4,6]]}
[]
[null,"Chart 3b: Overall effectiveness of adult and community learning providers inspected between 1 September 2007 and 31 August 2012, by academic year (final) 1 2"]
[]
[]
[null,null,"Total number inspected","Overall effectiveness"]
[null,"Number of providers",null,"Outstanding","Good","Satisfactory","Inadequate",{"$nulls":4},"Outstanding","Good","Satisfactory","Inadequate"]
[null,{"$f":"\"1 Sep 2011 - 31Aug 2012 (\"&C7&\")\"","v":"1 Sep 2011 - 31Aug 2012 (63)"},{"$f":"SUM(D7:G7)","v":63},3,37,20,3,null,null,null,"1 Sep 2011 - 31Aug 2012 (63)",{"$f":"D7/$C7*100","v":4.7619047619047619},{"$f":"E7/$C7*100","v":58.730158730158735},31.746031746031743,4.7619047619047619]
[null,{"$f":"\"1 Sep 2010 - 31 Aug 2011 (\"&C8&\")\"& CHAR(178)","v":"1 Sep 2010 - 31 Aug 2011 (73)²"},73,2,43,26,2,null,null,null,"1 Sep 2010 - 31 Aug 2011 (73)³",{"$f":"D8/$C8*100","v":2.7397260273972601},58.904109589041099,35.61643835616438,2.7397260273972601]
[null,{"$f":"\"1 Sep 2009 - 31 Aug 2010 (\"&C9&\")\"& CHAR(178)","v":"1 Sep 2009 - 31 Aug 2010 (69)²"},69,0,44,20,5,null,null,null,"1 Sep 2009 - 31 Aug 2010 (69)³",{"$f":"D9/$C9*100","v":0},63.768115942028977,28.985507246376812,7.2463768115942031]
[null,{"$f":"\"1 Sep 2008 - 31 Aug 2009 (\"&C10&\")\"","v":"1 Sep 2008 - 31 Aug 2009 (68)"},{"$f":"SUM(D10:G10)","v":68},4,30,32,2,null,null,null,"1 Sep 2008 - 31 Aug 2009 (68)",{"$f":"D10/$C10*100","v":5.8823529411764701},44.117647058823529,47.058823529411761,2.9411764705882351]
[null,{"$f":"\"1 Sep 2007 - 31 Aug 2008 (\"&C11&\")\"","v":"1 Sep 2007 - 31 Aug 2008 (49)"},{"$f":"SUM(D11:G11)","v":49},3,17,22,7,null,null,null,"1 Sep 2007 - 31 Aug 2008 (49)",{"$f":"D11/$C11*100","v":6.1224489795918364},34.693877551020407,44.897959183673471,14.285714285714285]
[{"$nulls":6},"Source: Ofsted "]
{"$rows_empty":21}
[null,"1. Percentages are rounded and may not add to exactly 100. Percentages should be viewed with caution where the number of providers is small."]
[null,"2. Data vary slightly to that reported in previous years due to Ofsted's change in provider types. "]

{"sheet":"Chart 4","index":23,"n_rows":37,"n_cols":16,"rows_kept":37,"cut":false,"hidden":false,"merged":[[4,2,5,2],[4,3,4,6]]}
[]
[null,"Chart 4: Overall effectiveness of learning and skills providers inspected at 31 August 2012 1 2 "]
[]
[]
[null,null,"Total number inspected","Overall effectiveness"]
[null,"Number of providers",null,"Outstanding","Good","Satisfactory","Inadequate",{"$nulls":5},"Outstanding","Good","Satisfactory","Inadequate"]
[null,{"$f":"\"All college (\"&C7&\")\"& CHAR(178)","v":"All college (386)²"},386,81,170,121,14,{"$nulls":4},"All college (386)²",20.984455958549223,44.041450777202073,31.347150259067359,3.6269430051813467]
[null,{"$f":"\"General further education college/tertiary college (\"&C8&\")\"","v":"General further education college/tertiary college (243)"},243,41,111,83,8,{"$nulls":4},"General further education college/tertiary college (243)",16.872427983539097,45.679012345679013,34.156378600823047,3.2921810699588478]
[null,{"$f":"\"Sixth form college (\"&C9&\")\"","v":"Sixth form college (92)"},92,33,33,22,4,{"$nulls":4},"Sixth form college (92)",35.869565217391305,35.869565217391305,23.913043478260871,4.3478260869565215]
[null,{"$f":"\"Independent specialist college (\"&C10&\")\"","v":"Independent specialist college (51)"},51,7,26,16,2,{"$nulls":4},"Independent specialist college (51)",13.725490196078432,50.980392156862742,31.372549019607842,3.9215686274509802]
[null,{"$f":"\"Independent learning provider (\"&C11&\")\"","v":"Independent learning provider (481)"},481,58,237,169,17,{"$nulls":4},"Independent learning provider (481)",12.058212058212058,49.272349272349274,35.135135135135137,3.5343035343035343]
[null,{"$f":"\"Adult and community learning provider (\"&C12&\")\"","v":"Adult and community learning provider (263)"},263,12,167,81,3,{"$nulls":4},"Adult and community learning provider (263)",4.5627376425855513,63.49809885931559,30.798479087452474,1.1406844106463878]
[{"$nulls":6},"Source: Ofsted"]
{"$rows_empty":22}
[null,"1. Percentages are rounded and may not add to exactly 100. Percentages should be viewed with caution where the number of providers is small."]
[null,"2. Includes general further education college/tertiary college, sixth form college, specialist further education college and independent specialist college."]

{"sheet":"Chart 5","index":24,"n_rows":34,"n_cols":17,"rows_kept":34,"cut":false,"hidden":false,"merged":[[4,2,5,2],[4,3,4,6],[33,1,34,11]]}
[]
[null,"Chart 5:  Most recent overall effectiveness of learning and skills providers inspected at 31 August 2012 compared to the most recent overall effectiveness at 31 August 2011 "]
[null,"and 31 August 2010 (final) 1 2"]
[]
[null,null,"Total number inspected","Overall effectiveness"]
[null,null,null,"Outstanding","Good","Satisfactory","Inadequate",{"$nulls":6},"Outstanding","Good","Satisfactory","Inadequate"]
[null,"31 Aug 2012 (1,130)",1130,151,574,371,34,{"$nulls":5},"31 Aug 2012 (1,130)",13.362831858407079,50.796460176991154,32.831858407079643,3.0088495575221237]
[null,"31 Aug 2011 (1,313)",1313,160,665,466,22,{"$nulls":5},"31 Aug 2011 (1,313)",12.185833968012187,50.64737242955065,35.491241431835491,1.6755521706016754]
[null,"31 Aug 2010 (1,253)",1253,134,613,475,31,{"$nulls":5},"31 Aug 2010 (1,253)",10.694333599361533,48.922585794094175,37.909018355945726,2.4740622505985637]
[{"$nulls":6},"Source: Ofsted"]
{"$rows_empty":22}
[null,"1. Percentages are rounded and may not add to exactly 100."]
[null,"2. Includes general further education/tertiary college (including specialist further education college), sixth form college, independent specialist college, independent learning provider (including employer provider), and adult and community learning provider. "]